          <idle>-0     [011] d.h.   321.769091: xhci_inc_deq: CTRL 000000007ca719db: enq 0x00000000fffcb090(0x00000000fffcb000) deq 0x00000000fffcb070(0x00000000fffcb000) segs 2 stream 0 free_trbs 507 bounce 0 cycle 1
          <idle>-0     [011] d.h.   321.769092: xhci_inc_deq: CTRL 000000007ca719db: enq 0x00000000fffcb090(0x00000000fffcb000) deq 0x00000000fffcb080(0x00000000fffcb000) segs 2 stream 0 free_trbs 508 bounce 0 cycle 1
          <idle>-0     [011] d.h.   321.769092: xhci_inc_deq: CTRL 000000007ca719db: enq 0x00000000fffcb090(0x00000000fffcb000) deq 0x00000000fffcb090(0x00000000fffcb000) segs 2 stream 0 free_trbs 509 bounce 0 cycle 1
          <idle>-0     [011] d.h.   321.769093: xhci_urb_giveback: ep0out-control: urb 0000000094495b18 pipe 2147486080 slot 8 length 9/9 sgs 0/0 stream 0 flags 00110200
          <idle>-0     [011] dNh.   321.769097: xhci_inc_deq: EVENT 000000009d5b53db: enq 0x00000000ffffc000(0x00000000ffffc000) deq 0x00000000ffffcde0(0x00000000ffffc000) segs 1 stream 0 free_trbs 254 bounce 0 cycle 0
    kworker/11:2-191   [011] ....   321.769108: xhci_urb_enqueue: ep0out-control: urb 0000000094495b18 pipe 2147486080 slot 8 length 0/253 sgs 0/0 stream 0 flags 00110200
    kworker/11:2-191   [011] d...   321.769109: xhci_queue_trb: CTRL: bRequestType 80 bRequest 06 wValue 0200 wIndex 0000 wLength 253 length 8 TD size 0 intr 0 type 'Setup Stage' flags I:i:c
    kworker/11:2-191   [011] d...   321.769109: xhci_inc_enq: CTRL 000000007ca719db: enq 0x00000000fffcb0a0(0x00000000fffcb000) deq 0x00000000fffcb090(0x00000000fffcb000) segs 2 stream 0 free_trbs 508 bounce 0 cycle 1
    kworker/11:2-191   [011] d...   321.769110: xhci_queue_trb: CTRL: Buffer 00000000fffdcd00 length 253 TD size 0 intr 0 type 'Data Stage' flags i:i:c:s:I:e:C
    kworker/11:2-191   [011] d...   321.769110: xhci_inc_enq: CTRL 000000007ca719db: enq 0x00000000fffcb0b0(0x00000000fffcb000) deq 0x00000000fffcb090(0x00000000fffcb000) segs 2 stream 0 free_trbs 507 bounce 0 cycle 1
    kworker/11:2-191   [011] d...   321.769110: xhci_queue_trb: CTRL: Buffer 0000000000000000 length 0 TD size 0 intr 0 type 'Status Stage' flags I:c:e:C
    kworker/11:2-191   [011] d...   321.769110: xhci_inc_enq: CTRL 000000007ca719db: enq 0x00000000fffcb0c0(0x00000000fffcb000) deq 0x00000000fffcb090(0x00000000fffcb000) segs 2 stream 0 free_trbs 506 bounce 0 cycle 1
          <idle>-0     [011] d.h.   321.769476: xhci_handle_event: EVENT: TRB 00000000fffcb0b0 status 'Success' len 0 slot 8 ep 1 type 'Transfer Event' flags e:c
          <idle>-0     [011] d.h.   321.769477: xhci_handle_transfer: CTRL: Buffer 0000000000000000 length 0 TD size 0 intr 0 type 'Status Stage' flags I:c:e:C
          <idle>-0     [011] d.h.   321.769478: xhci_inc_deq: CTRL 000000007ca719db: enq 0x00000000fffcb0c0(0x00000000fffcb000) deq 0x00000000fffcb0a0(0x00000000fffcb000) segs 2 stream 0 free_trbs 507 bounce 0 cycle 1
          <idle>-0     [011] d.h.   321.769478: xhci_inc_deq: CTRL 000000007ca719db: enq 0x00000000fffcb0c0(0x00000000fffcb000) deq 0x00000000fffcb0b0(0x00000000fffcb000) segs 2 stream 0 free_trbs 508 bounce 0 cycle 1
          <idle>-0     [011] d.h.   321.769479: xhci_inc_deq: CTRL 000000007ca719db: enq 0x00000000fffcb0c0(0x00000000fffcb000) deq 0x00000000fffcb0c0(0x00000000fffcb000) segs 2 stream 0 free_trbs 509 bounce 0 cycle 1
          <idle>-0     [011] d.h.   321.769479: xhci_urb_giveback: ep0out-control: urb 0000000094495b18 pipe 2147486080 slot 8 length 253/253 sgs 0/0 stream 0 flags 00110200
          <idle>-0     [011] dNh.   321.769484: xhci_inc_deq: EVENT 000000009d5b53db: enq 0x00000000ffffc000(0x00000000ffffc000) deq 0x00000000ffffcdf0(0x00000000ffffc000) segs 1 stream 0 free_trbs 254 bounce 0 cycle 0
    kworker/11:2-191   [011] ....   321.769512: xhci_urb_enqueue: ep0out-control: urb 0000000094495b18 pipe 2147486080 slot 8 length 0/255 sgs 0/0 stream 0 flags 00110200
    kworker/11:2-191   [011] d...   321.769514: xhci_queue_trb: CTRL: bRequestType 80 bRequest 06 wValue 0300 wIndex 0000 wLength 255 length 8 TD size 0 intr 0 type 'Setup Stage' flags I:i:c
    kworker/11:2-191   [011] d...   321.769514: xhci_inc_enq: CTRL 000000007ca719db: enq 0x00000000fffcb0d0(0x00000000fffcb000) deq 0x00000000fffcb0c0(0x00000000fffcb000) segs 2 stream 0 free_trbs 508 bounce 0 cycle 1
    kworker/11:2-191   [011] d...   321.769514: xhci_queue_trb: CTRL: Buffer 00000000ffefcc00 length 255 TD size 0 intr 0 type 'Data Stage' flags i:i:c:s:I:e:C
    kworker/11:2-191   [011] d...   321.769514: xhci_inc_enq: CTRL 000000007ca719db: enq 0x00000000fffcb0e0(0x00000000fffcb000) deq 0x00000000fffcb0c0(0x00000000fffcb000) segs 2 stream 0 free_trbs 507 bounce 0 cycle 1
    kworker/11:2-191   [011] d...   321.769515: xhci_queue_trb: CTRL: Buffer 0000000000000000 length 0 TD size 0 intr 0 type 'Status Stage' flags I:c:e:C
    kworker/11:2-191   [011] d...   321.769515: xhci_inc_enq: CTRL 000000007ca719db: enq 0x00000000fffcb0f0(0x00000000fffcb000) deq 0x00000000fffcb0c0(0x00000000fffcb000) segs 2 stream 0 free_trbs 506 bounce 0 cycle 1
          <idle>-0     [011] d.h.   321.769600: xhci_handle_event: EVENT: TRB 00000000fffcb0d0 status 'Short Packet' len 251 slot 8 ep 1 type 'Transfer Event' flags e:c
          <idle>-0     [011] d.h.   321.769601: xhci_handle_transfer: CTRL: Buffer 00000000ffefcc00 length 255 TD size 0 intr 0 type 'Data Stage' flags i:i:c:s:I:e:C
          <idle>-0     [011] d.h.   321.769606: xhci_inc_deq: EVENT 000000009d5b53db: enq 0x00000000ffffc000(0x00000000ffffc000) deq 0x00000000ffffce00(0x00000000ffffc000) segs 1 stream 0 free_trbs 254 bounce 0 cycle 0
          <idle>-0     [011] d.h.   321.769606: xhci_handle_event: EVENT: TRB 00000000fffcb0e0 status 'Success' len 0 slot 8 ep 1 type 'Transfer Event' flags e:c
          <idle>-0     [011] d.h.   321.769606: xhci_handle_transfer: CTRL: Buffer 0000000000000000 length 0 TD size 0 intr 0 type 'Status Stage' flags I:c:e:C
          <idle>-0     [011] d.h.   321.769607: xhci_inc_deq: CTRL 000000007ca719db: enq 0x00000000fffcb0f0(0x00000000fffcb000) deq 0x00000000fffcb0d0(0x00000000fffcb000) segs 2 stream 0 free_trbs 507 bounce 0 cycle 1
          <idle>-0     [011] d.h.   321.769607: xhci_inc_deq: CTRL 000000007ca719db: enq 0x00000000fffcb0f0(0x00000000fffcb000) deq 0x00000000fffcb0e0(0x00000000fffcb000) segs 2 stream 0 free_trbs 508 bounce 0 cycle 1
          <idle>-0     [011] d.h.   321.769607: xhci_inc_deq: CTRL 000000007ca719db: enq 0x00000000fffcb0f0(0x00000000fffcb000) deq 0x00000000fffcb0f0(0x00000000fffcb000) segs 2 stream 0 free_trbs 509 bounce 0 cycle 1
          <idle>-0     [011] d.h.   321.769608: xhci_urb_giveback: ep0out-control: urb 0000000094495b18 pipe 2147486080 slot 8 length 4/255 sgs 0/0 stream 0 flags 00110200
          <idle>-0     [011] dNh.   321.769612: xhci_inc_deq: EVENT 000000009d5b53db: enq 0x00000000ffffc000(0x00000000ffffc000) deq 0x00000000ffffce10(0x00000000ffffc000) segs 1 stream 0 free_trbs 254 bounce 0 cycle 0
    kworker/11:2-191   [011] ....   321.769623: xhci_urb_enqueue: ep0out-control: urb 0000000094495b18 pipe 2147486080 slot 8 length 0/255 sgs 0/0 stream 0 flags 00110200
    kworker/11:2-191   [011] d...   321.769625: xhci_queue_trb: CTRL: bRequestType 80 bRequest 06 wValue 0301 wIndex 0409 wLength 255 length 8 TD size 0 intr 0 type 'Setup Stage' flags I:i:c
    kworker/11:2-191   [011] d...   321.769625: xhci_inc_enq: CTRL 000000007ca719db: enq 0x00000000fffcb100(0x00000000fffcb000) deq 0x00000000fffcb0f0(0x00000000fffcb000) segs 2 stream 0 free_trbs 508 bounce 0 cycle 1
    kworker/11:2-191   [011] d...   321.769625: xhci_queue_trb: CTRL: Buffer 00000000fffaac00 length 255 TD size 0 intr 0 type 'Data Stage' flags i:i:c:s:I:e:C
    kworker/11:2-191   [011] d...   321.769626: xhci_inc_enq: CTRL 000000007ca719db: enq 0x00000000fffcb110(0x00000000fffcb000) deq 0x00000000fffcb0f0(0x00000000fffcb000) segs 2 stream 0 free_trbs 507 bounce 0 cycle 1
    kworker/11:2-191   [011] d...   321.769626: xhci_queue_trb: CTRL: Buffer 0000000000000000 length 0 TD size 0 intr 0 type 'Status Stage' flags I:c:e:C
    kworker/11:2-191   [011] d...   321.769626: xhci_inc_enq: CTRL 000000007ca719db: enq 0x00000000fffcb120(0x00000000fffcb000) deq 0x00000000fffcb0f0(0x00000000fffcb000) segs 2 stream 0 free_trbs 506 bounce 0 cycle 1
          <idle>-0     [011] d.h.   321.769754: xhci_handle_event: EVENT: TRB 00000000fffcb100 status 'Short Packet' len 199 slot 8 ep 1 type 'Transfer Event' flags e:c
          <idle>-0     [011] d.h.   321.769756: xhci_handle_transfer: CTRL: Buffer 00000000fffaac00 length 255 TD size 0 intr 0 type 'Data Stage' flags i:i:c:s:I:e:C
          <idle>-0     [011] d.h.   321.769760: xhci_inc_deq: EVENT 000000009d5b53db: enq 0x00000000ffffc000(0x00000000ffffc000) deq 0x00000000ffffce20(0x00000000ffffc000) segs 1 stream 0 free_trbs 254 bounce 0 cycle 0
          <idle>-0     [011] d.h.   321.769760: xhci_handle_event: EVENT: TRB 00000000fffcb110 status 'Success' len 0 slot 8 ep 1 type 'Transfer Event' flags e:c
          <idle>-0     [011] d.h.   321.769761: xhci_handle_transfer: CTRL: Buffer 0000000000000000 length 0 TD size 0 intr 0 type 'Status Stage' flags I:c:e:C
          <idle>-0     [011] d.h.   321.769762: xhci_inc_deq: CTRL 000000007ca719db: enq 0x00000000fffcb120(0x00000000fffcb000) deq 0x00000000fffcb100(0x00000000fffcb000) segs 2 stream 0 free_trbs 507 bounce 0 cycle 1
          <idle>-0     [011] d.h.   321.769762: xhci_inc_deq: CTRL 000000007ca719db: enq 0x00000000fffcb120(0x00000000fffcb000) deq 0x00000000fffcb110(0x00000000fffcb000) segs 2 stream 0 free_trbs 508 bounce 0 cycle 1
          <idle>-0     [011] d.h.   321.769762: xhci_inc_deq: CTRL 000000007ca719db: enq 0x00000000fffcb120(0x00000000fffcb000) deq 0x00000000fffcb120(0x00000000fffcb000) segs 2 stream 0 free_trbs 509 bounce 0 cycle 1
          <idle>-0     [011] d.h.   321.769763: xhci_urb_giveback: ep0out-control: urb 0000000094495b18 pipe 2147486080 slot 8 length 56/255 sgs 0/0 stream 0 flags 00110200
          <idle>-0     [011] dNh.   321.769767: xhci_inc_deq: EVENT 000000009d5b53db: enq 0x00000000ffffc000(0x00000000ffffc000) deq 0x00000000ffffce30(0x00000000ffffc000) segs 1 stream 0 free_trbs 254 bounce 0 cycle 0
    kworker/11:2-191   [011] ....   321.769942: xhci_ring_alloc: INTR 00000000a9b5ee5c: enq 0x00000000fffbb000(0x00000000fffbb000) deq 0x00000000fffbb000(0x00000000fffbb000) segs 2 stream 0 free_trbs 509 bounce 4 cycle 1
    kworker/11:2-191   [011] ....   321.769943: xhci_add_endpoint: State disabled mult 1 max P. Streams 0 interval 32000 us max ESIT payload 4 CErr 3 Type Int IN burst 0 maxp 4 deq 00000000fffbb001 avg trb len 4
    kworker/11:2-191   [011] d...   321.769960: xhci_configure_endpoint_ctrl_ctx: Add: slot 3in
    kworker/11:2-191   [011] d...   321.769960: xhci_configure_endpoint: RS 00001 full-speed multi-TT Ctx Entries 7 MEL 0 us Port# 2/0 [TT Slot 7 Port# 1 TTT 0 Intr 0] Addr 0 State enabled/disabled
    kworker/11:2-191   [011] d...   321.769962: xhci_queue_trb: CMD: Configure Endpoint Command: ctx 00000000fffaf000 slot 8 flags d:C
    kworker/11:2-191   [011] d...   321.769962: xhci_inc_enq: CMD 00000000234830f7: enq 0x00000000ffffeb20(0x00000000ffffe000) deq 0x00000000ffffeb10(0x00000000ffffe000) segs 1 stream 0 free_trbs 253 bounce 0 cycle 1
          <idle>-0     [011] d.h.   321.770165: xhci_handle_event: EVENT: TRB 00000000ffffeb10 status 'Success' len 0 slot 8 ep 0 type 'Command Completion Event' flags e:c
          <idle>-0     [011] d.h.   321.770166: xhci_handle_command: CMD: Configure Endpoint Command: ctx 00000000fffaf000 slot 8 flags d:C
          <idle>-0     [011] dNh.   321.770169: xhci_inc_deq: CMD 00000000234830f7: enq 0x00000000ffffeb20(0x00000000ffffe000) deq 0x00000000ffffeb20(0x00000000ffffe000) segs 1 stream 0 free_trbs 254 bounce 0 cycle 1
          <idle>-0     [011] dNh.   321.770169: xhci_inc_deq: EVENT 000000009d5b53db: enq 0x00000000ffffc000(0x00000000ffffc000) deq 0x00000000ffffce40(0x00000000ffffc000) segs 1 stream 0 free_trbs 254 bounce 0 cycle 0
    kworker/11:2-191   [011] d...   321.770179: xhci_queue_trb: CMD: Get Port Bandwidth Command: ctx 00000000fffdd000 slot 7 speed 2 flags C
    kworker/11:2-191   [011] d...   321.770179: xhci_inc_enq: CMD 00000000234830f7: enq 0x00000000ffffeb30(0x00000000ffffe000) deq 0x00000000ffffeb20(0x00000000ffffe000) segs 1 stream 0 free_trbs 253 bounce 0 cycle 1
          <idle>-0     [011] d.h.   321.770348: xhci_handle_event: EVENT: TRB 00000000ffffeb20 status 'Success' len 0 slot 7 ep 0 type 'Command Completion Event' flags e:c
          <idle>-0     [011] d.h.   321.770349: xhci_handle_command: CMD: Get Port Bandwidth Command: ctx 00000000fffdd000 slot 7 speed 2 flags C
          <idle>-0     [011] dNh.   321.770352: xhci_inc_deq: CMD 00000000234830f7: enq 0x00000000ffffeb30(0x00000000ffffe000) deq 0x00000000ffffeb30(0x00000000ffffe000) segs 1 stream 0 free_trbs 254 bounce 0 cycle 1
          <idle>-0     [011] dNh.   321.770352: xhci_inc_deq: EVENT 000000009d5b53db: enq 0x00000000ffffc000(0x00000000ffffc000) deq 0x00000000ffffce50(0x00000000ffffc000) segs 1 stream 0 free_trbs 254 bounce 0 cycle 0
    kworker/11:2-191   [011] ....   321.770366: xhci_dbg_context_change: Available LS/FS bandwidth on external hub port1 - 90 %
    kworker/11:2-191   [011] ....   321.770371: xhci_dbg_context_change: Available LS/FS bandwidth on external hub port2 - 90 %
    kworker/11:2-191   [011] ....   321.770376: xhci_dbg_context_change: Available LS/FS bandwidth on external hub port3 - 90 %
    kworker/11:2-191   [011] ....   321.770381: xhci_dbg_context_change: Available LS/FS bandwidth on external hub port4 - 90 %
    kworker/11:2-191   [011] d...   321.770387: xhci_queue_trb: CMD: Get Port Bandwidth Command: ctx 00000000fffde000 slot 0 speed 3 flags C
    kworker/11:2-191   [011] d...   321.770388: xhci_inc_enq: CMD 00000000234830f7: enq 0x00000000ffffeb40(0x00000000ffffe000) deq 0x00000000ffffeb30(0x00000000ffffe000) segs 1 stream 0 free_trbs 253 bounce 0 cycle 1
          <idle>-0     [011] d.h.   321.770551: xhci_handle_event: EVENT: TRB 00000000ffffeb30 status 'Success' len 0 slot 0 ep 0 type 'Command Completion Event' flags e:c
          <idle>-0     [011] d.h.   321.770552: xhci_handle_command: CMD: Get Port Bandwidth Command: ctx 00000000fffde000 slot 0 speed 3 flags C
          <idle>-0     [011] dNh.   321.770555: xhci_inc_deq: CMD 00000000234830f7: enq 0x00000000ffffeb40(0x00000000ffffe000) deq 0x00000000ffffeb40(0x00000000ffffe000) segs 1 stream 0 free_trbs 254 bounce 0 cycle 1
          <idle>-0     [011] dNh.   321.770556: xhci_inc_deq: EVENT 000000009d5b53db: enq 0x00000000ffffc000(0x00000000ffffc000) deq 0x00000000ffffce60(0x00000000ffffc000) segs 1 stream 0 free_trbs 254 bounce 0 cycle 0
    kworker/11:2-191   [011] ....   321.770569: xhci_dbg_context_change: Available HS bandwidth on root hub port1 - 80 %
    kworker/11:2-191   [011] ....   321.770574: xhci_dbg_context_change: Available HS bandwidth on root hub port2 - 73 %
    kworker/11:2-191   [011] ....   321.770579: xhci_dbg_context_change: Available HS bandwidth on root hub port3 - 73 %
    kworker/11:2-191   [011] ....   321.770584: xhci_dbg_context_change: Available HS bandwidth on root hub port4 - 80 %
    kworker/11:2-191   [011] ....   321.770588: xhci_dbg_context_change: Successful Endpoint Configure command
    kworker/11:2-191   [011] d...   321.770597: xhci_queue_trb: CMD: Stop Ring Command: slot 8 sp 0 ep 7 flags C
    kworker/11:2-191   [011] d...   321.770598: xhci_inc_enq: CMD 00000000234830f7: enq 0x00000000ffffeb50(0x00000000ffffe000) deq 0x00000000ffffeb40(0x00000000ffffe000) segs 1 stream 0 free_trbs 253 bounce 0 cycle 1
          <idle>-0     [011] d.h.   321.772624: xhci_handle_event: EVENT: TRB 00000000fffbb000 status 'Stopped - Length Invalid' len 0 slot 8 ep 7 type 'Transfer Event' flags e:c
          <idle>-0     [011] d.h.   321.772630: xhci_inc_deq: EVENT 000000009d5b53db: enq 0x00000000ffffc000(0x00000000ffffc000) deq 0x00000000ffffce70(0x00000000ffffc000) segs 1 stream 0 free_trbs 254 bounce 0 cycle 0
          <idle>-0     [011] d.h.   321.772631: xhci_handle_event: EVENT: TRB 00000000ffffeb40 status 'Success' len 0 slot 8 ep 0 type 'Command Completion Event' flags e:c
          <idle>-0     [011] d.h.   321.772631: xhci_handle_command: CMD: Stop Ring Command: slot 8 sp 0 ep 7 flags C
          <idle>-0     [011] dNh.   321.772634: xhci_inc_deq: CMD 00000000234830f7: enq 0x00000000ffffeb50(0x00000000ffffe000) deq 0x00000000ffffeb50(0x00000000ffffe000) segs 1 stream 0 free_trbs 254 bounce 0 cycle 1
          <idle>-0     [011] dNh.   321.772635: xhci_inc_deq: EVENT 000000009d5b53db: enq 0x00000000ffffc000(0x00000000ffffc000) deq 0x00000000ffffce80(0x00000000ffffc000) segs 1 stream 0 free_trbs 254 bounce 0 cycle 0
    kworker/11:2-191   [011] d...   321.772641: xhci_queue_trb: CMD: Configure Endpoint Command: ctx 00000000fffc3000 slot 8 flags d:C
    kworker/11:2-191   [011] d...   321.772641: xhci_inc_enq: CMD 00000000234830f7: enq 0x00000000ffffeb60(0x00000000ffffe000) deq 0x00000000ffffeb50(0x00000000ffffe000) segs 1 stream 0 free_trbs 253 bounce 0 cycle 1
          <idle>-0     [011] d.h.   321.772852: xhci_handle_event: EVENT: TRB 00000000ffffeb50 status 'Success' len 0 slot 8 ep 0 type 'Command Completion Event' flags e:c
          <idle>-0     [011] d.h.   321.772853: xhci_handle_command: CMD: Configure Endpoint Command: ctx 00000000fffc3000 slot 8 flags d:C
          <idle>-0     [011] dNh.   321.772856: xhci_inc_deq: CMD 00000000234830f7: enq 0x00000000ffffeb60(0x00000000ffffe000) deq 0x00000000ffffeb60(0x00000000ffffe000) segs 1 stream 0 free_trbs 254 bounce 0 cycle 1
          <idle>-0     [011] dNh.   321.772856: xhci_inc_deq: EVENT 000000009d5b53db: enq 0x00000000ffffc000(0x00000000ffffc000) deq 0x00000000ffffce90(0x00000000ffffc000) segs 1 stream 0 free_trbs 254 bounce 0 cycle 0
    kworker/11:2-191   [011] ....   321.772870: xhci_urb_enqueue: ep0out-control: urb 0000000094495b18 pipe 2147485952 slot 8 length 0/0 sgs 0/0 stream 0 flags 00100000
    kworker/11:2-191   [011] d...   321.772871: xhci_queue_trb: CTRL: bRequestType 00 bRequest 09 wValue 0001 wIndex 0000 wLength 0 length 8 TD size 0 intr 0 type 'Setup Stage' flags I:i:c
    kworker/11:2-191   [011] d...   321.772871: xhci_inc_enq: CTRL 000000007ca719db: enq 0x00000000fffcb130(0x00000000fffcb000) deq 0x00000000fffcb120(0x00000000fffcb000) segs 2 stream 0 free_trbs 508 bounce 0 cycle 1
    kworker/11:2-191   [011] d...   321.772872: xhci_queue_trb: CTRL: Buffer 0000000000000000 length 0 TD size 0 intr 0 type 'Status Stage' flags I:c:e:C
    kworker/11:2-191   [011] d...   321.772872: xhci_inc_enq: CTRL 000000007ca719db: enq 0x00000000fffcb140(0x00000000fffcb000) deq 0x00000000fffcb120(0x00000000fffcb000) segs 2 stream 0 free_trbs 507 bounce 0 cycle 1
          <idle>-0     [011] d.h.   321.772949: xhci_handle_event: EVENT: TRB 00000000fffcb130 status 'Success' len 0 slot 8 ep 1 type 'Transfer Event' flags e:c
          <idle>-0     [011] d.h.   321.772950: xhci_handle_transfer: CTRL: Buffer 0000000000000000 length 0 TD size 0 intr 0 type 'Status Stage' flags I:c:e:C
          <idle>-0     [011] d.h.   321.772951: xhci_inc_deq: CTRL 000000007ca719db: enq 0x00000000fffcb140(0x00000000fffcb000) deq 0x00000000fffcb130(0x00000000fffcb000) segs 2 stream 0 free_trbs 508 bounce 0 cycle 1
          <idle>-0     [011] d.h.   321.772951: xhci_inc_deq: CTRL 000000007ca719db: enq 0x00000000fffcb140(0x00000000fffcb000) deq 0x00000000fffcb140(0x00000000fffcb000) segs 2 stream 0 free_trbs 509 bounce 0 cycle 1
          <idle>-0     [011] d.h.   321.772952: xhci_urb_giveback: ep0out-control: urb 0000000094495b18 pipe 2147485952 slot 8 length 0/0 sgs 0/0 stream 0 flags 00100000
          <idle>-0     [011] dNh.   321.772957: xhci_inc_deq: EVENT 000000009d5b53db: enq 0x00000000ffffc000(0x00000000ffffc000) deq 0x00000000ffffcea0(0x00000000ffffc000) segs 1 stream 0 free_trbs 254 bounce 0 cycle 0
    kworker/11:2-191   [011] ....   321.773033: xhci_urb_enqueue: ep0out-control: urb 00000000c0183883 pipe 2147486080 slot 8 length 0/255 sgs 0/0 stream 0 flags 00110200
    kworker/11:2-191   [011] d...   321.773035: xhci_queue_trb: CTRL: bRequestType 80 bRequest 06 wValue 0301 wIndex 0409 wLength 255 length 8 TD size 0 intr 0 type 'Setup Stage' flags I:i:c
    kworker/11:2-191   [011] d...   321.773035: xhci_inc_enq: CTRL 000000007ca719db: enq 0x00000000fffcb150(0x00000000fffcb000) deq 0x00000000fffcb140(0x00000000fffcb000) segs 2 stream 0 free_trbs 508 bounce 0 cycle 1
    kworker/11:2-191   [011] d...   321.773036: xhci_queue_trb: CTRL: Buffer 00000000fffd8100 length 255 TD size 0 intr 0 type 'Data Stage' flags i:i:c:s:I:e:C
    kworker/11:2-191   [011] d...   321.773036: xhci_inc_enq: CTRL 000000007ca719db: enq 0x00000000fffcb160(0x00000000fffcb000) deq 0x00000000fffcb140(0x00000000fffcb000) segs 2 stream 0 free_trbs 507 bounce 0 cycle 1
    kworker/11:2-191   [011] d...   321.773036: xhci_queue_trb: CTRL: Buffer 0000000000000000 length 0 TD size 0 intr 0 type 'Status Stage' flags I:c:e:C
    kworker/11:2-191   [011] d...   321.773036: xhci_inc_enq: CTRL 000000007ca719db: enq 0x00000000fffcb170(0x00000000fffcb000) deq 0x00000000fffcb140(0x00000000fffcb000) segs 2 stream 0 free_trbs 506 bounce 0 cycle 1
          <idle>-0     [011] d.h.   321.773141: xhci_handle_event: EVENT: TRB 00000000fffcb150 status 'Short Packet' len 199 slot 8 ep 1 type 'Transfer Event' flags e:c
          <idle>-0     [011] d.h.   321.773143: xhci_handle_transfer: CTRL: Buffer 00000000fffd8100 length 255 TD size 0 intr 0 type 'Data Stage' flags i:i:c:s:I:e:C
          <idle>-0     [011] d.h.   321.773147: xhci_inc_deq: EVENT 000000009d5b53db: enq 0x00000000ffffc000(0x00000000ffffc000) deq 0x00000000ffffceb0(0x00000000ffffc000) segs 1 stream 0 free_trbs 254 bounce 0 cycle 0
          <idle>-0     [011] d.h.   321.773148: xhci_handle_event: EVENT: TRB 00000000fffcb160 status 'Success' len 0 slot 8 ep 1 type 'Transfer Event' flags e:c
          <idle>-0     [011] d.h.   321.773148: xhci_handle_transfer: CTRL: Buffer 0000000000000000 length 0 TD size 0 intr 0 type 'Status Stage' flags I:c:e:C
          <idle>-0     [011] d.h.   321.773148: xhci_inc_deq: CTRL 000000007ca719db: enq 0x00000000fffcb170(0x00000000fffcb000) deq 0x00000000fffcb150(0x00000000fffcb000) segs 2 stream 0 free_trbs 507 bounce 0 cycle 1
          <idle>-0     [011] d.h.   321.773149: xhci_inc_deq: CTRL 000000007ca719db: enq 0x00000000fffcb170(0x00000000fffcb000) deq 0x00000000fffcb160(0x00000000fffcb000) segs 2 stream 0 free_trbs 508 bounce 0 cycle 1
          <idle>-0     [011] d.h.   321.773149: xhci_inc_deq: CTRL 000000007ca719db: enq 0x00000000fffcb170(0x00000000fffcb000) deq 0x00000000fffcb170(0x00000000fffcb000) segs 2 stream 0 free_trbs 509 bounce 0 cycle 1
          <idle>-0     [011] d.h.   321.773150: xhci_urb_giveback: ep0out-control: urb 00000000c0183883 pipe 2147486080 slot 8 length 56/255 sgs 0/0 stream 0 flags 00110200
          <idle>-0     [011] dNh.   321.773154: xhci_inc_deq: EVENT 000000009d5b53db: enq 0x00000000ffffc000(0x00000000ffffc000) deq 0x00000000ffffcec0(0x00000000ffffc000) segs 1 stream 0 free_trbs 254 bounce 0 cycle 0
    kworker/11:2-191   [011] ....   321.773181: xhci_ring_alloc: ISOC 00000000f8478b0b: enq 0x00000000fffb2000(0x00000000fffb2000) deq 0x00000000fffb2000(0x00000000fffb2000) segs 2 stream 0 free_trbs 509 bounce 200 cycle 1
    kworker/11:2-191   [011] ....   321.773182: xhci_add_endpoint: State disabled mult 1 max P. Streams 0 interval 1000 us max ESIT payload 200 CErr 0 Type Isoc OUT burst 0 maxp 200 deq 00000000fffb2001 avg trb len 200
    kworker/11:2-191   [011] d...   321.773198: xhci_configure_endpoint_ctrl_ctx: Add: slot 1out
    kworker/11:2-191   [011] d...   321.773199: xhci_configure_endpoint: RS 00001 full-speed multi-TT Ctx Entries 7 MEL 0 us Port# 2/0 [TT Slot 7 Port# 1 TTT 0 Intr 0] Addr 0 State enabled/disabled
    kworker/11:2-191   [011] d...   321.773200: xhci_queue_trb: CMD: Configure Endpoint Command: ctx 00000000fffaf000 slot 8 flags d:C
    kworker/11:2-191   [011] d...   321.773200: xhci_inc_enq: CMD 00000000234830f7: enq 0x00000000ffffeb70(0x00000000ffffe000) deq 0x00000000ffffeb60(0x00000000ffffe000) segs 1 stream 0 free_trbs 253 bounce 0 cycle 1
          <idle>-0     [011] d.h.   321.773380: xhci_handle_event: EVENT: TRB 00000000ffffeb60 status 'Secondary Bandwidth Error' len 0 slot 8 ep 0 type 'Command Completion Event' flags e:c
          <idle>-0     [011] d.h.   321.773381: xhci_handle_command: CMD: Configure Endpoint Command: ctx 00000000fffaf000 slot 8 flags d:C
          <idle>-0     [011] dNh.   321.773384: xhci_inc_deq: CMD 00000000234830f7: enq 0x00000000ffffeb70(0x00000000ffffe000) deq 0x00000000ffffeb70(0x00000000ffffe000) segs 1 stream 0 free_trbs 254 bounce 0 cycle 1
          <idle>-0     [011] dNh.   321.773384: xhci_inc_deq: EVENT 000000009d5b53db: enq 0x00000000ffffc000(0x00000000ffffc000) deq 0x00000000ffffced0(0x00000000ffffc000) segs 1 stream 0 free_trbs 254 bounce 0 cycle 0
    kworker/11:2-191   [011] d...   321.773393: xhci_queue_trb: CMD: Get Port Bandwidth Command: ctx 00000000fffb6000 slot 7 speed 2 flags C
    kworker/11:2-191   [011] d...   321.773393: xhci_inc_enq: CMD 00000000234830f7: enq 0x00000000ffffeb80(0x00000000ffffe000) deq 0x00000000ffffeb70(0x00000000ffffe000) segs 1 stream 0 free_trbs 253 bounce 0 cycle 1
          <idle>-0     [011] d.h.   321.773559: xhci_handle_event: EVENT: TRB 00000000ffffeb70 status 'Success' len 0 slot 7 ep 0 type 'Command Completion Event' flags e:c
          <idle>-0     [011] d.h.   321.773560: xhci_handle_command: CMD: Get Port Bandwidth Command: ctx 00000000fffb6000 slot 7 speed 2 flags C
          <idle>-0     [011] dNh.   321.773563: xhci_inc_deq: CMD 00000000234830f7: enq 0x00000000ffffeb80(0x00000000ffffe000) deq 0x00000000ffffeb80(0x00000000ffffe000) segs 1 stream 0 free_trbs 254 bounce 0 cycle 1
          <idle>-0     [011] dNh.   321.773564: xhci_inc_deq: EVENT 000000009d5b53db: enq 0x00000000ffffc000(0x00000000ffffc000) deq 0x00000000ffffcee0(0x00000000ffffc000) segs 1 stream 0 free_trbs 254 bounce 0 cycle 0
    kworker/11:2-191   [011] ....   321.773577: xhci_dbg_context_change: Available LS/FS bandwidth on external hub port1 - 90 %
    kworker/11:2-191   [011] ....   321.773582: xhci_dbg_context_change: Available LS/FS bandwidth on external hub port2 - 90 %
    kworker/11:2-191   [011] ....   321.773587: xhci_dbg_context_change: Available LS/FS bandwidth on external hub port3 - 90 %
    kworker/11:2-191   [011] ....   321.773591: xhci_dbg_context_change: Available LS/FS bandwidth on external hub port4 - 90 %
    kworker/11:2-191   [011] d...   321.773598: xhci_queue_trb: CMD: Get Port Bandwidth Command: ctx 00000000fffb5000 slot 0 speed 3 flags C
    kworker/11:2-191   [011] d...   321.773598: xhci_inc_enq: CMD 00000000234830f7: enq 0x00000000ffffeb90(0x00000000ffffe000) deq 0x00000000ffffeb80(0x00000000ffffe000) segs 1 stream 0 free_trbs 253 bounce 0 cycle 1
          <idle>-0     [011] d.h.   321.773760: xhci_handle_event: EVENT: TRB 00000000ffffeb80 status 'Success' len 0 slot 0 ep 0 type 'Command Completion Event' flags e:c
          <idle>-0     [011] d.h.   321.773761: xhci_handle_command: CMD: Get Port Bandwidth Command: ctx 00000000fffb5000 slot 0 speed 3 flags C
          <idle>-0     [011] dNh.   321.773764: xhci_inc_deq: CMD 00000000234830f7: enq 0x00000000ffffeb90(0x00000000ffffe000) deq 0x00000000ffffeb90(0x00000000ffffe000) segs 1 stream 0 free_trbs 254 bounce 0 cycle 1
          <idle>-0     [011] dNh.   321.773764: xhci_inc_deq: EVENT 000000009d5b53db: enq 0x00000000ffffc000(0x00000000ffffc000) deq 0x00000000ffffcef0(0x00000000ffffc000) segs 1 stream 0 free_trbs 254 bounce 0 cycle 0
    kworker/11:2-191   [011] ....   321.773777: xhci_dbg_context_change: Available HS bandwidth on root hub port1 - 80 %
    kworker/11:2-191   [011] ....   321.773782: xhci_dbg_context_change: Available HS bandwidth on root hub port2 - 73 %
    kworker/11:2-191   [011] ....   321.773787: xhci_dbg_context_change: Available HS bandwidth on root hub port3 - 73 %
    kworker/11:2-191   [011] ....   321.773791: xhci_dbg_context_change: Available HS bandwidth on root hub port4 - 80 %
    kworker/11:2-191   [011] d...   321.773799: xhci_queue_trb: CMD: Get Port Bandwidth Command: ctx 00000000fffb3000 slot 7 speed 2 flags C
    kworker/11:2-191   [011] d...   321.773800: xhci_inc_enq: CMD 00000000234830f7: enq 0x00000000ffffeba0(0x00000000ffffe000) deq 0x00000000ffffeb90(0x00000000ffffe000) segs 1 stream 0 free_trbs 253 bounce 0 cycle 1
          <idle>-0     [011] d.h.   321.773966: xhci_handle_event: EVENT: TRB 00000000ffffeb90 status 'Success' len 0 slot 7 ep 0 type 'Command Completion Event' flags e:c
          <idle>-0     [011] d.h.   321.773967: xhci_handle_command: CMD: Get Port Bandwidth Command: ctx 00000000fffb3000 slot 7 speed 2 flags C
          <idle>-0     [011] dNh.   321.773970: xhci_inc_deq: CMD 00000000234830f7: enq 0x00000000ffffeba0(0x00000000ffffe000) deq 0x00000000ffffeba0(0x00000000ffffe000) segs 1 stream 0 free_trbs 254 bounce 0 cycle 1
          <idle>-0     [011] dNh.   321.773970: xhci_inc_deq: EVENT 000000009d5b53db: enq 0x00000000ffffc000(0x00000000ffffc000) deq 0x00000000ffffcf00(0x00000000ffffc000) segs 1 stream 0 free_trbs 254 bounce 0 cycle 0
    kworker/11:2-191   [011] ....   321.773983: xhci_dbg_context_change: Available LS/FS bandwidth on external hub port1 - 90 %
    kworker/11:2-191   [011] ....   321.773988: xhci_dbg_context_change: Available LS/FS bandwidth on external hub port2 - 90 %
    kworker/11:2-191   [011] ....   321.773993: xhci_dbg_context_change: Available LS/FS bandwidth on external hub port3 - 90 %
    kworker/11:2-191   [011] ....   321.773998: xhci_dbg_context_change: Available LS/FS bandwidth on external hub port4 - 90 %
    kworker/11:2-191   [011] d...   321.774004: xhci_queue_trb: CMD: Get Port Bandwidth Command: ctx 00000000fffdb000 slot 0 speed 3 flags C
    kworker/11:2-191   [011] d...   321.774005: xhci_inc_enq: CMD 00000000234830f7: enq 0x00000000ffffebb0(0x00000000ffffe000) deq 0x00000000ffffeba0(0x00000000ffffe000) segs 1 stream 0 free_trbs 253 bounce 0 cycle 1
          <idle>-0     [011] d.h.   321.774167: xhci_handle_event: EVENT: TRB 00000000ffffeba0 status 'Success' len 0 slot 0 ep 0 type 'Command Completion Event' flags e:c
          <idle>-0     [011] d.h.   321.774168: xhci_handle_command: CMD: Get Port Bandwidth Command: ctx 00000000fffdb000 slot 0 speed 3 flags C
          <idle>-0     [011] dNh.   321.774171: xhci_inc_deq: CMD 00000000234830f7: enq 0x00000000ffffebb0(0x00000000ffffe000) deq 0x00000000ffffebb0(0x00000000ffffe000) segs 1 stream 0 free_trbs 254 bounce 0 cycle 1
          <idle>-0     [011] dNh.   321.774171: xhci_inc_deq: EVENT 000000009d5b53db: enq 0x00000000ffffc000(0x00000000ffffc000) deq 0x00000000ffffcf10(0x00000000ffffc000) segs 1 stream 0 free_trbs 254 bounce 0 cycle 0
    kworker/11:2-191   [011] ....   321.774184: xhci_dbg_context_change: Available HS bandwidth on root hub port1 - 80 %
    kworker/11:2-191   [011] ....   321.774189: xhci_dbg_context_change: Available HS bandwidth on root hub port2 - 73 %
    kworker/11:2-191   [011] ....   321.774194: xhci_dbg_context_change: Available HS bandwidth on root hub port3 - 73 %
    kworker/11:2-191   [011] ....   321.774198: xhci_dbg_context_change: Available HS bandwidth on root hub port4 - 80 %
    kworker/11:2-191   [011] ....   321.774215: xhci_ring_free: ISOC 00000000f8478b0b: enq 0x00000000fffb2000(0x00000000fffb2000) deq 0x00000000fffb2000(0x00000000fffb2000) segs 2 stream 0 free_trbs 509 bounce 200 cycle 1
    kworker/11:2-191   [011] ....   321.774226: xhci_urb_enqueue: ep0out-control: urb 00000000b1cc4ccc pipe 2147485952 slot 8 length 0/3 sgs 0/0 stream 0 flags 00110000
    kworker/11:2-191   [011] d...   321.774228: xhci_queue_trb: CTRL: bRequestType 22 bRequest 01 wValue 0100 wIndex 0001 wLength 3 length 8 TD size 0 intr 0 type 'Setup Stage' flags I:i:c
    kworker/11:2-191   [011] d...   321.774228: xhci_inc_enq: CTRL 000000007ca719db: enq 0x00000000fffcb180(0x00000000fffcb000) deq 0x00000000fffcb170(0x00000000fffcb000) segs 2 stream 0 free_trbs 508 bounce 0 cycle 1
    kworker/11:2-191   [011] d...   321.774228: xhci_queue_trb: CTRL: Buffer 00000000ffefb310 length 3 TD size 0 intr 0 type 'Data Stage' flags i:i:c:s:i:e:C
    kworker/11:2-191   [011] d...   321.774228: xhci_inc_enq: CTRL 000000007ca719db: enq 0x00000000fffcb190(0x00000000fffcb000) deq 0x00000000fffcb170(0x00000000fffcb000) segs 2 stream 0 free_trbs 507 bounce 0 cycle 1
    kworker/11:2-191   [011] d...   321.774229: xhci_queue_trb: CTRL: Buffer 0000000000000000 length 0 TD size 0 intr 0 type 'Status Stage' flags I:c:e:C
    kworker/11:2-191   [011] d...   321.774229: xhci_inc_enq: CTRL 000000007ca719db: enq 0x00000000fffcb1a0(0x00000000fffcb000) deq 0x00000000fffcb170(0x00000000fffcb000) segs 2 stream 0 free_trbs 506 bounce 0 cycle 1
          <idle>-0     [011] d.h.   321.774330: xhci_handle_event: EVENT: TRB 00000000fffcb190 status 'Success' len 0 slot 8 ep 1 type 'Transfer Event' flags e:c
          <idle>-0     [011] d.h.   321.774332: xhci_handle_transfer: CTRL: Buffer 0000000000000000 length 0 TD size 0 intr 0 type 'Status Stage' flags I:c:e:C
          <idle>-0     [011] d.h.   321.774333: xhci_inc_deq: CTRL 000000007ca719db: enq 0x00000000fffcb1a0(0x00000000fffcb000) deq 0x00000000fffcb180(0x00000000fffcb000) segs 2 stream 0 free_trbs 507 bounce 0 cycle 1
          <idle>-0     [011] d.h.   321.774333: xhci_inc_deq: CTRL 000000007ca719db: enq 0x00000000fffcb1a0(0x00000000fffcb000) deq 0x00000000fffcb190(0x00000000fffcb000) segs 2 stream 0 free_trbs 508 bounce 0 cycle 1
          <idle>-0     [011] d.h.   321.774334: xhci_inc_deq: CTRL 000000007ca719db: enq 0x00000000fffcb1a0(0x00000000fffcb000) deq 0x00000000fffcb1a0(0x00000000fffcb000) segs 2 stream 0 free_trbs 509 bounce 0 cycle 1
          <idle>-0     [011] d.h.   321.774334: xhci_urb_giveback: ep0out-control: urb 00000000b1cc4ccc pipe 2147485952 slot 8 length 3/3 sgs 0/0 stream 0 flags 00110000
          <idle>-0     [011] dNh.   321.774339: xhci_inc_deq: EVENT 000000009d5b53db: enq 0x00000000ffffc000(0x00000000ffffc000) deq 0x00000000ffffcf20(0x00000000ffffc000) segs 1 stream 0 free_trbs 254 bounce 0 cycle 0
    kworker/11:2-191   [011] ....   321.774349: xhci_urb_enqueue: ep0out-control: urb 00000000b1cc4ccc pipe 2147486080 slot 8 length 0/3 sgs 0/0 stream 0 flags 00110200
    kworker/11:2-191   [011] d...   321.774350: xhci_queue_trb: CTRL: bRequestType a2 bRequest 81 wValue 0100 wIndex 0001 wLength 3 length 8 TD size 0 intr 0 type 'Setup Stage' flags I:i:c
    kworker/11:2-191   [011] d...   321.774350: xhci_inc_enq: CTRL 000000007ca719db: enq 0x00000000fffcb1b0(0x00000000fffcb000) deq 0x00000000fffcb1a0(0x00000000fffcb000) segs 2 stream 0 free_trbs 508 bounce 0 cycle 1
    kworker/11:2-191   [011] d...   321.774351: xhci_queue_trb: CTRL: Buffer 00000000ffef9310 length 3 TD size 0 intr 0 type 'Data Stage' flags i:i:c:s:I:e:C
    kworker/11:2-191   [011] d...   321.774351: xhci_inc_enq: CTRL 000000007ca719db: enq 0x00000000fffcb1c0(0x00000000fffcb000) deq 0x00000000fffcb1a0(0x00000000fffcb000) segs 2 stream 0 free_trbs 507 bounce 0 cycle 1
    kworker/11:2-191   [011] d...   321.774351: xhci_queue_trb: CTRL: Buffer 0000000000000000 length 0 TD size 0 intr 0 type 'Status Stage' flags I:c:e:C
    kworker/11:2-191   [011] d...   321.774351: xhci_inc_enq: CTRL 000000007ca719db: enq 0x00000000fffcb1d0(0x00000000fffcb000) deq 0x00000000fffcb1a0(0x00000000fffcb000) segs 2 stream 0 free_trbs 506 bounce 0 cycle 1
          <idle>-0     [011] d.h.   321.774452: xhci_handle_event: EVENT: TRB 00000000fffcb1c0 status 'Success' len 0 slot 8 ep 1 type 'Transfer Event' flags e:c
          <idle>-0     [011] d.h.   321.774453: xhci_handle_transfer: CTRL: Buffer 0000000000000000 length 0 TD size 0 intr 0 type 'Status Stage' flags I:c:e:C
          <idle>-0     [011] d.h.   321.774454: xhci_inc_deq: CTRL 000000007ca719db: enq 0x00000000fffcb1d0(0x00000000fffcb000) deq 0x00000000fffcb1b0(0x00000000fffcb000) segs 2 stream 0 free_trbs 507 bounce 0 cycle 1
          <idle>-0     [011] d.h.   321.774454: xhci_inc_deq: CTRL 000000007ca719db: enq 0x00000000fffcb1d0(0x00000000fffcb000) deq 0x00000000fffcb1c0(0x00000000fffcb000) segs 2 stream 0 free_trbs 508 bounce 0 cycle 1
          <idle>-0     [011] d.h.   321.774454: xhci_inc_deq: CTRL 000000007ca719db: enq 0x00000000fffcb1d0(0x00000000fffcb000) deq 0x00000000fffcb1d0(0x00000000fffcb000) segs 2 stream 0 free_trbs 509 bounce 0 cycle 1
          <idle>-0     [011] d.h.   321.774455: xhci_urb_giveback: ep0out-control: urb 00000000b1cc4ccc pipe 2147486080 slot 8 length 3/3 sgs 0/0 stream 0 flags 00110200
          <idle>-0     [011] dNh.   321.774459: xhci_inc_deq: EVENT 000000009d5b53db: enq 0x00000000ffffc000(0x00000000ffffc000) deq 0x00000000ffffcf30(0x00000000ffffc000) segs 1 stream 0 free_trbs 254 bounce 0 cycle 0
    kworker/11:2-191   [011] ....   321.774475: xhci_urb_enqueue: ep0out-control: urb 00000000b1cc4ccc pipe 2147485952 slot 8 length 0/0 sgs 0/0 stream 0 flags 00100000
    kworker/11:2-191   [011] d...   321.774476: xhci_queue_trb: CTRL: bRequestType 01 bRequest 0b wValue 0000 wIndex 0001 wLength 0 length 8 TD size 0 intr 0 type 'Setup Stage' flags I:i:c
    kworker/11:2-191   [011] d...   321.774476: xhci_inc_enq: CTRL 000000007ca719db: enq 0x00000000fffcb1e0(0x00000000fffcb000) deq 0x00000000fffcb1d0(0x00000000fffcb000) segs 2 stream 0 free_trbs 508 bounce 0 cycle 1
    kworker/11:2-191   [011] d...   321.774476: xhci_queue_trb: CTRL: Buffer 0000000000000000 length 0 TD size 0 intr 0 type 'Status Stage' flags I:c:e:C
    kworker/11:2-191   [011] d...   321.774477: xhci_inc_enq: CTRL 000000007ca719db: enq 0x00000000fffcb1f0(0x00000000fffcb000) deq 0x00000000fffcb1d0(0x00000000fffcb000) segs 2 stream 0 free_trbs 507 bounce 0 cycle 1
          <idle>-0     [011] d.h.   321.774552: xhci_handle_event: EVENT: TRB 00000000fffcb1e0 status 'Success' len 0 slot 8 ep 1 type 'Transfer Event' flags e:c
          <idle>-0     [011] d.h.   321.774554: xhci_handle_transfer: CTRL: Buffer 0000000000000000 length 0 TD size 0 intr 0 type 'Status Stage' flags I:c:e:C
          <idle>-0     [011] d.h.   321.774555: xhci_inc_deq: CTRL 000000007ca719db: enq 0x00000000fffcb1f0(0x00000000fffcb000) deq 0x00000000fffcb1e0(0x00000000fffcb000) segs 2 stream 0 free_trbs 508 bounce 0 cycle 1
          <idle>-0     [011] d.h.   321.774555: xhci_inc_deq: CTRL 000000007ca719db: enq 0x00000000fffcb1f0(0x00000000fffcb000) deq 0x00000000fffcb1f0(0x00000000fffcb000) segs 2 stream 0 free_trbs 509 bounce 0 cycle 1
          <idle>-0     [011] d.h.   321.774556: xhci_urb_giveback: ep0out-control: urb 00000000b1cc4ccc pipe 2147485952 slot 8 length 0/0 sgs 0/0 stream 0 flags 00100000
          <idle>-0     [011] dNh.   321.774560: xhci_inc_deq: EVENT 000000009d5b53db: enq 0x00000000ffffc000(0x00000000ffffc000) deq 0x00000000ffffcf40(0x00000000ffffc000) segs 1 stream 0 free_trbs 254 bounce 0 cycle 0
    kworker/11:2-191   [011] ....   321.774579: xhci_ring_alloc: ISOC 000000009b22faa0: enq 0x00000000fffb2000(0x00000000fffb2000) deq 0x00000000fffb2000(0x00000000fffb2000) segs 2 stream 0 free_trbs 509 bounce 100 cycle 1
    kworker/11:2-191   [011] ....   321.774579: xhci_add_endpoint: State disabled mult 1 max P. Streams 0 interval 1000 us max ESIT payload 100 CErr 0 Type Isoc IN burst 0 maxp 100 deq 00000000fffb2001 avg trb len 100
    kworker/11:2-191   [011] d...   321.774597: xhci_configure_endpoint_ctrl_ctx: Add: slot 2in
    kworker/11:2-191   [011] d...   321.774597: xhci_configure_endpoint: RS 00001 full-speed multi-TT Ctx Entries 7 MEL 0 us Port# 2/0 [TT Slot 7 Port# 1 TTT 0 Intr 0] Addr 0 State enabled/disabled
    kworker/11:2-191   [011] d...   321.774599: xhci_queue_trb: CMD: Configure Endpoint Command: ctx 00000000fffaf000 slot 8 flags d:C
    kworker/11:2-191   [011] d...   321.774599: xhci_inc_enq: CMD 00000000234830f7: enq 0x00000000ffffebc0(0x00000000ffffe000) deq 0x00000000ffffebb0(0x00000000ffffe000) segs 1 stream 0 free_trbs 253 bounce 0 cycle 1
          <idle>-0     [011] d.h.   321.774778: xhci_handle_event: EVENT: TRB 00000000ffffebb0 status 'Secondary Bandwidth Error' len 0 slot 8 ep 0 type 'Command Completion Event' flags e:c
          <idle>-0     [011] d.h.   321.774779: xhci_handle_command: CMD: Configure Endpoint Command: ctx 00000000fffaf000 slot 8 flags d:C
          <idle>-0     [011] dNh.   321.774782: xhci_inc_deq: CMD 00000000234830f7: enq 0x00000000ffffebc0(0x00000000ffffe000) deq 0x00000000ffffebc0(0x00000000ffffe000) segs 1 stream 0 free_trbs 254 bounce 0 cycle 1
          <idle>-0     [011] dNh.   321.774783: xhci_inc_deq: EVENT 000000009d5b53db: enq 0x00000000ffffc000(0x00000000ffffc000) deq 0x00000000ffffcf50(0x00000000ffffc000) segs 1 stream 0 free_trbs 254 bounce 0 cycle 0
    kworker/11:2-191   [011] d...   321.774792: xhci_queue_trb: CMD: Get Port Bandwidth Command: ctx 00000000ffef7000 slot 7 speed 2 flags C
    kworker/11:2-191   [011] d...   321.774793: xhci_inc_enq: CMD 00000000234830f7: enq 0x00000000ffffebd0(0x00000000ffffe000) deq 0x00000000ffffebc0(0x00000000ffffe000) segs 1 stream 0 free_trbs 253 bounce 0 cycle 1
          <idle>-0     [011] d.h.   321.774958: xhci_handle_event: EVENT: TRB 00000000ffffebc0 status 'Success' len 0 slot 7 ep 0 type 'Command Completion Event' flags e:c
          <idle>-0     [011] d.h.   321.774959: xhci_handle_command: CMD: Get Port Bandwidth Command: ctx 00000000ffef7000 slot 7 speed 2 flags C
          <idle>-0     [011] dNh.   321.774962: xhci_inc_deq: CMD 00000000234830f7: enq 0x00000000ffffebd0(0x00000000ffffe000) deq 0x00000000ffffebd0(0x00000000ffffe000) segs 1 stream 0 free_trbs 254 bounce 0 cycle 1
          <idle>-0     [011] dNh.   321.774963: xhci_inc_deq: EVENT 000000009d5b53db: enq 0x00000000ffffc000(0x00000000ffffc000) deq 0x00000000ffffcf60(0x00000000ffffc000) segs 1 stream 0 free_trbs 254 bounce 0 cycle 0
    kworker/11:2-191   [011] ....   321.774976: xhci_dbg_context_change: Available LS/FS bandwidth on external hub port1 - 90 %
    kworker/11:2-191   [011] ....   321.774981: xhci_dbg_context_change: Available LS/FS bandwidth on external hub port2 - 90 %
    kworker/11:2-191   [011] ....   321.774986: xhci_dbg_context_change: Available LS/FS bandwidth on external hub port3 - 90 %
    kworker/11:2-191   [011] ....   321.774991: xhci_dbg_context_change: Available LS/FS bandwidth on external hub port4 - 90 %
    kworker/11:2-191   [011] d...   321.774998: xhci_queue_trb: CMD: Get Port Bandwidth Command: ctx 00000000ffef6000 slot 0 speed 3 flags C
    kworker/11:2-191   [011] d...   321.774998: xhci_inc_enq: CMD 00000000234830f7: enq 0x00000000ffffebe0(0x00000000ffffe000) deq 0x00000000ffffebd0(0x00000000ffffe000) segs 1 stream 0 free_trbs 253 bounce 0 cycle 1
          <idle>-0     [011] d.h.   321.775160: xhci_handle_event: EVENT: TRB 00000000ffffebd0 status 'Success' len 0 slot 0 ep 0 type 'Command Completion Event' flags e:c
          <idle>-0     [011] d.h.   321.775161: xhci_handle_command: CMD: Get Port Bandwidth Command: ctx 00000000ffef6000 slot 0 speed 3 flags C
          <idle>-0     [011] dNh.   321.775164: xhci_inc_deq: CMD 00000000234830f7: enq 0x00000000ffffebe0(0x00000000ffffe000) deq 0x00000000ffffebe0(0x00000000ffffe000) segs 1 stream 0 free_trbs 254 bounce 0 cycle 1
          <idle>-0     [011] dNh.   321.775164: xhci_inc_deq: EVENT 000000009d5b53db: enq 0x00000000ffffc000(0x00000000ffffc000) deq 0x00000000ffffcf70(0x00000000ffffc000) segs 1 stream 0 free_trbs 254 bounce 0 cycle 0
    kworker/11:2-191   [011] ....   321.775177: xhci_dbg_context_change: Available HS bandwidth on root hub port1 - 80 %
    kworker/11:2-191   [011] ....   321.775182: xhci_dbg_context_change: Available HS bandwidth on root hub port2 - 73 %
    kworker/11:2-191   [011] ....   321.775187: xhci_dbg_context_change: Available HS bandwidth on root hub port3 - 73 %
    kworker/11:2-191   [011] ....   321.775191: xhci_dbg_context_change: Available HS bandwidth on root hub port4 - 80 %
    kworker/11:2-191   [011] d...   321.775200: xhci_queue_trb: CMD: Get Port Bandwidth Command: ctx 00000000ffef5000 slot 7 speed 2 flags C
    kworker/11:2-191   [011] d...   321.775200: xhci_inc_enq: CMD 00000000234830f7: enq 0x00000000ffffebf0(0x00000000ffffe000) deq 0x00000000ffffebe0(0x00000000ffffe000) segs 1 stream 0 free_trbs 253 bounce 0 cycle 1
          <idle>-0     [011] d.h.   321.775364: xhci_handle_event: EVENT: TRB 00000000ffffebe0 status 'Success' len 0 slot 7 ep 0 type 'Command Completion Event' flags e:c
          <idle>-0     [011] d.h.   321.775365: xhci_handle_command: CMD: Get Port Bandwidth Command: ctx 00000000ffef5000 slot 7 speed 2 flags C
          <idle>-0     [011] dNh.   321.775368: xhci_inc_deq: CMD 00000000234830f7: enq 0x00000000ffffebf0(0x00000000ffffe000) deq 0x00000000ffffebf0(0x00000000ffffe000) segs 1 stream 0 free_trbs 254 bounce 0 cycle 1
          <idle>-0     [011] dNh.   321.775369: xhci_inc_deq: EVENT 000000009d5b53db: enq 0x00000000ffffc000(0x00000000ffffc000) deq 0x00000000ffffcf80(0x00000000ffffc000) segs 1 stream 0 free_trbs 254 bounce 0 cycle 0
    kworker/11:2-191   [011] ....   321.775382: xhci_dbg_context_change: Available LS/FS bandwidth on external hub port1 - 90 %
    kworker/11:2-191   [011] ....   321.775387: xhci_dbg_context_change: Available LS/FS bandwidth on external hub port2 - 90 %
    kworker/11:2-191   [011] ....   321.775392: xhci_dbg_context_change: Available LS/FS bandwidth on external hub port3 - 90 %
    kworker/11:2-191   [011] ....   321.775397: xhci_dbg_context_change: Available LS/FS bandwidth on external hub port4 - 90 %
    kworker/11:2-191   [011] d...   321.775404: xhci_queue_trb: CMD: Get Port Bandwidth Command: ctx 00000000ffef4000 slot 0 speed 3 flags C
    kworker/11:2-191   [011] d...   321.775404: xhci_inc_enq: CMD 00000000234830f7: enq 0x00000000ffffec00(0x00000000ffffe000) deq 0x00000000ffffebf0(0x00000000ffffe000) segs 1 stream 0 free_trbs 253 bounce 0 cycle 1
          <idle>-0     [011] d.h.   321.775566: xhci_handle_event: EVENT: TRB 00000000ffffebf0 status 'Success' len 0 slot 0 ep 0 type 'Command Completion Event' flags e:c
          <idle>-0     [011] d.h.   321.775567: xhci_handle_command: CMD: Get Port Bandwidth Command: ctx 00000000ffef4000 slot 0 speed 3 flags C
          <idle>-0     [011] dNh.   321.775570: xhci_inc_deq: CMD 00000000234830f7: enq 0x00000000ffffec00(0x00000000ffffe000) deq 0x00000000ffffec00(0x00000000ffffe000) segs 1 stream 0 free_trbs 254 bounce 0 cycle 1
          <idle>-0     [011] dNh.   321.775571: xhci_inc_deq: EVENT 000000009d5b53db: enq 0x00000000ffffc000(0x00000000ffffc000) deq 0x00000000ffffcf90(0x00000000ffffc000) segs 1 stream 0 free_trbs 254 bounce 0 cycle 0
    kworker/11:2-191   [011] ....   321.775583: xhci_dbg_context_change: Available HS bandwidth on root hub port1 - 80 %
    kworker/11:2-191   [011] ....   321.775589: xhci_dbg_context_change: Available HS bandwidth on root hub port2 - 73 %
    kworker/11:2-191   [011] ....   321.775593: xhci_dbg_context_change: Available HS bandwidth on root hub port3 - 73 %
    kworker/11:2-191   [011] ....   321.775598: xhci_dbg_context_change: Available HS bandwidth on root hub port4 - 80 %
    kworker/11:2-191   [011] ....   321.775613: xhci_ring_free: ISOC 000000009b22faa0: enq 0x00000000fffb2000(0x00000000fffb2000) deq 0x00000000fffb2000(0x00000000fffb2000) segs 2 stream 0 free_trbs 509 bounce 100 cycle 1
    kworker/11:2-191   [011] ....   321.775622: xhci_urb_enqueue: ep0out-control: urb 000000007ca8edbf pipe 2147485952 slot 8 length 0/3 sgs 0/0 stream 0 flags 00110000
    kworker/11:2-191   [011] d...   321.775624: xhci_queue_trb: CTRL: bRequestType 22 bRequest 01 wValue 0100 wIndex 0082 wLength 3 length 8 TD size 0 intr 0 type 'Setup Stage' flags I:i:c
    kworker/11:2-191   [011] d...   321.775624: xhci_inc_enq: CTRL 000000007ca719db: enq 0x00000000fffcb200(0x00000000fffcb000) deq 0x00000000fffcb1f0(0x00000000fffcb000) segs 2 stream 0 free_trbs 508 bounce 0 cycle 1
    kworker/11:2-191   [011] d...   321.775624: xhci_queue_trb: CTRL: Buffer 00000000ffef2340 length 3 TD size 0 intr 0 type 'Data Stage' flags i:i:c:s:i:e:C
    kworker/11:2-191   [011] d...   321.775625: xhci_inc_enq: CTRL 000000007ca719db: enq 0x00000000fffcb210(0x00000000fffcb000) deq 0x00000000fffcb1f0(0x00000000fffcb000) segs 2 stream 0 free_trbs 507 bounce 0 cycle 1
    kworker/11:2-191   [011] d...   321.775625: xhci_queue_trb: CTRL: Buffer 0000000000000000 length 0 TD size 0 intr 0 type 'Status Stage' flags I:c:e:C
    kworker/11:2-191   [011] d...   321.775625: xhci_inc_enq: CTRL 000000007ca719db: enq 0x00000000fffcb220(0x00000000fffcb000) deq 0x00000000fffcb1f0(0x00000000fffcb000) segs 2 stream 0 free_trbs 506 bounce 0 cycle 1
          <idle>-0     [011] d.h.   321.775726: xhci_handle_event: EVENT: TRB 00000000fffcb210 status 'Success' len 0 slot 8 ep 1 type 'Transfer Event' flags e:c
          <idle>-0     [011] d.h.   321.775727: xhci_handle_transfer: CTRL: Buffer 0000000000000000 length 0 TD size 0 intr 0 type 'Status Stage' flags I:c:e:C
          <idle>-0     [011] d.h.   321.775728: xhci_inc_deq: CTRL 000000007ca719db: enq 0x00000000fffcb220(0x00000000fffcb000) deq 0x00000000fffcb200(0x00000000fffcb000) segs 2 stream 0 free_trbs 507 bounce 0 cycle 1
          <idle>-0     [011] d.h.   321.775728: xhci_inc_deq: CTRL 000000007ca719db: enq 0x00000000fffcb220(0x00000000fffcb000) deq 0x00000000fffcb210(0x00000000fffcb000) segs 2 stream 0 free_trbs 508 bounce 0 cycle 1
