          <idle>-0     [011] d.h.   291.531479: xhci_handle_transfer: CTRL: Buffer 0000000000000000 length 0 TD size 0 intr 0 type 'Status Stage' flags I:c:e:C
          <idle>-0     [011] d.h.   291.531479: xhci_inc_deq: CTRL 0000000057426d46: enq 0x00000000fffa6190(0x00000000fffa6000) deq 0x00000000fffa6170(0x00000000fffa6000) segs 2 stream 0 free_trbs 507 bounce 0 cycle 1
          <idle>-0     [011] d.h.   291.531480: xhci_inc_deq: CTRL 0000000057426d46: enq 0x00000000fffa6190(0x00000000fffa6000) deq 0x00000000fffa6180(0x00000000fffa6000) segs 2 stream 0 free_trbs 508 bounce 0 cycle 1
          <idle>-0     [011] d.h.   291.531480: xhci_inc_deq: CTRL 0000000057426d46: enq 0x00000000fffa6190(0x00000000fffa6000) deq 0x00000000fffa6190(0x00000000fffa6000) segs 2 stream 0 free_trbs 509 bounce 0 cycle 1
          <idle>-0     [011] d.h.   291.531481: xhci_urb_giveback: ep0out-control: urb 0000000041137007 pipe 2147485824 slot 7 length 4/4 sgs 0/0 stream 0 flags 00110200
          <idle>-0     [011] dNh.   291.531485: xhci_inc_deq: EVENT 000000009d5b53db: enq 0x00000000ffffc000(0x00000000ffffc000) deq 0x00000000ffffcbe0(0x00000000ffffc000) segs 1 stream 0 free_trbs 254 bounce 0 cycle 0
    kworker/11:2-191   [011] d...   291.531534: xhci_configure_endpoint_ctrl_ctx: Add: slot
    kworker/11:2-191   [011] d...   291.531534: xhci_configure_endpoint: RS 00000 high-speed multi-TT Hub Ctx Entries 3 MEL 0 us Port# 2/4 [TT Slot 0 Port# 0 TTT 0 Intr 0] Addr 0 State enabled/disabled
    kworker/11:2-191   [011] d...   291.531536: xhci_queue_trb: CMD: Configure Endpoint Command: ctx 00000000fffbd000 slot 7 flags d:C
    kworker/11:2-191   [011] d...   291.531536: xhci_inc_enq: CMD 00000000234830f7: enq 0x00000000ffffeac0(0x00000000ffffe000) deq 0x00000000ffffeab0(0x00000000ffffe000) segs 1 stream 0 free_trbs 253 bounce 0 cycle 1
          <idle>-0     [011] d.h.   291.531714: xhci_handle_event: EVENT: TRB 00000000ffffeab0 status 'Success' len 0 slot 7 ep 0 type 'Command Completion Event' flags e:c
          <idle>-0     [011] d.h.   291.531715: xhci_handle_command: CMD: Configure Endpoint Command: ctx 00000000fffbd000 slot 7 flags d:C
          <idle>-0     [011] dNh.   291.531719: xhci_inc_deq: CMD 00000000234830f7: enq 0x00000000ffffeac0(0x00000000ffffe000) deq 0x00000000ffffeac0(0x00000000ffffe000) segs 1 stream 0 free_trbs 254 bounce 0 cycle 1
          <idle>-0     [011] dNh.   291.531719: xhci_inc_deq: EVENT 000000009d5b53db: enq 0x00000000ffffc000(0x00000000ffffc000) deq 0x00000000ffffcbf0(0x00000000ffffc000) segs 1 stream 0 free_trbs 254 bounce 0 cycle 0
    kworker/11:2-191   [011] d...   291.531732: xhci_queue_trb: CMD: Get Port Bandwidth Command: ctx 00000000fffad000 slot 0 speed 3 flags C
    kworker/11:2-191   [011] d...   291.531733: xhci_inc_enq: CMD 00000000234830f7: enq 0x00000000ffffead0(0x00000000ffffe000) deq 0x00000000ffffeac0(0x00000000ffffe000) segs 1 stream 0 free_trbs 253 bounce 0 cycle 1
          <idle>-0     [011] d.h.   291.531879: xhci_handle_event: EVENT: TRB 00000000ffffeac0 status 'Success' len 0 slot 0 ep 0 type 'Command Completion Event' flags e:c
          <idle>-0     [011] d.h.   291.531880: xhci_handle_command: CMD: Get Port Bandwidth Command: ctx 00000000fffad000 slot 0 speed 3 flags C
          <idle>-0     [011] dNh.   291.531884: xhci_inc_deq: CMD 00000000234830f7: enq 0x00000000ffffead0(0x00000000ffffe000) deq 0x00000000ffffead0(0x00000000ffffe000) segs 1 stream 0 free_trbs 254 bounce 0 cycle 1
          <idle>-0     [011] dNh.   291.531884: xhci_inc_deq: EVENT 000000009d5b53db: enq 0x00000000ffffc000(0x00000000ffffc000) deq 0x00000000ffffcc00(0x00000000ffffc000) segs 1 stream 0 free_trbs 254 bounce 0 cycle 0
    kworker/11:2-191   [011] ....   291.531897: xhci_dbg_context_change: Available HS bandwidth on root hub port1 - 80 %
    kworker/11:2-191   [011] ....   291.531902: xhci_dbg_context_change: Available HS bandwidth on root hub port2 - 78 %
    kworker/11:2-191   [011] ....   291.531907: xhci_dbg_context_change: Available HS bandwidth on root hub port3 - 73 %
    kworker/11:2-191   [011] ....   291.531912: xhci_dbg_context_change: Available HS bandwidth on root hub port4 - 80 %
    kworker/11:2-191   [011] ....   291.531923: xhci_dbg_context_change: Successful Endpoint Configure command
    kworker/11:2-191   [011] ....   291.531931: xhci_urb_enqueue: ep0out-control: urb 00000000648a6124 pipe 2147485696 slot 7 length 0/0 sgs 0/0 stream 0 flags 00100000
    kworker/11:2-191   [011] d...   291.531932: xhci_queue_trb: CTRL: bRequestType 23 bRequest 03 wValue 0008 wIndex 0001 wLength 0 length 8 TD size 0 intr 0 type 'Setup Stage' flags I:i:c
    kworker/11:2-191   [011] d...   291.531933: xhci_inc_enq: CTRL 0000000057426d46: enq 0x00000000fffa61a0(0x00000000fffa6000) deq 0x00000000fffa6190(0x00000000fffa6000) segs 2 stream 0 free_trbs 508 bounce 0 cycle 1
    kworker/11:2-191   [011] d...   291.531933: xhci_queue_trb: CTRL: Buffer 0000000000000000 length 0 TD size 0 intr 0 type 'Status Stage' flags I:c:e:C
    kworker/11:2-191   [011] d...   291.531933: xhci_inc_enq: CTRL 0000000057426d46: enq 0x00000000fffa61b0(0x00000000fffa6000) deq 0x00000000fffa6190(0x00000000fffa6000) segs 2 stream 0 free_trbs 507 bounce 0 cycle 1
          <idle>-0     [011] d.h.   291.531949: xhci_handle_event: EVENT: TRB 00000000fffa61a0 status 'Success' len 0 slot 7 ep 1 type 'Transfer Event' flags e:c
          <idle>-0     [011] d.h.   291.531950: xhci_handle_transfer: CTRL: Buffer 0000000000000000 length 0 TD size 0 intr 0 type 'Status Stage' flags I:c:e:C
          <idle>-0     [011] d.h.   291.531951: xhci_inc_deq: CTRL 0000000057426d46: enq 0x00000000fffa61b0(0x00000000fffa6000) deq 0x00000000fffa61a0(0x00000000fffa6000) segs 2 stream 0 free_trbs 508 bounce 0 cycle 1
          <idle>-0     [011] d.h.   291.531951: xhci_inc_deq: CTRL 0000000057426d46: enq 0x00000000fffa61b0(0x00000000fffa6000) deq 0x00000000fffa61b0(0x00000000fffa6000) segs 2 stream 0 free_trbs 509 bounce 0 cycle 1
          <idle>-0     [011] d.h.   291.531951: xhci_urb_giveback: ep0out-control: urb 00000000648a6124 pipe 2147485696 slot 7 length 0/0 sgs 0/0 stream 0 flags 00100000
          <idle>-0     [011] dNh.   291.531954: xhci_inc_deq: EVENT 000000009d5b53db: enq 0x00000000ffffc000(0x00000000ffffc000) deq 0x00000000ffffcc10(0x00000000ffffc000) segs 1 stream 0 free_trbs 254 bounce 0 cycle 0
    kworker/11:2-191   [011] ....   291.531959: xhci_urb_enqueue: ep0out-control: urb 00000000648a6124 pipe 2147485696 slot 7 length 0/0 sgs 0/0 stream 0 flags 00100000
    kworker/11:2-191   [011] d...   291.531960: xhci_queue_trb: CTRL: bRequestType 23 bRequest 03 wValue 0008 wIndex 0002 wLength 0 length 8 TD size 0 intr 0 type 'Setup Stage' flags I:i:c
    kworker/11:2-191   [011] d...   291.531960: xhci_inc_enq: CTRL 0000000057426d46: enq 0x00000000fffa61c0(0x00000000fffa6000) deq 0x00000000fffa61b0(0x00000000fffa6000) segs 2 stream 0 free_trbs 508 bounce 0 cycle 1
    kworker/11:2-191   [011] d...   291.531960: xhci_queue_trb: CTRL: Buffer 0000000000000000 length 0 TD size 0 intr 0 type 'Status Stage' flags I:c:e:C
    kworker/11:2-191   [011] d...   291.531960: xhci_inc_enq: CTRL 0000000057426d46: enq 0x00000000fffa61d0(0x00000000fffa6000) deq 0x00000000fffa61b0(0x00000000fffa6000) segs 2 stream 0 free_trbs 507 bounce 0 cycle 1
          <idle>-0     [011] d.h.   291.532005: xhci_handle_event: EVENT: TRB 00000000fffa61c0 status 'Success' len 0 slot 7 ep 1 type 'Transfer Event' flags e:c
          <idle>-0     [011] d.h.   291.532007: xhci_handle_transfer: CTRL: Buffer 0000000000000000 length 0 TD size 0 intr 0 type 'Status Stage' flags I:c:e:C
          <idle>-0     [011] d.h.   291.532008: xhci_inc_deq: CTRL 0000000057426d46: enq 0x00000000fffa61d0(0x00000000fffa6000) deq 0x00000000fffa61c0(0x00000000fffa6000) segs 2 stream 0 free_trbs 508 bounce 0 cycle 1
          <idle>-0     [011] d.h.   291.532008: xhci_inc_deq: CTRL 0000000057426d46: enq 0x00000000fffa61d0(0x00000000fffa6000) deq 0x00000000fffa61d0(0x00000000fffa6000) segs 2 stream 0 free_trbs 509 bounce 0 cycle 1
          <idle>-0     [011] d.h.   291.532009: xhci_urb_giveback: ep0out-control: urb 00000000648a6124 pipe 2147485696 slot 7 length 0/0 sgs 0/0 stream 0 flags 00100000
          <idle>-0     [011] dNh.   291.532013: xhci_inc_deq: EVENT 000000009d5b53db: enq 0x00000000ffffc000(0x00000000ffffc000) deq 0x00000000ffffcc20(0x00000000ffffc000) segs 1 stream 0 free_trbs 254 bounce 0 cycle 0
    kworker/11:2-191   [011] ....   291.532021: xhci_urb_enqueue: ep0out-control: urb 00000000648a6124 pipe 2147485696 slot 7 length 0/0 sgs 0/0 stream 0 flags 00100000
    kworker/11:2-191   [011] d...   291.532023: xhci_queue_trb: CTRL: bRequestType 23 bRequest 03 wValue 0008 wIndex 0003 wLength 0 length 8 TD size 0 intr 0 type 'Setup Stage' flags I:i:c
    kworker/11:2-191   [011] d...   291.532023: xhci_inc_enq: CTRL 0000000057426d46: enq 0x00000000fffa61e0(0x00000000fffa6000) deq 0x00000000fffa61d0(0x00000000fffa6000) segs 2 stream 0 free_trbs 508 bounce 0 cycle 1
    kworker/11:2-191   [011] d...   291.532023: xhci_queue_trb: CTRL: Buffer 0000000000000000 length 0 TD size 0 intr 0 type 'Status Stage' flags I:c:e:C
    kworker/11:2-191   [011] d...   291.532023: xhci_inc_enq: CTRL 0000000057426d46: enq 0x00000000fffa61f0(0x00000000fffa6000) deq 0x00000000fffa61d0(0x00000000fffa6000) segs 2 stream 0 free_trbs 507 bounce 0 cycle 1
          <idle>-0     [011] d.h.   291.532039: xhci_handle_event: EVENT: TRB 00000000fffa61e0 status 'Success' len 0 slot 7 ep 1 type 'Transfer Event' flags e:c
          <idle>-0     [011] d.h.   291.532040: xhci_handle_transfer: CTRL: Buffer 0000000000000000 length 0 TD size 0 intr 0 type 'Status Stage' flags I:c:e:C
          <idle>-0     [011] d.h.   291.532040: xhci_inc_deq: CTRL 0000000057426d46: enq 0x00000000fffa61f0(0x00000000fffa6000) deq 0x00000000fffa61e0(0x00000000fffa6000) segs 2 stream 0 free_trbs 508 bounce 0 cycle 1
          <idle>-0     [011] d.h.   291.532041: xhci_inc_deq: CTRL 0000000057426d46: enq 0x00000000fffa61f0(0x00000000fffa6000) deq 0x00000000fffa61f0(0x00000000fffa6000) segs 2 stream 0 free_trbs 509 bounce 0 cycle 1
          <idle>-0     [011] d.h.   291.532041: xhci_urb_giveback: ep0out-control: urb 00000000648a6124 pipe 2147485696 slot 7 length 0/0 sgs 0/0 stream 0 flags 00100000
          <idle>-0     [011] dNh.   291.532043: xhci_inc_deq: EVENT 000000009d5b53db: enq 0x00000000ffffc000(0x00000000ffffc000) deq 0x00000000ffffcc30(0x00000000ffffc000) segs 1 stream 0 free_trbs 254 bounce 0 cycle 0
    kworker/11:2-191   [011] ....   291.532049: xhci_urb_enqueue: ep0out-control: urb 00000000648a6124 pipe 2147485696 slot 7 length 0/0 sgs 0/0 stream 0 flags 00100000
    kworker/11:2-191   [011] d...   291.532049: xhci_queue_trb: CTRL: bRequestType 23 bRequest 03 wValue 0008 wIndex 0004 wLength 0 length 8 TD size 0 intr 0 type 'Setup Stage' flags I:i:c
    kworker/11:2-191   [011] d...   291.532049: xhci_inc_enq: CTRL 0000000057426d46: enq 0x00000000fffa6200(0x00000000fffa6000) deq 0x00000000fffa61f0(0x00000000fffa6000) segs 2 stream 0 free_trbs 508 bounce 0 cycle 1
    kworker/11:2-191   [011] d...   291.532050: xhci_queue_trb: CTRL: Buffer 0000000000000000 length 0 TD size 0 intr 0 type 'Status Stage' flags I:c:e:C
    kworker/11:2-191   [011] d...   291.532050: xhci_inc_enq: CTRL 0000000057426d46: enq 0x00000000fffa6210(0x00000000fffa6000) deq 0x00000000fffa61f0(0x00000000fffa6000) segs 2 stream 0 free_trbs 507 bounce 0 cycle 1
          <idle>-0     [011] d.h.   291.532098: xhci_handle_event: EVENT: TRB 00000000fffa6200 status 'Success' len 0 slot 7 ep 1 type 'Transfer Event' flags e:c
          <idle>-0     [011] d.h.   291.532099: xhci_handle_transfer: CTRL: Buffer 0000000000000000 length 0 TD size 0 intr 0 type 'Status Stage' flags I:c:e:C
          <idle>-0     [011] d.h.   291.532100: xhci_inc_deq: CTRL 0000000057426d46: enq 0x00000000fffa6210(0x00000000fffa6000) deq 0x00000000fffa6200(0x00000000fffa6000) segs 2 stream 0 free_trbs 508 bounce 0 cycle 1
          <idle>-0     [011] d.h.   291.532101: xhci_inc_deq: CTRL 0000000057426d46: enq 0x00000000fffa6210(0x00000000fffa6000) deq 0x00000000fffa6210(0x00000000fffa6000) segs 2 stream 0 free_trbs 509 bounce 0 cycle 1
          <idle>-0     [011] d.h.   291.532101: xhci_urb_giveback: ep0out-control: urb 00000000648a6124 pipe 2147485696 slot 7 length 0/0 sgs 0/0 stream 0 flags 00100000
          <idle>-0     [011] dNh.   291.532106: xhci_inc_deq: EVENT 000000009d5b53db: enq 0x00000000ffffc000(0x00000000ffffc000) deq 0x00000000ffffcc40(0x00000000ffffc000) segs 1 stream 0 free_trbs 254 bounce 0 cycle 0
    kworker/11:2-191   [011] ....   291.633581: xhci_urb_enqueue: ep0out-control: urb 00000000648a6124 pipe 2147485824 slot 7 length 0/4 sgs 0/0 stream 0 flags 00110200
    kworker/11:2-191   [011] d...   291.633583: xhci_queue_trb: CTRL: bRequestType a3 bRequest 00 wValue 0000 wIndex 0001 wLength 4 length 8 TD size 0 intr 0 type 'Setup Stage' flags I:i:c
    kworker/11:2-191   [011] d...   291.633584: xhci_inc_enq: CTRL 0000000057426d46: enq 0x00000000fffa6220(0x00000000fffa6000) deq 0x00000000fffa6210(0x00000000fffa6000) segs 2 stream 0 free_trbs 508 bounce 0 cycle 1
    kworker/11:2-191   [011] d...   291.633584: xhci_queue_trb: CTRL: Buffer 00000000ffefd198 length 4 TD size 0 intr 0 type 'Data Stage' flags i:i:c:s:I:e:C
    kworker/11:2-191   [011] d...   291.633584: xhci_inc_enq: CTRL 0000000057426d46: enq 0x00000000fffa6230(0x00000000fffa6000) deq 0x00000000fffa6210(0x00000000fffa6000) segs 2 stream 0 free_trbs 507 bounce 0 cycle 1
    kworker/11:2-191   [011] d...   291.633585: xhci_queue_trb: CTRL: Buffer 0000000000000000 length 0 TD size 0 intr 0 type 'Status Stage' flags I:c:e:C
    kworker/11:2-191   [011] d...   291.633585: xhci_inc_enq: CTRL 0000000057426d46: enq 0x00000000fffa6240(0x00000000fffa6000) deq 0x00000000fffa6210(0x00000000fffa6000) segs 2 stream 0 free_trbs 506 bounce 0 cycle 1
          <idle>-0     [011] d.h.   291.633599: xhci_handle_event: EVENT: TRB 00000000fffa6230 status 'Success' len 0 slot 7 ep 1 type 'Transfer Event' flags e:c
          <idle>-0     [011] d.h.   291.633600: xhci_handle_transfer: CTRL: Buffer 0000000000000000 length 0 TD size 0 intr 0 type 'Status Stage' flags I:c:e:C
          <idle>-0     [011] d.h.   291.633601: xhci_inc_deq: CTRL 0000000057426d46: enq 0x00000000fffa6240(0x00000000fffa6000) deq 0x00000000fffa6220(0x00000000fffa6000) segs 2 stream 0 free_trbs 507 bounce 0 cycle 1
          <idle>-0     [011] d.h.   291.633601: xhci_inc_deq: CTRL 0000000057426d46: enq 0x00000000fffa6240(0x00000000fffa6000) deq 0x00000000fffa6230(0x00000000fffa6000) segs 2 stream 0 free_trbs 508 bounce 0 cycle 1
          <idle>-0     [011] d.h.   291.633601: xhci_inc_deq: CTRL 0000000057426d46: enq 0x00000000fffa6240(0x00000000fffa6000) deq 0x00000000fffa6240(0x00000000fffa6000) segs 2 stream 0 free_trbs 509 bounce 0 cycle 1
          <idle>-0     [011] d.h.   291.633602: xhci_urb_giveback: ep0out-control: urb 00000000648a6124 pipe 2147485824 slot 7 length 4/4 sgs 0/0 stream 0 flags 00110200
          <idle>-0     [011] dNh.   291.633606: xhci_inc_deq: EVENT 000000009d5b53db: enq 0x00000000ffffc000(0x00000000ffffc000) deq 0x00000000ffffcc50(0x00000000ffffc000) segs 1 stream 0 free_trbs 254 bounce 0 cycle 0
    kworker/11:2-191   [011] ....   291.633612: xhci_urb_enqueue: ep0out-control: urb 00000000648a6124 pipe 2147485824 slot 7 length 0/4 sgs 0/0 stream 0 flags 00110200
    kworker/11:2-191   [011] d...   291.633613: xhci_queue_trb: CTRL: bRequestType a3 bRequest 00 wValue 0000 wIndex 0002 wLength 4 length 8 TD size 0 intr 0 type 'Setup Stage' flags I:i:c
    kworker/11:2-191   [011] d...   291.633613: xhci_inc_enq: CTRL 0000000057426d46: enq 0x00000000fffa6250(0x00000000fffa6000) deq 0x00000000fffa6240(0x00000000fffa6000) segs 2 stream 0 free_trbs 508 bounce 0 cycle 1
    kworker/11:2-191   [011] d...   291.633613: xhci_queue_trb: CTRL: Buffer 00000000ffeff198 length 4 TD size 0 intr 0 type 'Data Stage' flags i:i:c:s:I:e:C
    kworker/11:2-191   [011] d...   291.633613: xhci_inc_enq: CTRL 0000000057426d46: enq 0x00000000fffa6260(0x00000000fffa6000) deq 0x00000000fffa6240(0x00000000fffa6000) segs 2 stream 0 free_trbs 507 bounce 0 cycle 1
    kworker/11:2-191   [011] d...   291.633614: xhci_queue_trb: CTRL: Buffer 0000000000000000 length 0 TD size 0 intr 0 type 'Status Stage' flags I:c:e:C
    kworker/11:2-191   [011] d...   291.633614: xhci_inc_enq: CTRL 0000000057426d46: enq 0x00000000fffa6270(0x00000000fffa6000) deq 0x00000000fffa6240(0x00000000fffa6000) segs 2 stream 0 free_trbs 506 bounce 0 cycle 1
          <idle>-0     [011] d.h.   291.633664: xhci_handle_event: EVENT: TRB 00000000fffa6260 status 'Success' len 0 slot 7 ep 1 type 'Transfer Event' flags e:c
          <idle>-0     [011] d.h.   291.633665: xhci_handle_transfer: CTRL: Buffer 0000000000000000 length 0 TD size 0 intr 0 type 'Status Stage' flags I:c:e:C
          <idle>-0     [011] d.h.   291.633666: xhci_inc_deq: CTRL 0000000057426d46: enq 0x00000000fffa6270(0x00000000fffa6000) deq 0x00000000fffa6250(0x00000000fffa6000) segs 2 stream 0 free_trbs 507 bounce 0 cycle 1
          <idle>-0     [011] d.h.   291.633667: xhci_inc_deq: CTRL 0000000057426d46: enq 0x00000000fffa6270(0x00000000fffa6000) deq 0x00000000fffa6260(0x00000000fffa6000) segs 2 stream 0 free_trbs 508 bounce 0 cycle 1
          <idle>-0     [011] d.h.   291.633667: xhci_inc_deq: CTRL 0000000057426d46: enq 0x00000000fffa6270(0x00000000fffa6000) deq 0x00000000fffa6270(0x00000000fffa6000) segs 2 stream 0 free_trbs 509 bounce 0 cycle 1
          <idle>-0     [011] d.h.   291.633667: xhci_urb_giveback: ep0out-control: urb 00000000648a6124 pipe 2147485824 slot 7 length 4/4 sgs 0/0 stream 0 flags 00110200
          <idle>-0     [011] dNh.   291.633672: xhci_inc_deq: EVENT 000000009d5b53db: enq 0x00000000ffffc000(0x00000000ffffc000) deq 0x00000000ffffcc60(0x00000000ffffc000) segs 1 stream 0 free_trbs 254 bounce 0 cycle 0
    kworker/11:2-191   [011] ....   291.633683: xhci_urb_enqueue: ep0out-control: urb 00000000648a6124 pipe 2147485824 slot 7 length 0/4 sgs 0/0 stream 0 flags 00110200
    kworker/11:2-191   [011] d...   291.633684: xhci_queue_trb: CTRL: bRequestType a3 bRequest 00 wValue 0000 wIndex 0003 wLength 4 length 8 TD size 0 intr 0 type 'Setup Stage' flags I:i:c
    kworker/11:2-191   [011] d...   291.633684: xhci_inc_enq: CTRL 0000000057426d46: enq 0x00000000fffa6280(0x00000000fffa6000) deq 0x00000000fffa6270(0x00000000fffa6000) segs 2 stream 0 free_trbs 508 bounce 0 cycle 1
    kworker/11:2-191   [011] d...   291.633684: xhci_queue_trb: CTRL: Buffer 00000000fffac198 length 4 TD size 0 intr 0 type 'Data Stage' flags i:i:c:s:I:e:C
    kworker/11:2-191   [011] d...   291.633685: xhci_inc_enq: CTRL 0000000057426d46: enq 0x00000000fffa6290(0x00000000fffa6000) deq 0x00000000fffa6270(0x00000000fffa6000) segs 2 stream 0 free_trbs 507 bounce 0 cycle 1
    kworker/11:2-191   [011] d...   291.633685: xhci_queue_trb: CTRL: Buffer 0000000000000000 length 0 TD size 0 intr 0 type 'Status Stage' flags I:c:e:C
    kworker/11:2-191   [011] d...   291.633685: xhci_inc_enq: CTRL 0000000057426d46: enq 0x00000000fffa62a0(0x00000000fffa6000) deq 0x00000000fffa6270(0x00000000fffa6000) segs 2 stream 0 free_trbs 506 bounce 0 cycle 1
          <idle>-0     [011] d.h.   291.633703: xhci_handle_event: EVENT: TRB 00000000fffa6290 status 'Success' len 0 slot 7 ep 1 type 'Transfer Event' flags e:c
          <idle>-0     [011] d.h.   291.633704: xhci_handle_transfer: CTRL: Buffer 0000000000000000 length 0 TD size 0 intr 0 type 'Status Stage' flags I:c:e:C
          <idle>-0     [011] d.h.   291.633705: xhci_inc_deq: CTRL 0000000057426d46: enq 0x00000000fffa62a0(0x00000000fffa6000) deq 0x00000000fffa6280(0x00000000fffa6000) segs 2 stream 0 free_trbs 507 bounce 0 cycle 1
          <idle>-0     [011] d.h.   291.633705: xhci_inc_deq: CTRL 0000000057426d46: enq 0x00000000fffa62a0(0x00000000fffa6000) deq 0x00000000fffa6290(0x00000000fffa6000) segs 2 stream 0 free_trbs 508 bounce 0 cycle 1
          <idle>-0     [011] d.h.   291.633705: xhci_inc_deq: CTRL 0000000057426d46: enq 0x00000000fffa62a0(0x00000000fffa6000) deq 0x00000000fffa62a0(0x00000000fffa6000) segs 2 stream 0 free_trbs 509 bounce 0 cycle 1
          <idle>-0     [011] d.h.   291.633705: xhci_urb_giveback: ep0out-control: urb 00000000648a6124 pipe 2147485824 slot 7 length 4/4 sgs 0/0 stream 0 flags 00110200
          <idle>-0     [011] dNh.   291.633708: xhci_inc_deq: EVENT 000000009d5b53db: enq 0x00000000ffffc000(0x00000000ffffc000) deq 0x00000000ffffcc70(0x00000000ffffc000) segs 1 stream 0 free_trbs 254 bounce 0 cycle 0
    kworker/11:2-191   [011] ....   291.633714: xhci_urb_enqueue: ep0out-control: urb 00000000648a6124 pipe 2147485824 slot 7 length 0/4 sgs 0/0 stream 0 flags 00110200
    kworker/11:2-191   [011] d...   291.633715: xhci_queue_trb: CTRL: bRequestType a3 bRequest 00 wValue 0000 wIndex 0004 wLength 4 length 8 TD size 0 intr 0 type 'Setup Stage' flags I:i:c
    kworker/11:2-191   [011] d...   291.633715: xhci_inc_enq: CTRL 0000000057426d46: enq 0x00000000fffa62b0(0x00000000fffa6000) deq 0x00000000fffa62a0(0x00000000fffa6000) segs 2 stream 0 free_trbs 508 bounce 0 cycle 1
    kworker/11:2-191   [011] d...   291.633716: xhci_queue_trb: CTRL: Buffer 00000000fffda198 length 4 TD size 0 intr 0 type 'Data Stage' flags i:i:c:s:I:e:C
    kworker/11:2-191   [011] d...   291.633716: xhci_inc_enq: CTRL 0000000057426d46: enq 0x00000000fffa62c0(0x00000000fffa6000) deq 0x00000000fffa62a0(0x00000000fffa6000) segs 2 stream 0 free_trbs 507 bounce 0 cycle 1
    kworker/11:2-191   [011] d...   291.633716: xhci_queue_trb: CTRL: Buffer 0000000000000000 length 0 TD size 0 intr 0 type 'Status Stage' flags I:c:e:C
    kworker/11:2-191   [011] d...   291.633716: xhci_inc_enq: CTRL 0000000057426d46: enq 0x00000000fffa62d0(0x00000000fffa6000) deq 0x00000000fffa62a0(0x00000000fffa6000) segs 2 stream 0 free_trbs 506 bounce 0 cycle 1
          <idle>-0     [011] d.h.   291.633763: xhci_handle_event: EVENT: TRB 00000000fffa62c0 status 'Success' len 0 slot 7 ep 1 type 'Transfer Event' flags e:c
          <idle>-0     [011] d.h.   291.633764: xhci_handle_transfer: CTRL: Buffer 0000000000000000 length 0 TD size 0 intr 0 type 'Status Stage' flags I:c:e:C
          <idle>-0     [011] d.h.   291.633765: xhci_inc_deq: CTRL 0000000057426d46: enq 0x00000000fffa62d0(0x00000000fffa6000) deq 0x00000000fffa62b0(0x00000000fffa6000) segs 2 stream 0 free_trbs 507 bounce 0 cycle 1
          <idle>-0     [011] d.h.   291.633765: xhci_inc_deq: CTRL 0000000057426d46: enq 0x00000000fffa62d0(0x00000000fffa6000) deq 0x00000000fffa62c0(0x00000000fffa6000) segs 2 stream 0 free_trbs 508 bounce 0 cycle 1
          <idle>-0     [011] d.h.   291.633766: xhci_inc_deq: CTRL 0000000057426d46: enq 0x00000000fffa62d0(0x00000000fffa6000) deq 0x00000000fffa62d0(0x00000000fffa6000) segs 2 stream 0 free_trbs 509 bounce 0 cycle 1
          <idle>-0     [011] d.h.   291.633766: xhci_urb_giveback: ep0out-control: urb 00000000648a6124 pipe 2147485824 slot 7 length 4/4 sgs 0/0 stream 0 flags 00110200
          <idle>-0     [011] dNh.   291.633771: xhci_inc_deq: EVENT 000000009d5b53db: enq 0x00000000ffffc000(0x00000000ffffc000) deq 0x00000000ffffcc80(0x00000000ffffc000) segs 1 stream 0 free_trbs 254 bounce 0 cycle 0
    kworker/11:2-191   [011] ....   291.633781: xhci_urb_enqueue: ep1in-intr: urb 0000000041137007 pipe 1077971072 slot 7 length 0/1 sgs 0/0 stream 0 flags 00010200
    kworker/11:2-191   [011] d...   291.633783: xhci_queue_trb: INTR: Buffer 00000000fffdc190 length 1 TD size 0 intr 0 type 'Normal' flags b:i:I:c:s:I:e:c
    kworker/11:2-191   [011] d...   291.633783: xhci_inc_enq: INTR 0000000076973ff7: enq 0x00000000fffdf010(0x00000000fffdf000) deq 0x00000000fffdf000(0x00000000fffdf000) segs 2 stream 0 free_trbs 508 bounce 1 cycle 1
