# tracer: nop
#
# entries-in-buffer/entries-written: 410/410   #P:12
#
#                              _-----=> irqs-off
#                             / _----=> need-resched
#                            | / _---=> hardirq/softirq
#                            || / _--=> preempt-depth
#                            ||| /     delay
#           TASK-PID   CPU#  ||||    TIMESTAMP  FUNCTION
#              | |       |   ||||       |         |
          <idle>-0     [011] d.h.   291.110533: xhci_handle_event: EVENT: TRB 0000000002000000 status 'Success' len 0 slot 0 ep 0 type 'Port Status Change Event' flags e:c
          <idle>-0     [011] d.h.   291.110546: xhci_handle_port_status: port-1: Powered Connected Disabled Link:Polling PortSpeed:1 Change: CSC Wake: 
          <idle>-0     [011] d.h.   291.110548: xhci_inc_deq: EVENT 000000009d5b53db: enq 0x00000000ffffc000(0x00000000ffffc000) deq 0x00000000ffffca30(0x00000000ffffc000) segs 1 stream 0 free_trbs 254 bounce 0 cycle 0
          <idle>-0     [011] d.h.   291.110552: xhci_hub_status_data: port-0: Powered Not-connected Disabled Link:RxDetect PortSpeed:0 Change: Wake: 
          <idle>-0     [011] d.h.   291.110552: xhci_hub_status_data: port-1: Powered Connected Disabled Link:Polling PortSpeed:1 Change: CSC Wake: 
          <idle>-0     [011] d.h.   291.110553: xhci_hub_status_data: port-2: Powered Connected Enabled Link:U0 PortSpeed:3 Change: Wake: 
          <idle>-0     [011] d.h.   291.110554: xhci_hub_status_data: port-3: Powered Not-connected Disabled Link:RxDetect PortSpeed:0 Change: Wake: 
    kworker/11:2-191   [011] d...   291.110585: xhci_get_port_status: port-1: Powered Connected Disabled Link:Polling PortSpeed:1 Change: CSC Wake: 
    kworker/11:2-191   [011] d...   291.110615: xhci_get_port_status: port-1: Powered Connected Disabled Link:Polling PortSpeed:1 Change: Wake: 
    kworker/11:2-191   [011] d...   291.145588: xhci_get_port_status: port-1: Powered Connected Disabled Link:Polling PortSpeed:1 Change: Wake: 
    kworker/11:2-191   [011] d...   291.181587: xhci_get_port_status: port-1: Powered Connected Disabled Link:Polling PortSpeed:1 Change: Wake: 
    kworker/11:2-191   [011] d...   291.217586: xhci_get_port_status: port-1: Powered Connected Disabled Link:Polling PortSpeed:1 Change: Wake: 
    kworker/11:2-191   [011] d...   291.253586: xhci_get_port_status: port-1: Powered Connected Disabled Link:Polling PortSpeed:1 Change: Wake: 
    kworker/11:2-191   [011] d...   291.253608: xhci_queue_trb: CMD: Enable Slot Command: flags C
    kworker/11:2-191   [011] d...   291.253608: xhci_inc_enq: CMD 00000000234830f7: enq 0x00000000ffffea00(0x00000000ffffe000) deq 0x00000000ffffe9f0(0x00000000ffffe000) segs 1 stream 0 free_trbs 253 bounce 0 cycle 1
          <idle>-0     [011] d.h.   291.253622: xhci_handle_event: EVENT: TRB 00000000ffffe9f0 status 'Success' len 0 slot 7 ep 0 type 'Command Completion Event' flags e:c
          <idle>-0     [011] d.h.   291.253623: xhci_handle_command: CMD: Enable Slot Command: flags C
          <idle>-0     [011] dNh.   291.253625: xhci_inc_deq: CMD 00000000234830f7: enq 0x00000000ffffea00(0x00000000ffffe000) deq 0x00000000ffffea00(0x00000000ffffe000) segs 1 stream 0 free_trbs 254 bounce 0 cycle 1
          <idle>-0     [011] dNh.   291.253626: xhci_inc_deq: EVENT 000000009d5b53db: enq 0x00000000ffffc000(0x00000000ffffc000) deq 0x00000000ffffca40(0x00000000ffffc000) segs 1 stream 0 free_trbs 254 bounce 0 cycle 0
    kworker/11:2-191   [011] ....   291.253642: xhci_ring_alloc: CTRL 0000000057426d46: enq 0x00000000fffa6000(0x00000000fffa6000) deq 0x00000000fffa6000(0x00000000fffa6000) segs 2 stream 0 free_trbs 509 bounce 0 cycle 1
    kworker/11:2-191   [011] ....   291.253645: xhci_alloc_virt_device: vdev 00000000bfc7ee8d ctx fffae000 | fffe1000 num 0 state 0 speed 0 port 0 level 0 slot 0
    kworker/11:2-191   [011] ....   291.253646: xhci_alloc_dev: RS 00000 UNKNOWN speed Ctx Entries 0 MEL 0 us Port# 0/0 [TT Slot 0 Port# 0 TTT 0 Intr 0] Addr 0 State enabled/disabled
          <idle>-0     [011] d.s.   291.261574: xhci_hub_status_data: port-0: Powered Not-connected Disabled Link:RxDetect PortSpeed:0 Change: Wake: 
          <idle>-0     [011] d.s.   291.261575: xhci_hub_status_data: port-1: Powered Connected Disabled Link:Unknown PortSpeed:3 In-Reset Change: Wake: 
          <idle>-0     [011] d.s.   291.261576: xhci_hub_status_data: port-2: Powered Connected Enabled Link:U0 PortSpeed:3 Change: Wake: 
          <idle>-0     [011] d.s.   291.261577: xhci_hub_status_data: port-3: Powered Not-connected Disabled Link:RxDetect PortSpeed:0 Change: Wake: 
          <idle>-0     [011] d.h.   291.311026: xhci_handle_event: EVENT: TRB 0000000002000000 status 'Success' len 0 slot 0 ep 0 type 'Port Status Change Event' flags e:c
          <idle>-0     [011] d.h.   291.311032: xhci_handle_port_status: port-1: Powered Connected Enabled Link:U0 PortSpeed:3 Change: PRC Wake: 
          <idle>-0     [011] d.h.   291.311033: xhci_inc_deq: EVENT 000000009d5b53db: enq 0x00000000ffffc000(0x00000000ffffc000) deq 0x00000000ffffca50(0x00000000ffffc000) segs 1 stream 0 free_trbs 254 bounce 0 cycle 0
          <idle>-0     [011] d.h.   291.311036: xhci_hub_status_data: port-0: Powered Not-connected Disabled Link:RxDetect PortSpeed:0 Change: Wake: 
          <idle>-0     [011] d.h.   291.311037: xhci_hub_status_data: port-1: Powered Connected Enabled Link:U0 PortSpeed:3 Change: PRC Wake: 
          <idle>-0     [011] d.h.   291.311038: xhci_hub_status_data: port-2: Powered Connected Enabled Link:U0 PortSpeed:3 Change: Wake: 
          <idle>-0     [011] d.h.   291.311038: xhci_hub_status_data: port-3: Powered Not-connected Disabled Link:RxDetect PortSpeed:0 Change: Wake: 
    kworker/11:2-191   [011] d...   291.321600: xhci_get_port_status: port-1: Powered Connected Enabled Link:U0 PortSpeed:3 Change: PRC Wake: 
    kworker/11:2-191   [011] ....   291.381587: xhci_setup_device_slot: RS 00000 UNKNOWN speed Ctx Entries 0 MEL 0 us Port# 0/0 [TT Slot 0 Port# 0 TTT 0 Intr 0] Addr 0 State enabled/disabled
    kworker/11:2-191   [011] ....   291.381597: xhci_setup_addressable_virt_device: vdev 00000000bfc7ee8d ctx fffae000 | fffe1000 num 0 state 5 speed 3 port 2 level 1 slot 7
    kworker/11:2-191   [011] ....   291.381598: xhci_address_ctx: ctx_64=0, ctx_type=2, ctx_dma=@fffae000, ctx_va=@0000000046b1be97
    kworker/11:2-191   [011] ....   291.381598: xhci_address_ctrl_ctx: Add: slot ep0
    kworker/11:2-191   [011] d...   291.381598: xhci_setup_device: vdev 00000000bfc7ee8d ctx fffae000 | fffe1000 num 0 state 5 speed 3 port 2 level 1 slot 7
    kworker/11:2-191   [011] d...   291.381600: xhci_queue_trb: CMD: Address Device Command: ctx 00000000fffae000 slot 7 flags B:C
    kworker/11:2-191   [011] d...   291.381600: xhci_inc_enq: CMD 00000000234830f7: enq 0x00000000ffffea10(0x00000000ffffe000) deq 0x00000000ffffea00(0x00000000ffffe000) segs 1 stream 0 free_trbs 253 bounce 0 cycle 1
          <idle>-0     [011] d.h.   291.381613: xhci_handle_event: EVENT: TRB 00000000ffffea00 status 'Success' len 0 slot 7 ep 0 type 'Command Completion Event' flags e:c
          <idle>-0     [011] d.h.   291.381614: xhci_handle_command: CMD: Address Device Command: ctx 00000000fffae000 slot 7 flags B:C
          <idle>-0     [011] d.h.   291.381614: xhci_handle_cmd_addr_dev: RS 00000 high-speed Ctx Entries 1 MEL 0 us Port# 2/0 [TT Slot 0 Port# 0 TTT 0 Intr 0] Addr 0 State default
          <idle>-0     [011] dNh.   291.381616: xhci_inc_deq: CMD 00000000234830f7: enq 0x00000000ffffea10(0x00000000ffffe000) deq 0x00000000ffffea10(0x00000000ffffe000) segs 1 stream 0 free_trbs 254 bounce 0 cycle 1
          <idle>-0     [011] dNh.   291.381616: xhci_inc_deq: EVENT 000000009d5b53db: enq 0x00000000ffffc000(0x00000000ffffc000) deq 0x00000000ffffca60(0x00000000ffffc000) segs 1 stream 0 free_trbs 254 bounce 0 cycle 0
    kworker/11:2-191   [011] ....   291.381622: xhci_dbg_address: Successful setup context command
    kworker/11:2-191   [011] ....   291.381626: xhci_dbg_address: Op regs DCBAA ptr = 0x000000fffff000
    kworker/11:2-191   [011] ....   291.381629: xhci_dbg_address: Slot ID 7 dcbaa entry @0000000012dcc356 = 0x000000fffe1000
    kworker/11:2-191   [011] ....   291.381632: xhci_dbg_address: Output Context DMA address = 0xfffe1000
    kworker/11:2-191   [011] ....   291.381633: xhci_address_ctx: ctx_64=0, ctx_type=2, ctx_dma=@fffae000, ctx_va=@0000000046b1be97
    kworker/11:2-191   [011] ....   291.381634: xhci_address_ctx: ctx_64=0, ctx_type=1, ctx_dma=@fffe1000, ctx_va=@000000000913fbd7
    kworker/11:2-191   [011] ....   291.381635: xhci_dbg_address: Internal device address = 0
    kworker/11:2-191   [011] ....   291.381642: xhci_urb_enqueue: ep0out-control: urb 0000000041137007 pipe 2147483776 slot 7 length 0/64 sgs 0/0 stream 0 flags 00110200
    kworker/11:2-191   [011] d...   291.381643: xhci_queue_trb: CTRL: bRequestType 80 bRequest 06 wValue 0100 wIndex 0000 wLength 64 length 8 TD size 0 intr 0 type 'Setup Stage' flags I:i:c
    kworker/11:2-191   [011] d...   291.381643: xhci_inc_enq: CTRL 0000000057426d46: enq 0x00000000fffa6010(0x00000000fffa6000) deq 0x00000000fffa6000(0x00000000fffa6000) segs 2 stream 0 free_trbs 508 bounce 0 cycle 1
    kworker/11:2-191   [011] d...   291.381644: xhci_queue_trb: CTRL: Buffer 00000000fffb4800 length 64 TD size 0 intr 0 type 'Data Stage' flags i:i:c:s:I:e:C
    kworker/11:2-191   [011] d...   291.381644: xhci_inc_enq: CTRL 0000000057426d46: enq 0x00000000fffa6020(0x00000000fffa6000) deq 0x00000000fffa6000(0x00000000fffa6000) segs 2 stream 0 free_trbs 507 bounce 0 cycle 1
    kworker/11:2-191   [011] d...   291.381644: xhci_queue_trb: CTRL: Buffer 0000000000000000 length 0 TD size 0 intr 0 type 'Status Stage' flags I:c:e:C
    kworker/11:2-191   [011] d...   291.381644: xhci_inc_enq: CTRL 0000000057426d46: enq 0x00000000fffa6030(0x00000000fffa6000) deq 0x00000000fffa6000(0x00000000fffa6000) segs 2 stream 0 free_trbs 506 bounce 0 cycle 1
          <idle>-0     [011] d.h.   291.381659: xhci_handle_event: EVENT: TRB 00000000fffa6010 status 'Short Packet' len 46 slot 7 ep 1 type 'Transfer Event' flags e:c
          <idle>-0     [011] d.h.   291.381660: xhci_handle_transfer: CTRL: Buffer 00000000fffb4800 length 64 TD size 0 intr 0 type 'Data Stage' flags i:i:c:s:I:e:C
          <idle>-0     [011] d.h.   291.381664: xhci_inc_deq: EVENT 000000009d5b53db: enq 0x00000000ffffc000(0x00000000ffffc000) deq 0x00000000ffffca70(0x00000000ffffc000) segs 1 stream 0 free_trbs 254 bounce 0 cycle 0
          <idle>-0     [011] d.h.   291.381664: xhci_handle_event: EVENT: TRB 00000000fffa6020 status 'Success' len 0 slot 7 ep 1 type 'Transfer Event' flags e:c
          <idle>-0     [011] d.h.   291.381664: xhci_handle_transfer: CTRL: Buffer 0000000000000000 length 0 TD size 0 intr 0 type 'Status Stage' flags I:c:e:C
          <idle>-0     [011] d.h.   291.381665: xhci_inc_deq: CTRL 0000000057426d46: enq 0x00000000fffa6030(0x00000000fffa6000) deq 0x00000000fffa6010(0x00000000fffa6000) segs 2 stream 0 free_trbs 507 bounce 0 cycle 1
          <idle>-0     [011] d.h.   291.381665: xhci_inc_deq: CTRL 0000000057426d46: enq 0x00000000fffa6030(0x00000000fffa6000) deq 0x00000000fffa6020(0x00000000fffa6000) segs 2 stream 0 free_trbs 508 bounce 0 cycle 1
          <idle>-0     [011] d.h.   291.381665: xhci_inc_deq: CTRL 0000000057426d46: enq 0x00000000fffa6030(0x00000000fffa6000) deq 0x00000000fffa6030(0x00000000fffa6000) segs 2 stream 0 free_trbs 509 bounce 0 cycle 1
          <idle>-0     [011] d.h.   291.381666: xhci_urb_giveback: ep0out-control: urb 0000000041137007 pipe 2147483776 slot 7 length 18/64 sgs 0/0 stream 0 flags 00110200
          <idle>-0     [011] dNh.   291.381671: xhci_inc_deq: EVENT 000000009d5b53db: enq 0x00000000ffffc000(0x00000000ffffc000) deq 0x00000000ffffca80(0x00000000ffffc000) segs 1 stream 0 free_trbs 254 bounce 0 cycle 0
          <idle>-0     [011] d.h.   291.439020: xhci_handle_event: EVENT: TRB 0000000002000000 status 'Success' len 0 slot 0 ep 0 type 'Port Status Change Event' flags e:c
          <idle>-0     [011] d.h.   291.439027: xhci_handle_port_status: port-1: Powered Connected Enabled Link:U0 PortSpeed:3 Change: PRC Wake: 
          <idle>-0     [011] d.h.   291.439028: xhci_inc_deq: EVENT 000000009d5b53db: enq 0x00000000ffffc000(0x00000000ffffc000) deq 0x00000000ffffca90(0x00000000ffffc000) segs 1 stream 0 free_trbs 254 bounce 0 cycle 0
          <idle>-0     [011] d.h.   291.439031: xhci_hub_status_data: port-0: Powered Not-connected Disabled Link:RxDetect PortSpeed:0 Change: Wake: 
          <idle>-0     [011] d.h.   291.439031: xhci_hub_status_data: port-1: Powered Connected Enabled Link:U0 PortSpeed:3 Change: PRC Wake: 
          <idle>-0     [011] d.h.   291.439032: xhci_hub_status_data: port-2: Powered Connected Enabled Link:U0 PortSpeed:3 Change: Wake: 
          <idle>-0     [011] d.h.   291.439033: xhci_hub_status_data: port-3: Powered Not-connected Disabled Link:RxDetect PortSpeed:0 Change: Wake: 
    kworker/11:2-191   [011] d...   291.449596: xhci_get_port_status: port-1: Powered Connected Enabled Link:U0 PortSpeed:3 Change: PRC Wake: 
          <idle>-0     [011] dNs.   291.509571: xhci_hub_status_data: port-0: Powered Not-connected Disabled Link:RxDetect PortSpeed:0 Change: Wake: 
          <idle>-0     [011] dNs.   291.509572: xhci_hub_status_data: port-1: Powered Connected Enabled Link:U0 PortSpeed:3 Change: Wake: 
          <idle>-0     [011] dNs.   291.509573: xhci_hub_status_data: port-2: Powered Connected Enabled Link:U0 PortSpeed:3 Change: Wake: 
          <idle>-0     [011] dNs.   291.509574: xhci_hub_status_data: port-3: Powered Not-connected Disabled Link:RxDetect PortSpeed:0 Change: Wake: 
    kworker/11:2-191   [011] ....   291.509592: xhci_discover_or_reset_device: RS 00000 high-speed Ctx Entries 1 MEL 0 us Port# 2/0 [TT Slot 0 Port# 0 TTT 0 Intr 0] Addr 0 State default
    kworker/11:2-191   [011] d...   291.509597: xhci_queue_trb: CMD: Reset Device Command: slot 7 flags C
    kworker/11:2-191   [011] d...   291.509597: xhci_inc_enq: CMD 00000000234830f7: enq 0x00000000ffffea20(0x00000000ffffe000) deq 0x00000000ffffea10(0x00000000ffffe000) segs 1 stream 0 free_trbs 253 bounce 0 cycle 1
          <idle>-0     [011] d.h.   291.509604: xhci_handle_event: EVENT: TRB 00000000ffffea10 status 'Context State Error' len 0 slot 7 ep 0 type 'Command Completion Event' flags e:c
          <idle>-0     [011] d.h.   291.509604: xhci_handle_command: CMD: Reset Device Command: slot 7 flags C
          <idle>-0     [011] d.h.   291.509605: xhci_handle_cmd_reset_dev: RS 00000 high-speed Ctx Entries 1 MEL 0 us Port# 2/0 [TT Slot 0 Port# 0 TTT 0 Intr 0] Addr 0 State default
          <idle>-0     [011] dNh.   291.509608: xhci_inc_deq: CMD 00000000234830f7: enq 0x00000000ffffea20(0x00000000ffffe000) deq 0x00000000ffffea20(0x00000000ffffe000) segs 1 stream 0 free_trbs 254 bounce 0 cycle 1
          <idle>-0     [011] dNh.   291.509609: xhci_inc_deq: EVENT 000000009d5b53db: enq 0x00000000ffffc000(0x00000000ffffc000) deq 0x00000000ffffcaa0(0x00000000ffffc000) segs 1 stream 0 free_trbs 254 bounce 0 cycle 0
    kworker/11:2-191   [011] ....   291.509620: xhci_setup_device_slot: RS 00000 high-speed Ctx Entries 1 MEL 0 us Port# 2/0 [TT Slot 0 Port# 0 TTT 0 Intr 0] Addr 0 State default
    kworker/11:2-191   [011] ....   291.509621: xhci_address_ctx: ctx_64=0, ctx_type=2, ctx_dma=@fffae000, ctx_va=@0000000046b1be97
    kworker/11:2-191   [011] ....   291.509621: xhci_address_ctrl_ctx: Add: slot ep0
    kworker/11:2-191   [011] d...   291.509622: xhci_setup_device: vdev 00000000bfc7ee8d ctx fffae000 | fffe1000 num 0 state 5 speed 3 port 2 level 1 slot 7
    kworker/11:2-191   [011] d...   291.509623: xhci_queue_trb: CMD: Address Device Command: ctx 00000000fffae000 slot 7 flags b:C
    kworker/11:2-191   [011] d...   291.509623: xhci_inc_enq: CMD 00000000234830f7: enq 0x00000000ffffea30(0x00000000ffffe000) deq 0x00000000ffffea20(0x00000000ffffe000) segs 1 stream 0 free_trbs 253 bounce 0 cycle 1
          <idle>-0     [011] d.h.   291.509691: xhci_handle_event: EVENT: TRB 00000000ffffea20 status 'Success' len 0 slot 7 ep 0 type 'Command Completion Event' flags e:c
          <idle>-0     [011] d.h.   291.509692: xhci_handle_command: CMD: Address Device Command: ctx 00000000fffae000 slot 7 flags b:C
          <idle>-0     [011] d.h.   291.509693: xhci_handle_cmd_addr_dev: RS 00000 high-speed Ctx Entries 1 MEL 0 us Port# 2/0 [TT Slot 0 Port# 0 TTT 0 Intr 0] Addr 7 State addressed
          <idle>-0     [011] dNh.   291.509696: xhci_inc_deq: CMD 00000000234830f7: enq 0x00000000ffffea30(0x00000000ffffe000) deq 0x00000000ffffea30(0x00000000ffffe000) segs 1 stream 0 free_trbs 254 bounce 0 cycle 1
          <idle>-0     [011] dNh.   291.509696: xhci_inc_deq: EVENT 000000009d5b53db: enq 0x00000000ffffc000(0x00000000ffffc000) deq 0x00000000ffffcab0(0x00000000ffffc000) segs 1 stream 0 free_trbs 254 bounce 0 cycle 0
    kworker/11:2-191   [011] ....   291.509705: xhci_dbg_address: Successful setup address command
    kworker/11:2-191   [011] ....   291.509710: xhci_dbg_address: Op regs DCBAA ptr = 0x000000fffff000
    kworker/11:2-191   [011] ....   291.509713: xhci_dbg_address: Slot ID 7 dcbaa entry @0000000012dcc356 = 0x000000fffe1000
    kworker/11:2-191   [011] ....   291.509716: xhci_dbg_address: Output Context DMA address = 0xfffe1000
    kworker/11:2-191   [011] ....   291.509717: xhci_address_ctx: ctx_64=0, ctx_type=2, ctx_dma=@fffae000, ctx_va=@0000000046b1be97
    kworker/11:2-191   [011] ....   291.509717: xhci_address_ctx: ctx_64=0, ctx_type=1, ctx_dma=@fffe1000, ctx_va=@000000000913fbd7
    kworker/11:2-191   [011] ....   291.509719: xhci_dbg_address: Internal device address = 0
    kworker/11:2-191   [011] ....   291.529581: xhci_urb_enqueue: ep0out-control: urb 0000000041137007 pipe 2147485824 slot 7 length 0/18 sgs 0/0 stream 0 flags 00110200
    kworker/11:2-191   [011] d...   291.529583: xhci_queue_trb: CTRL: bRequestType 80 bRequest 06 wValue 0100 wIndex 0000 wLength 18 length 8 TD size 0 intr 0 type 'Setup Stage' flags I:i:c
    kworker/11:2-191   [011] d...   291.529584: xhci_inc_enq: CTRL 0000000057426d46: enq 0x00000000fffa6040(0x00000000fffa6000) deq 0x00000000fffa6030(0x00000000fffa6000) segs 2 stream 0 free_trbs 508 bounce 0 cycle 1
    kworker/11:2-191   [011] d...   291.529584: xhci_queue_trb: CTRL: Buffer 00000000fffdb100 length 18 TD size 0 intr 0 type 'Data Stage' flags i:i:c:s:I:e:C
    kworker/11:2-191   [011] d...   291.529584: xhci_inc_enq: CTRL 0000000057426d46: enq 0x00000000fffa6050(0x00000000fffa6000) deq 0x00000000fffa6030(0x00000000fffa6000) segs 2 stream 0 free_trbs 507 bounce 0 cycle 1
    kworker/11:2-191   [011] d...   291.529584: xhci_queue_trb: CTRL: Buffer 0000000000000000 length 0 TD size 0 intr 0 type 'Status Stage' flags I:c:e:C
    kworker/11:2-191   [011] d...   291.529585: xhci_inc_enq: CTRL 0000000057426d46: enq 0x00000000fffa6060(0x00000000fffa6000) deq 0x00000000fffa6030(0x00000000fffa6000) segs 2 stream 0 free_trbs 506 bounce 0 cycle 1
          <idle>-0     [011] d.h.   291.529602: xhci_handle_event: EVENT: TRB 00000000fffa6050 status 'Success' len 0 slot 7 ep 1 type 'Transfer Event' flags e:c
          <idle>-0     [011] d.h.   291.529603: xhci_handle_transfer: CTRL: Buffer 0000000000000000 length 0 TD size 0 intr 0 type 'Status Stage' flags I:c:e:C
          <idle>-0     [011] d.h.   291.529604: xhci_inc_deq: CTRL 0000000057426d46: enq 0x00000000fffa6060(0x00000000fffa6000) deq 0x00000000fffa6040(0x00000000fffa6000) segs 2 stream 0 free_trbs 507 bounce 0 cycle 1
          <idle>-0     [011] d.h.   291.529604: xhci_inc_deq: CTRL 0000000057426d46: enq 0x00000000fffa6060(0x00000000fffa6000) deq 0x00000000fffa6050(0x00000000fffa6000) segs 2 stream 0 free_trbs 508 bounce 0 cycle 1
          <idle>-0     [011] d.h.   291.529604: xhci_inc_deq: CTRL 0000000057426d46: enq 0x00000000fffa6060(0x00000000fffa6000) deq 0x00000000fffa6060(0x00000000fffa6000) segs 2 stream 0 free_trbs 509 bounce 0 cycle 1
          <idle>-0     [011] d.h.   291.529605: xhci_urb_giveback: ep0out-control: urb 0000000041137007 pipe 2147485824 slot 7 length 18/18 sgs 0/0 stream 0 flags 00110200
          <idle>-0     [011] dNh.   291.529610: xhci_inc_deq: EVENT 000000009d5b53db: enq 0x00000000ffffc000(0x00000000ffffc000) deq 0x00000000ffffcac0(0x00000000ffffc000) segs 1 stream 0 free_trbs 254 bounce 0 cycle 0
    kworker/11:2-191   [011] ....   291.529621: xhci_urb_enqueue: ep0out-control: urb 0000000041137007 pipe 2147485824 slot 7 length 0/9 sgs 0/0 stream 0 flags 00110200
    kworker/11:2-191   [011] d...   291.529621: xhci_queue_trb: CTRL: bRequestType 80 bRequest 06 wValue 0200 wIndex 0000 wLength 9 length 8 TD size 0 intr 0 type 'Setup Stage' flags I:i:c
    kworker/11:2-191   [011] d...   291.529622: xhci_inc_enq: CTRL 0000000057426d46: enq 0x00000000fffa6070(0x00000000fffa6000) deq 0x00000000fffa6060(0x00000000fffa6000) segs 2 stream 0 free_trbs 508 bounce 0 cycle 1
    kworker/11:2-191   [011] d...   291.529622: xhci_queue_trb: CTRL: Buffer 00000000fffb52c0 length 9 TD size 0 intr 0 type 'Data Stage' flags i:i:c:s:I:e:C
    kworker/11:2-191   [011] d...   291.529622: xhci_inc_enq: CTRL 0000000057426d46: enq 0x00000000fffa6080(0x00000000fffa6000) deq 0x00000000fffa6060(0x00000000fffa6000) segs 2 stream 0 free_trbs 507 bounce 0 cycle 1
    kworker/11:2-191   [011] d...   291.529622: xhci_queue_trb: CTRL: Buffer 0000000000000000 length 0 TD size 0 intr 0 type 'Status Stage' flags I:c:e:C
    kworker/11:2-191   [011] d...   291.529623: xhci_inc_enq: CTRL 0000000057426d46: enq 0x00000000fffa6090(0x00000000fffa6000) deq 0x00000000fffa6060(0x00000000fffa6000) segs 2 stream 0 free_trbs 506 bounce 0 cycle 1
          <idle>-0     [011] d.h.   291.529669: xhci_handle_event: EVENT: TRB 00000000fffa6080 status 'Success' len 0 slot 7 ep 1 type 'Transfer Event' flags e:c
          <idle>-0     [011] d.h.   291.529671: xhci_handle_transfer: CTRL: Buffer 0000000000000000 length 0 TD size 0 intr 0 type 'Status Stage' flags I:c:e:C
          <idle>-0     [011] d.h.   291.529672: xhci_inc_deq: CTRL 0000000057426d46: enq 0x00000000fffa6090(0x00000000fffa6000) deq 0x00000000fffa6070(0x00000000fffa6000) segs 2 stream 0 free_trbs 507 bounce 0 cycle 1
          <idle>-0     [011] d.h.   291.529672: xhci_inc_deq: CTRL 0000000057426d46: enq 0x00000000fffa6090(0x00000000fffa6000) deq 0x00000000fffa6080(0x00000000fffa6000) segs 2 stream 0 free_trbs 508 bounce 0 cycle 1
          <idle>-0     [011] d.h.   291.529672: xhci_inc_deq: CTRL 0000000057426d46: enq 0x00000000fffa6090(0x00000000fffa6000) deq 0x00000000fffa6090(0x00000000fffa6000) segs 2 stream 0 free_trbs 509 bounce 0 cycle 1
          <idle>-0     [011] d.h.   291.529673: xhci_urb_giveback: ep0out-control: urb 0000000041137007 pipe 2147485824 slot 7 length 9/9 sgs 0/0 stream 0 flags 00110200
          <idle>-0     [011] dNh.   291.529678: xhci_inc_deq: EVENT 000000009d5b53db: enq 0x00000000ffffc000(0x00000000ffffc000) deq 0x00000000ffffcad0(0x00000000ffffc000) segs 1 stream 0 free_trbs 254 bounce 0 cycle 0
    kworker/11:2-191   [011] ....   291.529688: xhci_urb_enqueue: ep0out-control: urb 0000000041137007 pipe 2147485824 slot 7 length 0/41 sgs 0/0 stream 0 flags 00110200
    kworker/11:2-191   [011] d...   291.529690: xhci_queue_trb: CTRL: bRequestType 80 bRequest 06 wValue 0200 wIndex 0000 wLength 41 length 8 TD size 0 intr 0 type 'Setup Stage' flags I:i:c
    kworker/11:2-191   [011] d...   291.529690: xhci_inc_enq: CTRL 0000000057426d46: enq 0x00000000fffa60a0(0x00000000fffa6000) deq 0x00000000fffa6090(0x00000000fffa6000) segs 2 stream 0 free_trbs 508 bounce 0 cycle 1
    kworker/11:2-191   [011] d...   291.529690: xhci_queue_trb: CTRL: Buffer 00000000fffd8800 length 41 TD size 0 intr 0 type 'Data Stage' flags i:i:c:s:I:e:C
    kworker/11:2-191   [011] d...   291.529690: xhci_inc_enq: CTRL 0000000057426d46: enq 0x00000000fffa60b0(0x00000000fffa6000) deq 0x00000000fffa6090(0x00000000fffa6000) segs 2 stream 0 free_trbs 507 bounce 0 cycle 1
    kworker/11:2-191   [011] d...   291.529691: xhci_queue_trb: CTRL: Buffer 0000000000000000 length 0 TD size 0 intr 0 type 'Status Stage' flags I:c:e:C
    kworker/11:2-191   [011] d...   291.529691: xhci_inc_enq: CTRL 0000000057426d46: enq 0x00000000fffa60c0(0x00000000fffa6000) deq 0x00000000fffa6090(0x00000000fffa6000) segs 2 stream 0 free_trbs 506 bounce 0 cycle 1
          <idle>-0     [011] d.h.   291.529708: xhci_handle_event: EVENT: TRB 00000000fffa60b0 status 'Success' len 0 slot 7 ep 1 type 'Transfer Event' flags e:c
          <idle>-0     [011] d.h.   291.529709: xhci_handle_transfer: CTRL: Buffer 0000000000000000 length 0 TD size 0 intr 0 type 'Status Stage' flags I:c:e:C
          <idle>-0     [011] d.h.   291.529710: xhci_inc_deq: CTRL 0000000057426d46: enq 0x00000000fffa60c0(0x00000000fffa6000) deq 0x00000000fffa60a0(0x00000000fffa6000) segs 2 stream 0 free_trbs 507 bounce 0 cycle 1
          <idle>-0     [011] d.h.   291.529710: xhci_inc_deq: CTRL 0000000057426d46: enq 0x00000000fffa60c0(0x00000000fffa6000) deq 0x00000000fffa60b0(0x00000000fffa6000) segs 2 stream 0 free_trbs 508 bounce 0 cycle 1
          <idle>-0     [011] d.h.   291.529710: xhci_inc_deq: CTRL 0000000057426d46: enq 0x00000000fffa60c0(0x00000000fffa6000) deq 0x00000000fffa60c0(0x00000000fffa6000) segs 2 stream 0 free_trbs 509 bounce 0 cycle 1
          <idle>-0     [011] d.h.   291.529711: xhci_urb_giveback: ep0out-control: urb 0000000041137007 pipe 2147485824 slot 7 length 41/41 sgs 0/0 stream 0 flags 00110200
          <idle>-0     [011] dNh.   291.529713: xhci_inc_deq: EVENT 000000009d5b53db: enq 0x00000000ffffc000(0x00000000ffffc000) deq 0x00000000ffffcae0(0x00000000ffffc000) segs 1 stream 0 free_trbs 254 bounce 0 cycle 0
    kworker/11:2-191   [011] ....   291.529891: xhci_ring_alloc: INTR 000000007ca719db: enq 0x00000000fffcb000(0x00000000fffcb000) deq 0x00000000fffcb000(0x00000000fffcb000) segs 2 stream 0 free_trbs 509 bounce 1 cycle 1
    kworker/11:2-191   [011] ....   291.529893: xhci_add_endpoint: State disabled mult 1 max P. Streams 0 interval 256000 us max ESIT payload 1 CErr 3 Type Int IN burst 0 maxp 1 deq 00000000fffcb001 avg trb len 1
    kworker/11:2-191   [011] d...   291.529908: xhci_configure_endpoint_ctrl_ctx: Add: slot 1in
    kworker/11:2-191   [011] d...   291.529908: xhci_configure_endpoint: RS 00000 high-speed Ctx Entries 3 MEL 0 us Port# 2/0 [TT Slot 0 Port# 0 TTT 0 Intr 0] Addr 0 State enabled/disabled
    kworker/11:2-191   [011] d...   291.529910: xhci_queue_trb: CMD: Configure Endpoint Command: ctx 00000000fffae000 slot 7 flags d:C
    kworker/11:2-191   [011] d...   291.529910: xhci_inc_enq: CMD 00000000234830f7: enq 0x00000000ffffea40(0x00000000ffffe000) deq 0x00000000ffffea30(0x00000000ffffe000) segs 1 stream 0 free_trbs 253 bounce 0 cycle 1
          <idle>-0     [011] d.h.   291.530093: xhci_handle_event: EVENT: TRB 00000000ffffea30 status 'Success' len 0 slot 7 ep 0 type 'Command Completion Event' flags e:c
          <idle>-0     [011] d.h.   291.530094: xhci_handle_command: CMD: Configure Endpoint Command: ctx 00000000fffae000 slot 7 flags d:C
          <idle>-0     [011] dNh.   291.530097: xhci_inc_deq: CMD 00000000234830f7: enq 0x00000000ffffea40(0x00000000ffffe000) deq 0x00000000ffffea40(0x00000000ffffe000) segs 1 stream 0 free_trbs 254 bounce 0 cycle 1
          <idle>-0     [011] dNh.   291.530097: xhci_inc_deq: EVENT 000000009d5b53db: enq 0x00000000ffffc000(0x00000000ffffc000) deq 0x00000000ffffcaf0(0x00000000ffffc000) segs 1 stream 0 free_trbs 254 bounce 0 cycle 0
    kworker/11:2-191   [011] d...   291.530107: xhci_queue_trb: CMD: Get Port Bandwidth Command: ctx 00000000fffbc000 slot 0 speed 3 flags C
    kworker/11:2-191   [011] d...   291.530108: xhci_inc_enq: CMD 00000000234830f7: enq 0x00000000ffffea50(0x00000000ffffe000) deq 0x00000000ffffea40(0x00000000ffffe000) segs 1 stream 0 free_trbs 253 bounce 0 cycle 1
          <idle>-0     [011] d.h.   291.530252: xhci_handle_event: EVENT: TRB 00000000ffffea40 status 'Success' len 0 slot 0 ep 0 type 'Command Completion Event' flags e:c
          <idle>-0     [011] d.h.   291.530253: xhci_handle_command: CMD: Get Port Bandwidth Command: ctx 00000000fffbc000 slot 0 speed 3 flags C
          <idle>-0     [011] dNh.   291.530257: xhci_inc_deq: CMD 00000000234830f7: enq 0x00000000ffffea50(0x00000000ffffe000) deq 0x00000000ffffea50(0x00000000ffffe000) segs 1 stream 0 free_trbs 254 bounce 0 cycle 1
          <idle>-0     [011] dNh.   291.530257: xhci_inc_deq: EVENT 000000009d5b53db: enq 0x00000000ffffc000(0x00000000ffffc000) deq 0x00000000ffffcb00(0x00000000ffffc000) segs 1 stream 0 free_trbs 254 bounce 0 cycle 0
    kworker/11:2-191   [011] ....   291.530270: xhci_dbg_context_change: Available HS bandwidth on root hub port1 - 80 %
    kworker/11:2-191   [011] ....   291.530275: xhci_dbg_context_change: Available HS bandwidth on root hub port2 - 78 %
    kworker/11:2-191   [011] ....   291.530280: xhci_dbg_context_change: Available HS bandwidth on root hub port3 - 73 %
    kworker/11:2-191   [011] ....   291.530285: xhci_dbg_context_change: Available HS bandwidth on root hub port4 - 80 %
    kworker/11:2-191   [011] ....   291.530298: xhci_dbg_context_change: Successful Endpoint Configure command
    kworker/11:2-191   [011] d...   291.530303: xhci_queue_trb: CMD: Stop Ring Command: slot 7 sp 0 ep 3 flags C
    kworker/11:2-191   [011] d...   291.530303: xhci_inc_enq: CMD 00000000234830f7: enq 0x00000000ffffea60(0x00000000ffffe000) deq 0x00000000ffffea50(0x00000000ffffe000) segs 1 stream 0 free_trbs 253 bounce 0 cycle 1
          <idle>-0     [011] d.h.   291.530322: xhci_handle_event: EVENT: TRB 00000000fffcb000 status 'Stopped - Length Invalid' len 0 slot 7 ep 3 type 'Transfer Event' flags e:c
          <idle>-0     [011] d.h.   291.530325: xhci_inc_deq: EVENT 000000009d5b53db: enq 0x00000000ffffc000(0x00000000ffffc000) deq 0x00000000ffffcb10(0x00000000ffffc000) segs 1 stream 0 free_trbs 254 bounce 0 cycle 0
          <idle>-0     [011] d.h.   291.530326: xhci_handle_event: EVENT: TRB 00000000ffffea50 status 'Success' len 0 slot 7 ep 0 type 'Command Completion Event' flags e:c
          <idle>-0     [011] d.h.   291.530326: xhci_handle_command: CMD: Stop Ring Command: slot 7 sp 0 ep 3 flags C
          <idle>-0     [011] dNh.   291.530328: xhci_inc_deq: CMD 00000000234830f7: enq 0x00000000ffffea60(0x00000000ffffe000) deq 0x00000000ffffea60(0x00000000ffffe000) segs 1 stream 0 free_trbs 254 bounce 0 cycle 1
          <idle>-0     [011] dNh.   291.530328: xhci_inc_deq: EVENT 000000009d5b53db: enq 0x00000000ffffc000(0x00000000ffffc000) deq 0x00000000ffffcb20(0x00000000ffffc000) segs 1 stream 0 free_trbs 254 bounce 0 cycle 0
    kworker/11:2-191   [011] d...   291.530332: xhci_queue_trb: CMD: Configure Endpoint Command: ctx 00000000fffbd000 slot 7 flags d:C
    kworker/11:2-191   [011] d...   291.530332: xhci_inc_enq: CMD 00000000234830f7: enq 0x00000000ffffea70(0x00000000ffffe000) deq 0x00000000ffffea60(0x00000000ffffe000) segs 1 stream 0 free_trbs 253 bounce 0 cycle 1
          <idle>-0     [011] d.h.   291.530517: xhci_handle_event: EVENT: TRB 00000000ffffea60 status 'Success' len 0 slot 7 ep 0 type 'Command Completion Event' flags e:c
          <idle>-0     [011] d.h.   291.530518: xhci_handle_command: CMD: Configure Endpoint Command: ctx 00000000fffbd000 slot 7 flags d:C
          <idle>-0     [011] dNh.   291.530522: xhci_inc_deq: CMD 00000000234830f7: enq 0x00000000ffffea70(0x00000000ffffe000) deq 0x00000000ffffea70(0x00000000ffffe000) segs 1 stream 0 free_trbs 254 bounce 0 cycle 1
          <idle>-0     [011] dNh.   291.530522: xhci_inc_deq: EVENT 000000009d5b53db: enq 0x00000000ffffc000(0x00000000ffffc000) deq 0x00000000ffffcb30(0x00000000ffffc000) segs 1 stream 0 free_trbs 254 bounce 0 cycle 0
    kworker/11:2-191   [011] ....   291.530533: xhci_urb_enqueue: ep0out-control: urb 0000000041137007 pipe 2147485696 slot 7 length 0/0 sgs 0/0 stream 0 flags 00100000
    kworker/11:2-191   [011] d...   291.530535: xhci_queue_trb: CTRL: bRequestType 00 bRequest 09 wValue 0001 wIndex 0000 wLength 0 length 8 TD size 0 intr 0 type 'Setup Stage' flags I:i:c
    kworker/11:2-191   [011] d...   291.530535: xhci_inc_enq: CTRL 0000000057426d46: enq 0x00000000fffa60d0(0x00000000fffa6000) deq 0x00000000fffa60c0(0x00000000fffa6000) segs 2 stream 0 free_trbs 508 bounce 0 cycle 1
    kworker/11:2-191   [011] d...   291.530535: xhci_queue_trb: CTRL: Buffer 0000000000000000 length 0 TD size 0 intr 0 type 'Status Stage' flags I:c:e:C
    kworker/11:2-191   [011] d...   291.530535: xhci_inc_enq: CTRL 0000000057426d46: enq 0x00000000fffa60e0(0x00000000fffa6000) deq 0x00000000fffa60c0(0x00000000fffa6000) segs 2 stream 0 free_trbs 507 bounce 0 cycle 1
          <idle>-0     [011] d.h.   291.530551: xhci_handle_event: EVENT: TRB 00000000fffa60d0 status 'Success' len 0 slot 7 ep 1 type 'Transfer Event' flags e:c
          <idle>-0     [011] d.h.   291.530552: xhci_handle_transfer: CTRL: Buffer 0000000000000000 length 0 TD size 0 intr 0 type 'Status Stage' flags I:c:e:C
          <idle>-0     [011] d.h.   291.530553: xhci_inc_deq: CTRL 0000000057426d46: enq 0x00000000fffa60e0(0x00000000fffa6000) deq 0x00000000fffa60d0(0x00000000fffa6000) segs 2 stream 0 free_trbs 508 bounce 0 cycle 1
          <idle>-0     [011] d.h.   291.530553: xhci_inc_deq: CTRL 0000000057426d46: enq 0x00000000fffa60e0(0x00000000fffa6000) deq 0x00000000fffa60e0(0x00000000fffa6000) segs 2 stream 0 free_trbs 509 bounce 0 cycle 1
          <idle>-0     [011] d.h.   291.530554: xhci_urb_giveback: ep0out-control: urb 0000000041137007 pipe 2147485696 slot 7 length 0/0 sgs 0/0 stream 0 flags 00100000
          <idle>-0     [011] dNh.   291.530556: xhci_inc_deq: EVENT 000000009d5b53db: enq 0x00000000ffffc000(0x00000000ffffc000) deq 0x00000000ffffcb40(0x00000000ffffc000) segs 1 stream 0 free_trbs 254 bounce 0 cycle 0
    kworker/11:2-191   [011] ....   291.530608: xhci_urb_enqueue: ep0out-control: urb 0000000041137007 pipe 2147485824 slot 7 length 0/15 sgs 0/0 stream 0 flags 00110200
    kworker/11:2-191   [011] d...   291.530609: xhci_queue_trb: CTRL: bRequestType a0 bRequest 06 wValue 2900 wIndex 0000 wLength 15 length 8 TD size 0 intr 0 type 'Setup Stage' flags I:i:c
    kworker/11:2-191   [011] d...   291.530609: xhci_inc_enq: CTRL 0000000057426d46: enq 0x00000000fffa60f0(0x00000000fffa6000) deq 0x00000000fffa60e0(0x00000000fffa6000) segs 2 stream 0 free_trbs 508 bounce 0 cycle 1
    kworker/11:2-191   [011] d...   291.530609: xhci_queue_trb: CTRL: Buffer 00000000fffdd0c0 length 15 TD size 0 intr 0 type 'Data Stage' flags i:i:c:s:I:e:C
    kworker/11:2-191   [011] d...   291.530610: xhci_inc_enq: CTRL 0000000057426d46: enq 0x00000000fffa6100(0x00000000fffa6000) deq 0x00000000fffa60e0(0x00000000fffa6000) segs 2 stream 0 free_trbs 507 bounce 0 cycle 1
    kworker/11:2-191   [011] d...   291.530610: xhci_queue_trb: CTRL: Buffer 0000000000000000 length 0 TD size 0 intr 0 type 'Status Stage' flags I:c:e:C
    kworker/11:2-191   [011] d...   291.530610: xhci_inc_enq: CTRL 0000000057426d46: enq 0x00000000fffa6110(0x00000000fffa6000) deq 0x00000000fffa60e0(0x00000000fffa6000) segs 2 stream 0 free_trbs 506 bounce 0 cycle 1
          <idle>-0     [011] d.h.   291.530625: xhci_handle_event: EVENT: TRB 00000000fffa60f0 status 'Short Packet' len 6 slot 7 ep 1 type 'Transfer Event' flags e:c
          <idle>-0     [011] d.h.   291.530626: xhci_handle_transfer: CTRL: Buffer 00000000fffdd0c0 length 15 TD size 0 intr 0 type 'Data Stage' flags i:i:c:s:I:e:C
          <idle>-0     [011] d.h.   291.530629: xhci_inc_deq: EVENT 000000009d5b53db: enq 0x00000000ffffc000(0x00000000ffffc000) deq 0x00000000ffffcb50(0x00000000ffffc000) segs 1 stream 0 free_trbs 254 bounce 0 cycle 0
          <idle>-0     [011] d.h.   291.530629: xhci_handle_event: EVENT: TRB 00000000fffa6100 status 'Success' len 0 slot 7 ep 1 type 'Transfer Event' flags e:c
          <idle>-0     [011] d.h.   291.530629: xhci_handle_transfer: CTRL: Buffer 0000000000000000 length 0 TD size 0 intr 0 type 'Status Stage' flags I:c:e:C
          <idle>-0     [011] d.h.   291.530630: xhci_inc_deq: CTRL 0000000057426d46: enq 0x00000000fffa6110(0x00000000fffa6000) deq 0x00000000fffa60f0(0x00000000fffa6000) segs 2 stream 0 free_trbs 507 bounce 0 cycle 1
          <idle>-0     [011] d.h.   291.530630: xhci_inc_deq: CTRL 0000000057426d46: enq 0x00000000fffa6110(0x00000000fffa6000) deq 0x00000000fffa6100(0x00000000fffa6000) segs 2 stream 0 free_trbs 508 bounce 0 cycle 1
          <idle>-0     [011] d.h.   291.530630: xhci_inc_deq: CTRL 0000000057426d46: enq 0x00000000fffa6110(0x00000000fffa6000) deq 0x00000000fffa6110(0x00000000fffa6000) segs 2 stream 0 free_trbs 509 bounce 0 cycle 1
          <idle>-0     [011] d.h.   291.530631: xhci_urb_giveback: ep0out-control: urb 0000000041137007 pipe 2147485824 slot 7 length 9/15 sgs 0/0 stream 0 flags 00110200
          <idle>-0     [011] dNh.   291.530634: xhci_inc_deq: EVENT 000000009d5b53db: enq 0x00000000ffffc000(0x00000000ffffc000) deq 0x00000000ffffcb60(0x00000000ffffc000) segs 1 stream 0 free_trbs 254 bounce 0 cycle 0
    kworker/11:2-191   [011] ....   291.530669: xhci_ring_alloc: INTR 0000000076973ff7: enq 0x00000000fffdf000(0x00000000fffdf000) deq 0x00000000fffdf000(0x00000000fffdf000) segs 2 stream 0 free_trbs 509 bounce 1 cycle 1
    kworker/11:2-191   [011] ....   291.530670: xhci_add_endpoint: State disabled mult 1 max P. Streams 0 interval 256000 us max ESIT payload 1 CErr 3 Type Int IN burst 0 maxp 1 deq 00000000fffdf001 avg trb len 1
    kworker/11:2-191   [011] d...   291.530689: xhci_configure_endpoint_ctrl_ctx: Drop: 1in, Add: slot 1in
    kworker/11:2-191   [011] d...   291.530689: xhci_configure_endpoint: RS 00000 high-speed Ctx Entries 3 MEL 0 us Port# 2/0 [TT Slot 0 Port# 0 TTT 0 Intr 0] Addr 0 State enabled/disabled
    kworker/11:2-191   [011] d...   291.530690: xhci_queue_trb: CMD: Configure Endpoint Command: ctx 00000000fffae000 slot 7 flags d:C
    kworker/11:2-191   [011] d...   291.530691: xhci_inc_enq: CMD 00000000234830f7: enq 0x00000000ffffea80(0x00000000ffffe000) deq 0x00000000ffffea70(0x00000000ffffe000) segs 1 stream 0 free_trbs 253 bounce 0 cycle 1
          <idle>-0     [011] d.h.   291.530874: xhci_handle_event: EVENT: TRB 00000000ffffea70 status 'Success' len 0 slot 7 ep 0 type 'Command Completion Event' flags e:c
          <idle>-0     [011] d.h.   291.530875: xhci_handle_command: CMD: Configure Endpoint Command: ctx 00000000fffae000 slot 7 flags d:C
          <idle>-0     [011] dNh.   291.530878: xhci_inc_deq: CMD 00000000234830f7: enq 0x00000000ffffea80(0x00000000ffffe000) deq 0x00000000ffffea80(0x00000000ffffe000) segs 1 stream 0 free_trbs 254 bounce 0 cycle 1
          <idle>-0     [011] dNh.   291.530879: xhci_inc_deq: EVENT 000000009d5b53db: enq 0x00000000ffffc000(0x00000000ffffc000) deq 0x00000000ffffcb70(0x00000000ffffc000) segs 1 stream 0 free_trbs 254 bounce 0 cycle 0
    kworker/11:2-191   [011] d...   291.530887: xhci_queue_trb: CMD: Get Port Bandwidth Command: ctx 00000000fffaa000 slot 0 speed 3 flags C
    kworker/11:2-191   [011] d...   291.530888: xhci_inc_enq: CMD 00000000234830f7: enq 0x00000000ffffea90(0x00000000ffffe000) deq 0x00000000ffffea80(0x00000000ffffe000) segs 1 stream 0 free_trbs 253 bounce 0 cycle 1
          <idle>-0     [011] d.h.   291.531032: xhci_handle_event: EVENT: TRB 00000000ffffea80 status 'Success' len 0 slot 0 ep 0 type 'Command Completion Event' flags e:c
          <idle>-0     [011] d.h.   291.531033: xhci_handle_command: CMD: Get Port Bandwidth Command: ctx 00000000fffaa000 slot 0 speed 3 flags C
          <idle>-0     [011] dNh.   291.531036: xhci_inc_deq: CMD 00000000234830f7: enq 0x00000000ffffea90(0x00000000ffffe000) deq 0x00000000ffffea90(0x00000000ffffe000) segs 1 stream 0 free_trbs 254 bounce 0 cycle 1
          <idle>-0     [011] dNh.   291.531037: xhci_inc_deq: EVENT 000000009d5b53db: enq 0x00000000ffffc000(0x00000000ffffc000) deq 0x00000000ffffcb80(0x00000000ffffc000) segs 1 stream 0 free_trbs 254 bounce 0 cycle 0
    kworker/11:2-191   [011] ....   291.531050: xhci_dbg_context_change: Available HS bandwidth on root hub port1 - 80 %
    kworker/11:2-191   [011] ....   291.531055: xhci_dbg_context_change: Available HS bandwidth on root hub port2 - 78 %
    kworker/11:2-191   [011] ....   291.531060: xhci_dbg_context_change: Available HS bandwidth on root hub port3 - 73 %
    kworker/11:2-191   [011] ....   291.531065: xhci_dbg_context_change: Available HS bandwidth on root hub port4 - 80 %
    kworker/11:2-191   [011] ....   291.531076: xhci_dbg_context_change: Successful Endpoint Configure command
    kworker/11:2-191   [011] ....   291.531077: xhci_ring_free: INTR 000000007ca719db: enq 0x00000000fffcb000(0x00000000fffcb000) deq 0x00000000fffcb000(0x00000000fffcb000) segs 2 stream 0 free_trbs 509 bounce 1 cycle 1
    kworker/11:2-191   [011] ....   291.531081: xhci_urb_enqueue: ep0out-control: urb 0000000041137007 pipe 2147485696 slot 7 length 0/0 sgs 0/0 stream 0 flags 00100000
    kworker/11:2-191   [011] d...   291.531082: xhci_queue_trb: CTRL: bRequestType 01 bRequest 0b wValue 0001 wIndex 0000 wLength 0 length 8 TD size 0 intr 0 type 'Setup Stage' flags I:i:c
    kworker/11:2-191   [011] d...   291.531083: xhci_inc_enq: CTRL 0000000057426d46: enq 0x00000000fffa6120(0x00000000fffa6000) deq 0x00000000fffa6110(0x00000000fffa6000) segs 2 stream 0 free_trbs 508 bounce 0 cycle 1
    kworker/11:2-191   [011] d...   291.531083: xhci_queue_trb: CTRL: Buffer 0000000000000000 length 0 TD size 0 intr 0 type 'Status Stage' flags I:c:e:C
    kworker/11:2-191   [011] d...   291.531083: xhci_inc_enq: CTRL 0000000057426d46: enq 0x00000000fffa6130(0x00000000fffa6000) deq 0x00000000fffa6110(0x00000000fffa6000) segs 2 stream 0 free_trbs 507 bounce 0 cycle 1
          <idle>-0     [011] d.h.   291.531099: xhci_handle_event: EVENT: TRB 00000000fffa6120 status 'Success' len 0 slot 7 ep 1 type 'Transfer Event' flags e:c
          <idle>-0     [011] d.h.   291.531100: xhci_handle_transfer: CTRL: Buffer 0000000000000000 length 0 TD size 0 intr 0 type 'Status Stage' flags I:c:e:C
          <idle>-0     [011] d.h.   291.531100: xhci_inc_deq: CTRL 0000000057426d46: enq 0x00000000fffa6130(0x00000000fffa6000) deq 0x00000000fffa6120(0x00000000fffa6000) segs 2 stream 0 free_trbs 508 bounce 0 cycle 1
          <idle>-0     [011] d.h.   291.531101: xhci_inc_deq: CTRL 0000000057426d46: enq 0x00000000fffa6130(0x00000000fffa6000) deq 0x00000000fffa6130(0x00000000fffa6000) segs 2 stream 0 free_trbs 509 bounce 0 cycle 1
          <idle>-0     [011] d.h.   291.531101: xhci_urb_giveback: ep0out-control: urb 0000000041137007 pipe 2147485696 slot 7 length 0/0 sgs 0/0 stream 0 flags 00100000
          <idle>-0     [011] dNh.   291.531104: xhci_inc_deq: EVENT 000000009d5b53db: enq 0x00000000ffffc000(0x00000000ffffc000) deq 0x00000000ffffcb90(0x00000000ffffc000) segs 1 stream 0 free_trbs 254 bounce 0 cycle 0
    kworker/11:2-191   [011] d...   291.531111: xhci_queue_trb: CMD: Stop Ring Command: slot 7 sp 0 ep 3 flags C
    kworker/11:2-191   [011] d...   291.531112: xhci_inc_enq: CMD 00000000234830f7: enq 0x00000000ffffeaa0(0x00000000ffffe000) deq 0x00000000ffffea90(0x00000000ffffe000) segs 1 stream 0 free_trbs 253 bounce 0 cycle 1
          <idle>-0     [011] d.h.   291.531162: xhci_handle_event: EVENT: TRB 00000000fffdf000 status 'Stopped - Length Invalid' len 0 slot 7 ep 3 type 'Transfer Event' flags e:c
          <idle>-0     [011] d.h.   291.531168: xhci_inc_deq: EVENT 000000009d5b53db: enq 0x00000000ffffc000(0x00000000ffffc000) deq 0x00000000ffffcba0(0x00000000ffffc000) segs 1 stream 0 free_trbs 254 bounce 0 cycle 0
          <idle>-0     [011] d.h.   291.531169: xhci_handle_event: EVENT: TRB 00000000ffffea90 status 'Success' len 0 slot 7 ep 0 type 'Command Completion Event' flags e:c
          <idle>-0     [011] d.h.   291.531169: xhci_handle_command: CMD: Stop Ring Command: slot 7 sp 0 ep 3 flags C
          <idle>-0     [011] dNh.   291.531172: xhci_inc_deq: CMD 00000000234830f7: enq 0x00000000ffffeaa0(0x00000000ffffe000) deq 0x00000000ffffeaa0(0x00000000ffffe000) segs 1 stream 0 free_trbs 254 bounce 0 cycle 1
          <idle>-0     [011] dNh.   291.531172: xhci_inc_deq: EVENT 000000009d5b53db: enq 0x00000000ffffc000(0x00000000ffffc000) deq 0x00000000ffffcbb0(0x00000000ffffc000) segs 1 stream 0 free_trbs 254 bounce 0 cycle 0
    kworker/11:2-191   [011] d...   291.531178: xhci_queue_trb: CMD: Configure Endpoint Command: ctx 00000000fffbd000 slot 7 flags d:C
    kworker/11:2-191   [011] d...   291.531178: xhci_inc_enq: CMD 00000000234830f7: enq 0x00000000ffffeab0(0x00000000ffffe000) deq 0x00000000ffffeaa0(0x00000000ffffe000) segs 1 stream 0 free_trbs 253 bounce 0 cycle 1
          <idle>-0     [011] d.h.   291.531362: xhci_handle_event: EVENT: TRB 00000000ffffeaa0 status 'Success' len 0 slot 7 ep 0 type 'Command Completion Event' flags e:c
          <idle>-0     [011] d.h.   291.531363: xhci_handle_command: CMD: Configure Endpoint Command: ctx 00000000fffbd000 slot 7 flags d:C
          <idle>-0     [011] dNh.   291.531367: xhci_inc_deq: CMD 00000000234830f7: enq 0x00000000ffffeab0(0x00000000ffffe000) deq 0x00000000ffffeab0(0x00000000ffffe000) segs 1 stream 0 free_trbs 254 bounce 0 cycle 1
          <idle>-0     [011] dNh.   291.531367: xhci_inc_deq: EVENT 000000009d5b53db: enq 0x00000000ffffc000(0x00000000ffffc000) deq 0x00000000ffffcbc0(0x00000000ffffc000) segs 1 stream 0 free_trbs 254 bounce 0 cycle 0
    kworker/11:2-191   [011] ....   291.531398: xhci_urb_enqueue: ep0out-control: urb 0000000041137007 pipe 2147485824 slot 7 length 0/2 sgs 0/0 stream 0 flags 00110200
    kworker/11:2-191   [011] d...   291.531399: xhci_queue_trb: CTRL: bRequestType 80 bRequest 00 wValue 0000 wIndex 0000 wLength 2 length 8 TD size 0 intr 0 type 'Setup Stage' flags I:i:c
    kworker/11:2-191   [011] d...   291.531400: xhci_inc_enq: CTRL 0000000057426d46: enq 0x00000000fffa6140(0x00000000fffa6000) deq 0x00000000fffa6130(0x00000000fffa6000) segs 2 stream 0 free_trbs 508 bounce 0 cycle 1
    kworker/11:2-191   [011] d...   291.531400: xhci_queue_trb: CTRL: Buffer 00000000fffda170 length 2 TD size 0 intr 0 type 'Data Stage' flags i:i:c:s:I:e:C
    kworker/11:2-191   [011] d...   291.531400: xhci_inc_enq: CTRL 0000000057426d46: enq 0x00000000fffa6150(0x00000000fffa6000) deq 0x00000000fffa6130(0x00000000fffa6000) segs 2 stream 0 free_trbs 507 bounce 0 cycle 1
    kworker/11:2-191   [011] d...   291.531401: xhci_queue_trb: CTRL: Buffer 0000000000000000 length 0 TD size 0 intr 0 type 'Status Stage' flags I:c:e:C
    kworker/11:2-191   [011] d...   291.531401: xhci_inc_enq: CTRL 0000000057426d46: enq 0x00000000fffa6160(0x00000000fffa6000) deq 0x00000000fffa6130(0x00000000fffa6000) segs 2 stream 0 free_trbs 506 bounce 0 cycle 1
          <idle>-0     [011] d.h.   291.531417: xhci_handle_event: EVENT: TRB 00000000fffa6150 status 'Success' len 0 slot 7 ep 1 type 'Transfer Event' flags e:c
          <idle>-0     [011] d.h.   291.531418: xhci_handle_transfer: CTRL: Buffer 0000000000000000 length 0 TD size 0 intr 0 type 'Status Stage' flags I:c:e:C
          <idle>-0     [011] d.h.   291.531418: xhci_inc_deq: CTRL 0000000057426d46: enq 0x00000000fffa6160(0x00000000fffa6000) deq 0x00000000fffa6140(0x00000000fffa6000) segs 2 stream 0 free_trbs 507 bounce 0 cycle 1
          <idle>-0     [011] d.h.   291.531419: xhci_inc_deq: CTRL 0000000057426d46: enq 0x00000000fffa6160(0x00000000fffa6000) deq 0x00000000fffa6150(0x00000000fffa6000) segs 2 stream 0 free_trbs 508 bounce 0 cycle 1
          <idle>-0     [011] d.h.   291.531419: xhci_inc_deq: CTRL 0000000057426d46: enq 0x00000000fffa6160(0x00000000fffa6000) deq 0x00000000fffa6160(0x00000000fffa6000) segs 2 stream 0 free_trbs 509 bounce 0 cycle 1
          <idle>-0     [011] d.h.   291.531419: xhci_urb_giveback: ep0out-control: urb 0000000041137007 pipe 2147485824 slot 7 length 2/2 sgs 0/0 stream 0 flags 00110200
          <idle>-0     [011] dNh.   291.531423: xhci_inc_deq: EVENT 000000009d5b53db: enq 0x00000000ffffc000(0x00000000ffffc000) deq 0x00000000ffffcbd0(0x00000000ffffc000) segs 1 stream 0 free_trbs 254 bounce 0 cycle 0
    kworker/11:2-191   [011] ....   291.531428: xhci_urb_enqueue: ep0out-control: urb 0000000041137007 pipe 2147485824 slot 7 length 0/4 sgs 0/0 stream 0 flags 00110200
    kworker/11:2-191   [011] d...   291.531429: xhci_queue_trb: CTRL: bRequestType a0 bRequest 00 wValue 0000 wIndex 0000 wLength 4 length 8 TD size 0 intr 0 type 'Setup Stage' flags I:i:c
    kworker/11:2-191   [011] d...   291.531429: xhci_inc_enq: CTRL 0000000057426d46: enq 0x00000000fffa6170(0x00000000fffa6000) deq 0x00000000fffa6160(0x00000000fffa6000) segs 2 stream 0 free_trbs 508 bounce 0 cycle 1
    kworker/11:2-191   [011] d...   291.531429: xhci_queue_trb: CTRL: Buffer 00000000fffac198 length 4 TD size 0 intr 0 type 'Data Stage' flags i:i:c:s:I:e:C
    kworker/11:2-191   [011] d...   291.531430: xhci_inc_enq: CTRL 0000000057426d46: enq 0x00000000fffa6180(0x00000000fffa6000) deq 0x00000000fffa6160(0x00000000fffa6000) segs 2 stream 0 free_trbs 507 bounce 0 cycle 1
    kworker/11:2-191   [011] d...   291.531430: xhci_queue_trb: CTRL: Buffer 0000000000000000 length 0 TD size 0 intr 0 type 'Status Stage' flags I:c:e:C
    kworker/11:2-191   [011] d...   291.531430: xhci_inc_enq: CTRL 0000000057426d46: enq 0x00000000fffa6190(0x00000000fffa6000) deq 0x00000000fffa6160(0x00000000fffa6000) segs 2 stream 0 free_trbs 506 bounce 0 cycle 1
          <idle>-0     [011] d.h.   291.531477: xhci_handle_event: EVENT: TRB 00000000fffa6180 status 'Success' len 0 slot 7 ep 1 type 'Transfer Event' flags e:c
