flight 107546 linux-4.9 real [real]
http://logs.test-lab.xenproject.org/osstest/logs/107546/

Regressions :-(

Tests which did not succeed and are blocking,
including tests which could not be run:
 test-armhf-armhf-xl-credit2   6 xen-boot                 fail REGR. vs. 107358

Tests which are failing intermittently (not blocking):
 test-amd64-i386-xl-qemuu-debianhvm-amd64 16 guest-stop fail in 107532 pass in 
107546
 test-amd64-amd64-xl-qemut-win7-amd64 13 guest-localmigrate fail pass in 107532

Regressions which are regarded as allowable (not blocking):
 test-amd64-i386-xl-qemuu-win7-amd64 16 guest-stop        fail REGR. vs. 107358
 test-amd64-amd64-xl-qemut-win7-amd64 16 guest-stop  fail in 107532 like 107358
 test-armhf-armhf-xl           6 xen-boot                     fail  like 107358
 test-armhf-armhf-xl-xsm       6 xen-boot                     fail  like 107358
 test-armhf-armhf-xl-rtds      6 xen-boot                     fail  like 107358
 test-armhf-armhf-libvirt-xsm  6 xen-boot                     fail  like 107358
 test-armhf-armhf-libvirt-raw  6 xen-boot                     fail  like 107358
 test-armhf-armhf-xl-multivcpu  6 xen-boot                     fail like 107358
 test-armhf-armhf-xl-vhd       6 xen-boot                     fail  like 107358
 test-armhf-armhf-libvirt      6 xen-boot                     fail  like 107358

Tests which did not succeed, but are not blocking:
 test-amd64-i386-libvirt-xsm  12 migrate-support-check        fail   never pass
 test-amd64-i386-libvirt      12 migrate-support-check        fail   never pass
 test-amd64-amd64-libvirt     12 migrate-support-check        fail   never pass
 test-amd64-amd64-libvirt-xsm 12 migrate-support-check        fail   never pass
 test-arm64-arm64-xl          12 migrate-support-check        fail   never pass
 test-arm64-arm64-xl          13 saverestore-support-check    fail   never pass
 test-arm64-arm64-libvirt     12 migrate-support-check        fail   never pass
 test-arm64-arm64-libvirt     13 saverestore-support-check    fail   never pass
 test-arm64-arm64-xl-credit2  12 migrate-support-check        fail   never pass
 test-arm64-arm64-xl-credit2  13 saverestore-support-check    fail   never pass
 test-arm64-arm64-xl-multivcpu 12 migrate-support-check        fail  never pass
 test-arm64-arm64-xl-multivcpu 13 saverestore-support-check    fail  never pass
 test-arm64-arm64-xl-xsm      12 migrate-support-check        fail   never pass
 test-arm64-arm64-xl-xsm      13 saverestore-support-check    fail   never pass
 test-arm64-arm64-libvirt-xsm 12 migrate-support-check        fail   never pass
 test-arm64-arm64-libvirt-xsm 13 saverestore-support-check    fail   never pass
 test-amd64-amd64-libvirt-qemuu-debianhvm-amd64-xsm 10 migrate-support-check 
fail never pass
 test-amd64-amd64-qemuu-nested-intel 13 xen-boot/l1             fail never pass
 test-amd64-i386-libvirt-qemuu-debianhvm-amd64-xsm 10 migrate-support-check 
fail never pass
 test-arm64-arm64-xl-rtds     12 migrate-support-check        fail   never pass
 test-arm64-arm64-xl-rtds     13 saverestore-support-check    fail   never pass
 test-amd64-amd64-qemuu-nested-amd 13 xen-boot/l1               fail never pass
 test-arm64-arm64-libvirt-qcow2 11 migrate-support-check        fail never pass
 test-arm64-arm64-libvirt-qcow2 12 saverestore-support-check    fail never pass
 test-armhf-armhf-xl-cubietruck 12 migrate-support-check        fail never pass
 test-armhf-armhf-xl-cubietruck 13 saverestore-support-check    fail never pass
 test-amd64-i386-xl-qemut-win7-amd64 16 guest-stop              fail never pass
 test-armhf-armhf-xl-arndale   6 xen-boot                     fail   never pass
 test-amd64-amd64-libvirt-vhd 11 migrate-support-check        fail   never pass

version targeted for testing:
 linux                c3582cc56eac9213b32cc2a2886b11e2e5027598
baseline version:
 linux                37feaf8095d352014555b82adb4a04609ca17d3f

Last test of basis   107358  2017-04-10 19:42:52 Z    9 days
Failing since        107396  2017-04-12 11:15:19 Z    7 days   15 attempts
Testing same since   107502  2017-04-18 13:18:18 Z    1 days    3 attempts

------------------------------------------------------------
People who touched revisions under test:
  Adrian Hunter <adrian.hun...@intel.com>
  Alan Stern <st...@rowland.harvard.edu>
  Alberto Aguirre <albagui...@gmail.com>
  Alex Deucher <alexander.deuc...@amd.com>
  Alex Williamson <alex.william...@redhat.com>
  Alex Wood <thetew...@gmail.com>
  Alexander Polakov <apolya...@beget.ru>
  Alexander Polyakov <apolya...@beget.com>
  Amit Pundir <amit.pun...@linaro.org>
  Andrew Morton <a...@linux-foundation.org>
  Andrey Konovalov <andreyk...@google.com>
  Andrey Smetanin <asmeta...@yandex-team.ru>
  Andy Gross <andy.gr...@linaro.org>
  Andy Shevchenko <andriy.shevche...@linux.intel.com>
  Arend van Spriel <arend.vanspr...@broadcom.com>
  Arnd Bergmann <a...@arndb.de>
  Aurelien Aptel <aap...@suse.com>
  Baoyou Xie <baoyou....@linaro.org>
  Bartosz Golaszewski <bgolaszew...@baylibre.com>
  Bastien Nocera <had...@hadess.net>
  Ben Segall <bseg...@google.com>
  Benjamin Herrenschmidt <b...@kernel.crashing.org>
  Benjamin Tissoires <benjamin.tissoi...@redhat.com>
  Bjorn Helgaas <bhelg...@google.com>
  Bjørn Mork <bj...@mork.no>
  Boris Brezillon <boris.brezil...@free-electrons.com>
  Brian Norris <briannor...@chromium.org>
  Brian Norris <computersforpe...@gmail.com>
  bseg...@google.com <bseg...@google.com>
  Calvin Owens <calvinow...@fb.com>
  Chen-Yu Tsai <w...@csie.org>
  Chris Salls <sa...@cs.ucsb.edu>
  Chris Wilson <ch...@chris-wilson.co.uk>
  Christoffer Dall <cd...@linaro.org>
  Christoph Hellwig <h...@lst.de>
  Chuck Lever <chuck.le...@oracle.com>
  Colin Ian King <colin.k...@canonical.com>
  Corentin Chary <corentin.ch...@gmail.com>
  Daniel Golle <dan...@makrotopia.org>
  Daniel Lezcano <daniel.lezc...@linaro.org>
  Daniel Vetter <daniel.vet...@ffwll.ch>
  Daniel Vetter <daniel.vet...@intel.com>
  Darren Hart <dvh...@linux.intel.com>
  Darrick J. Wong <darrick.w...@oracle.com>
  David S. Miller <da...@davemloft.net>
  Dmitry Bilunov <km...@yandex-team.ru>
  Dmitry Torokhov <dmitry.torok...@gmail.com>
  Dongdong Liu <liudongdo...@huawei.com>
  Eric Dumazet <eduma...@google.com>
  Eugenia Emantayev <euge...@mellanox.com>
  Felipe Balbi <ba...@ti.com>
  Felipe Balbi <felipe.ba...@linux.intel.com>
  Frederic Barrat <fbar...@linux.vnet.ibm.com>
  Gabriel Krisman Bertazi <kris...@linux.vnet.ibm.com>
  Geert Uytterhoeven <geert+rene...@glider.be>
  Greg Hackmann <ghackm...@google.com>
  Greg Kroah-Hartman <gre...@linuxfoundation.org>
  Greg Kroah-Hartman gre...@linuxfoundation.org
  Guenter Roeck <li...@roeck-us.net>
  Hauke Mehrtens <ha...@hauke-m.de>
  Heiko Carstens <heiko.carst...@de.ibm.com>
  Heinz Mauelshagen <hei...@redhat.com>
  Herbert Xu <herb...@gondor.apana.org.au>
  Horia Geantă <horia.gea...@nxp.com>
  Huacai Chen <che...@lemote.com>
  HungNien Chen <hn.c...@weidahitech.com>
  Imre Deak <imre.d...@intel.com>
  Ingo Molnar <mi...@kernel.org>
  J. Bruce Fields <bfie...@redhat.com>
  Jack Morgenstein <ja...@dev.mellanox.co.il>
  James Feeney <ja...@nurealm.net>
  James Hogan <james.ho...@imgtec.com>
  Jan-Marek Glogowski <glo...@fbihome.de>
  Jani Nikula <jani.nik...@intel.com>
  Janusz Dziedzic <januszx.dzied...@intel.com>
  Jason A. Donenfeld <ja...@zx2c4.com>
  Jens Axboe <ax...@fb.com>
  Jiri Kosina <jkos...@suse.cz>
  Joe Lawrence <joe.lawre...@redhat.com>
  Johan Hovold <jo...@kernel.org>
  Johannes Berg <johannes.b...@intel.com>
  John Crispin <j...@phrozen.org>
  John Garry <john.ga...@huawei.com>
  Jon Mason <jon.ma...@broadcom.com>
  Jonathan Cameron <ji...@kernel.org>
  João Paulo Rechi Vita <jprv...@endlessm.com>
  João Paulo Rechi Vita <jprv...@gmail.com>
  Kai-Chuan Hsieh <kai.chi...@gmail.com>
  Kalle Valo <kv...@codeaurora.org>
  Keith Busch <keith.bu...@intel.com>
  Kenneth Graunke <kenn...@whitecape.org>
  Kevin Hilman <khil...@baylibre.com>
  Kiwoong Kim <kwmad....@samsung.com>
  Krzysztof Kozlowski <k...@kernel.org>
  Lee, Chun-Yi <j...@suse.com>
  Lee, Chun-Yi <joeyli.ker...@gmail.com>
  Len Brown <len.br...@intel.com>
  Ley Foon Tan <ley.foon....@intel.com>
  Li Qiang <liq...@gmail.com>
  Li Qiang <liqiang...@360.cn>
  Linus Torvalds <torva...@linux-foundation.org>
  Linus Walleij <linus.wall...@linaro.org>
  Lorenzo Pieralisi <lorenzo.pieral...@arm.com>
  Lv Zheng <lv.zh...@intel.com>
  Marc Zyngier <marc.zyng...@arm.com>
  Marcel Hasler <mahas...@gmail.com>
  Marcelo Henrique Cerri <marcelo.ce...@canonical.com>
  Marek Szyprowski <m.szyprow...@samsung.com>
  Mark Brown <broo...@kernel.org>
  Martin Brandenburg <mar...@omnibond.com>
  Martin K. Petersen <martin.peter...@oracle.com>
  Martin Schwidefsky <schwidef...@de.ibm.com>
  Masahiro Yamada <yamada.masah...@socionext.com>
  Matan Barak <mat...@mellanox.com>
  Mathias Nyman <mathias.ny...@linux.intel.com>
  Matjaz Hegedic <matjaz.hege...@gmail.com>
  Matt Redfearn <matt.redfe...@imgtec.com>
  Max Filippov <jcmvb...@gmail.com>
  Maxime Ripard <maxime.rip...@free-electrons.com>
  Michael Ellerman <m...@ellerman.id.au>
  Michal Hocko <mho...@suse.com>
  Mika Kuoppala <mika.kuopp...@intel.com>
  Mika Kuoppala <mika.kuopp...@linux.intel.com>
  Mika Westerberg <mika.westerb...@linux.intel.com>
  Mike Marshall <hub...@omnibond.com>
  Mike Snitzer <snit...@redhat.com>
  Murray McAllister <murray.mcallis...@insomniasec.com>
  Mylène Josserand <mylene.josser...@free-electrons.com>
  NeilBrown <ne...@suse.com>
  Nobutaka Okabe <nob77...@gmail.com>
  Noralf Trønnes <nor...@tronnes.org>
  Oleg Nesterov <o...@redhat.com>
  Oliver O'Halloran <ooh...@gmail.com>
  Patrice Chotard <patrice.chot...@st.com>
  Paul Burton <paul.bur...@imgtec.com>
  Paul Mackerras <pau...@ozlabs.org>
  Paulo Zanoni <paulo.r.zan...@intel.com>
  Peter Chen <peter.c...@nxp.com>
  Pierre-Louis Bossart <pierre-louis.boss...@linux.intel.com>
  Ping Cheng <ping.ch...@wacom.com>
  Ping Cheng <pingli...@gmail.com>
  Przemek <sop...@gmail.com>
  Quentin Schulz <quentin.sch...@free-electrons.com>
  Rafael J. Wysocki <rafael.j.wyso...@intel.com>
  Rafał Miłecki <ra...@milecki.pl>
  Ralf Baechle <r...@linux-mips.org>
  Ritesh Harjani <rite...@codeaurora.org>
  Rob Herring <r...@kernel.org>
  Roger Quadros <rog...@ti.com>
  Rui Wang <wa...@lemote.com>
  Sahitya Tummala <stumm...@codeaurora.org>
  Sam Bobroff <sam.bobr...@au1.ibm.com>
  Sami Tolvanen <samitolva...@google.com>
  Sasha Levin <alexander.le...@verizon.com>
  Sekhar Nori <nsek...@ti.com>
  Shuxiao Zhang <zhangshux...@xiaomi.com>
  Sinan Kaya <ok...@codeaurora.org>
  Stanislaw Gruszka <sgrus...@redhat.com>
  Stephen Boyd <sb...@codeaurora.org>
  Stephen Boyd <stephen.b...@linaro.org>
  Steve French <smfre...@gmail.com>
  Steven Rostedt (VMware) <rost...@goodmis.org>
  Subhash Jadavani <subha...@codeaurora.org>
  subha...@codeaurora.org <subha...@codeaurora.org>
  Sudip Mukherjee <sudip.mukher...@codethink.co.uk>
  Sudip Mukherjee <sudipm.mukher...@gmail.com>
  Sumit Semwal <sumit.sem...@linaro.org>
  Suzuki K Poulose <suzuki.poul...@arm.com>
  Takashi Iwai <ti...@suse.de>
  Tariq Toukan <tar...@mellanox.com>
  Tejun Heo <t...@kernel.org>
  Theodore Ts'o <ty...@mit.edu>
  Thomas Gleixner <t...@linutronix.de>
  Thomas Hellstrom <thellst...@vmware.com>
  Tobias Jakobi <tjak...@math.uni-bielefeld.de>
  Tobias Klauser <tklau...@distanz.ch>
  Tomasz Nowicki <t...@semihalf.com>
  Tony Lindgren <t...@atomide.com>
  Ulf Hansson <ulf.hans...@linaro.org>
  Victor Kamensky <kamen...@cisco.com>
  Vignesh R <vigne...@ti.com>
  Ville Syrjälä <ville.syrj...@linux.intel.com>
  Vishal Thanki <vishaltha...@gmail.com>
  Vladimir Zapolskiy <v...@mleia.com>
  Wei Xu <xuw...@hisilicon.com>
  Wei Yongjun <yongjun_...@trendmicro.com.cn>
  Will Deacon <will.dea...@arm.com>
  Wolfram Sang <w...@the-dreams.de>
  Yangbo Lu <yangbo...@nxp.com>
  youling257 <youling...@gmail.com>
  Zang Leigang <zangleig...@hisilicon.com>
  Zhang Rui <rui.zh...@intel.com>

jobs:
 build-amd64-xsm                                              pass    
 build-arm64-xsm                                              pass    
 build-armhf-xsm                                              pass    
 build-i386-xsm                                               pass    
 build-amd64                                                  pass    
 build-arm64                                                  pass    
 build-armhf                                                  pass    
 build-i386                                                   pass    
 build-amd64-libvirt                                          pass    
 build-arm64-libvirt                                          pass    
 build-armhf-libvirt                                          pass    
 build-i386-libvirt                                           pass    
 build-amd64-pvops                                            pass    
 build-arm64-pvops                                            pass    
 build-armhf-pvops                                            pass    
 build-i386-pvops                                             pass    
 build-amd64-rumprun                                          pass    
 build-i386-rumprun                                           pass    
 test-amd64-amd64-xl                                          pass    
 test-arm64-arm64-xl                                          pass    
 test-armhf-armhf-xl                                          fail    
 test-amd64-i386-xl                                           pass    
 test-amd64-amd64-xl-qemut-debianhvm-amd64-xsm                pass    
 test-amd64-i386-xl-qemut-debianhvm-amd64-xsm                 pass    
 test-amd64-amd64-libvirt-qemuu-debianhvm-amd64-xsm           pass    
 test-amd64-i386-libvirt-qemuu-debianhvm-amd64-xsm            pass    
 test-amd64-amd64-xl-qemuu-debianhvm-amd64-xsm                pass    
 test-amd64-i386-xl-qemuu-debianhvm-amd64-xsm                 pass    
 test-amd64-amd64-xl-qemut-stubdom-debianhvm-amd64-xsm        pass    
 test-amd64-i386-xl-qemut-stubdom-debianhvm-amd64-xsm         pass    
 test-amd64-amd64-libvirt-xsm                                 pass    
 test-arm64-arm64-libvirt-xsm                                 pass    
 test-armhf-armhf-libvirt-xsm                                 fail    
 test-amd64-i386-libvirt-xsm                                  pass    
 test-amd64-amd64-xl-xsm                                      pass    
 test-arm64-arm64-xl-xsm                                      pass    
 test-armhf-armhf-xl-xsm                                      fail    
 test-amd64-i386-xl-xsm                                       pass    
 test-amd64-amd64-qemuu-nested-amd                            fail    
 test-amd64-amd64-xl-pvh-amd                                  pass    
 test-amd64-i386-qemut-rhel6hvm-amd                           pass    
 test-amd64-i386-qemuu-rhel6hvm-amd                           pass    
 test-amd64-amd64-xl-qemut-debianhvm-amd64                    pass    
 test-amd64-i386-xl-qemut-debianhvm-amd64                     pass    
 test-amd64-amd64-xl-qemuu-debianhvm-amd64                    pass    
 test-amd64-i386-xl-qemuu-debianhvm-amd64                     pass    
 test-amd64-i386-freebsd10-amd64                              pass    
 test-amd64-amd64-xl-qemuu-ovmf-amd64                         pass    
 test-amd64-i386-xl-qemuu-ovmf-amd64                          pass    
 test-amd64-amd64-rumprun-amd64                               pass    
 test-amd64-amd64-xl-qemut-win7-amd64                         fail    
 test-amd64-i386-xl-qemut-win7-amd64                          fail    
 test-amd64-amd64-xl-qemuu-win7-amd64                         pass    
 test-amd64-i386-xl-qemuu-win7-amd64                          fail    
 test-armhf-armhf-xl-arndale                                  fail    
 test-amd64-amd64-xl-credit2                                  pass    
 test-arm64-arm64-xl-credit2                                  pass    
 test-armhf-armhf-xl-credit2                                  fail    
 test-armhf-armhf-xl-cubietruck                               pass    
 test-amd64-i386-freebsd10-i386                               pass    
 test-amd64-i386-rumprun-i386                                 pass    
 test-amd64-amd64-qemuu-nested-intel                          fail    
 test-amd64-amd64-xl-pvh-intel                                pass    
 test-amd64-i386-qemut-rhel6hvm-intel                         pass    
 test-amd64-i386-qemuu-rhel6hvm-intel                         pass    
 test-amd64-amd64-libvirt                                     pass    
 test-arm64-arm64-libvirt                                     pass    
 test-armhf-armhf-libvirt                                     fail    
 test-amd64-i386-libvirt                                      pass    
 test-amd64-amd64-xl-multivcpu                                pass    
 test-arm64-arm64-xl-multivcpu                                pass    
 test-armhf-armhf-xl-multivcpu                                fail    
 test-amd64-amd64-pair                                        pass    
 test-amd64-i386-pair                                         pass    
 test-amd64-amd64-libvirt-pair                                pass    
 test-amd64-i386-libvirt-pair                                 pass    
 test-amd64-amd64-amd64-pvgrub                                pass    
 test-amd64-amd64-i386-pvgrub                                 pass    
 test-amd64-amd64-pygrub                                      pass    
 test-arm64-arm64-libvirt-qcow2                               pass    
 test-amd64-amd64-xl-qcow2                                    pass    
 test-armhf-armhf-libvirt-raw                                 fail    
 test-amd64-i386-xl-raw                                       pass    
 test-amd64-amd64-xl-rtds                                     pass    
 test-arm64-arm64-xl-rtds                                     pass    
 test-armhf-armhf-xl-rtds                                     fail    
 test-amd64-i386-xl-qemut-winxpsp3-vcpus1                     pass    
 test-amd64-i386-xl-qemuu-winxpsp3-vcpus1                     pass    
 test-amd64-amd64-libvirt-vhd                                 pass    
 test-armhf-armhf-xl-vhd                                      fail    
 test-amd64-amd64-xl-qemut-winxpsp3                           pass    
 test-amd64-i386-xl-qemut-winxpsp3                            pass    
 test-amd64-amd64-xl-qemuu-winxpsp3                           pass    
 test-amd64-i386-xl-qemuu-winxpsp3                            pass    


------------------------------------------------------------
sg-report-flight on osstest.test-lab.xenproject.org
logs: /home/logs/logs
images: /home/logs/images

Logs, config files, etc. are available at
    http://logs.test-lab.xenproject.org/osstest/logs

Explanation of these reports, and of osstest in general, is at
    http://xenbits.xen.org/gitweb/?p=osstest.git;a=blob;f=README.email;hb=master
    http://xenbits.xen.org/gitweb/?p=osstest.git;a=blob;f=README;hb=master

Test harness code can be found at
    http://xenbits.xen.org/gitweb?p=osstest.git;a=summary


Not pushing.

(No revision log; it would be 4592 lines long.)

_______________________________________________
Xen-devel mailing list
Xen-devel@lists.xen.org
https://lists.xen.org/xen-devel

Reply via email to