flight 112462 xen-unstable-smoke real [real]
http://logs.test-lab.xenproject.org/osstest/logs/112462/

Regressions :-(

Tests which did not succeed and are blocking,
including tests which could not be run:
 test-amd64-amd64-xl-qemuu-debianhvm-i386 10 debian-hvm-install fail REGR. vs. 
112402
 test-amd64-amd64-libvirt     15 guest-saverestore        fail REGR. vs. 112402

Tests which did not succeed, but are not blocking:
 test-arm64-arm64-xl-xsm       1 build-check(1)               blocked  n/a
 build-arm64-pvops             2 hosts-allocate        broken baseline untested
 build-arm64                   2 hosts-allocate        broken baseline untested
 build-arm64                   3 capture-logs          broken baseline untested
 build-arm64-pvops             3 capture-logs          broken baseline untested
 test-amd64-amd64-libvirt     13 migrate-support-check        fail   never pass
 test-armhf-armhf-xl          13 migrate-support-check        fail   never pass
 test-armhf-armhf-xl          14 saverestore-support-check    fail   never pass

version targeted for testing:
 xen                  32e7db7f6fbb91dac1e4e1bbcab4851c4606e0fa
baseline version:
 xen                  b8029db62eb2a06a204a8e2b69437d0927bd1ac4

Last test of basis   112402  2017-07-31 21:02:08 Z    4 days
Failing since        112418  2017-08-03 11:04:58 Z    1 days   19 attempts
Testing same since   112448  2017-08-04 16:01:08 Z    0 days    7 attempts

------------------------------------------------------------
People who touched revisions under test:
  Andrii Anisov <andrii_ani...@epam.com>
  He Chen <he.c...@linux.intel.com>
  Ian Jackson <ian.jack...@eu.citrix.com>
  Iurii Konovalenko <iurii.konovale...@globallogic.com>
  Iurii Mykhalskyi <iurii.mykhals...@globallogic.com>
  Jan Beulich <jbeul...@suse.com>
  Julien Grall <julien.gr...@arm.com>
  Kevin Tian <kevin.t...@intel.com>
  Marek Marczykowski-Górecki <marma...@invisiblethingslab.com>
  Praveen Kumar <kpraveen.l...@gmail.com>
  Rusty Bird <rustyb...@openmailbox.org>
  Sergej Proskurin <prosku...@sec.in.tum.de>
  Stefano Stabellini <sstabell...@kernel.org>
  Wei Liu <wei.l...@citrix.com>
  Xiao Liang <xili...@redhat.com>
  xiliang <xili...@redhat.com>
  Yi Sun <yi.y....@linux.intel.com>

jobs:
 build-amd64                                                  pass    
 build-arm64                                                  broken  
 build-armhf                                                  pass    
 build-amd64-libvirt                                          pass    
 build-arm64-pvops                                            broken  
 test-armhf-armhf-xl                                          pass    
 test-arm64-arm64-xl-xsm                                      broken  
 test-amd64-amd64-xl-qemuu-debianhvm-i386                     fail    
 test-amd64-amd64-libvirt                                     fail    


------------------------------------------------------------
sg-report-flight on osstest.test-lab.xenproject.org
logs: /home/logs/logs
images: /home/logs/images

Logs, config files, etc. are available at
    http://logs.test-lab.xenproject.org/osstest/logs

Explanation of these reports, and of osstest in general, is at
    http://xenbits.xen.org/gitweb/?p=osstest.git;a=blob;f=README.email;hb=master
    http://xenbits.xen.org/gitweb/?p=osstest.git;a=blob;f=README;hb=master

Test harness code can be found at
    http://xenbits.xen.org/gitweb?p=osstest.git;a=summary

broken-step build-arm64-pvops hosts-allocate
broken-step build-arm64 hosts-allocate
broken-step build-arm64 capture-logs
broken-step build-arm64-pvops capture-logs

Not pushing.

(No revision log; it would be 726 lines long.)

_______________________________________________
Xen-devel mailing list
Xen-devel@lists.xen.org
https://lists.xen.org/xen-devel

Reply via email to