flight 112491 linux-4.1 real [real]
http://logs.test-lab.xenproject.org/osstest/logs/112491/

Regressions :-(

Tests which did not succeed and are blocking,
including tests which could not be run:
 test-amd64-i386-xl-qemut-win7-amd64 16 guest-localmigrate/x10 fail REGR. vs. 
111195

Tests which are failing intermittently (not blocking):
 test-amd64-amd64-xl-qemut-win7-amd64 16 guest-localmigrate/x10 fail pass in 
112477
 test-armhf-armhf-xl-xsm      15 guest-stop                 fail pass in 112485

Regressions which are regarded as allowable (not blocking):
 build-arm64                   2 hosts-allocate         broken REGR. vs. 111195
 build-arm64-pvops             2 hosts-allocate         broken REGR. vs. 111195
 build-arm64-xsm               2 hosts-allocate         broken REGR. vs. 111195

Tests which did not succeed, but are not blocking:
 test-arm64-arm64-libvirt-xsm  1 build-check(1)               blocked  n/a
 test-arm64-arm64-xl           1 build-check(1)               blocked  n/a
 build-arm64-libvirt           1 build-check(1)               blocked  n/a
 test-arm64-arm64-examine      1 build-check(1)               blocked  n/a
 test-arm64-arm64-xl-credit2   1 build-check(1)               blocked  n/a
 test-arm64-arm64-xl-xsm       1 build-check(1)               blocked  n/a
 build-arm64                   3 capture-logs          broken blocked in 111195
 build-arm64-xsm               3 capture-logs          broken blocked in 111195
 build-arm64-pvops             3 capture-logs                 broken never pass
 test-amd64-i386-xl-qemuu-win7-amd64 17 guest-stop       fail blocked in 111195
 test-amd64-i386-xl-qemuu-win7-amd64 16 guest-localmigrate/x10 fail in 112477 
like 111195
 test-amd64-amd64-xl-qemut-win7-amd64 17 guest-stop  fail in 112477 like 111195
 test-amd64-amd64-xl-qemuu-win7-amd64 17 guest-stop fail in 112485 blocked in 
111195
 test-armhf-armhf-libvirt-xsm 14 saverestore-support-check    fail  like 111195
 test-armhf-armhf-libvirt     14 saverestore-support-check    fail  like 111195
 test-amd64-amd64-xl-qemuu-win7-amd64 16 guest-localmigrate/x10 fail like 111195
 test-amd64-i386-libvirt      13 migrate-support-check        fail   never pass
 test-amd64-amd64-libvirt     13 migrate-support-check        fail   never pass
 test-amd64-i386-libvirt-xsm  13 migrate-support-check        fail   never pass
 test-amd64-amd64-xl-qemuu-ws16-amd64 10 windows-install        fail never pass
 test-amd64-amd64-xl-qemut-ws16-amd64 10 windows-install        fail never pass
 test-amd64-amd64-libvirt-qemuu-debianhvm-amd64-xsm 11 migrate-support-check 
fail never pass
 test-amd64-amd64-libvirt-vhd 12 migrate-support-check        fail   never pass
 test-armhf-armhf-xl-arndale  13 migrate-support-check        fail   never pass
 test-armhf-armhf-xl-arndale  14 saverestore-support-check    fail   never pass
 test-amd64-i386-libvirt-qemuu-debianhvm-amd64-xsm 11 migrate-support-check 
fail never pass
 test-amd64-i386-xl-qemuu-ws16-amd64 13 guest-saverestore       fail never pass
 test-amd64-amd64-qemuu-nested-amd 17 debian-hvm-install/l1/l2  fail never pass
 test-amd64-i386-xl-qemut-ws16-amd64 13 guest-saverestore       fail never pass
 test-armhf-armhf-xl-multivcpu 13 migrate-support-check        fail  never pass
 test-armhf-armhf-xl-multivcpu 14 saverestore-support-check    fail  never pass
 test-armhf-armhf-libvirt-xsm 13 migrate-support-check        fail   never pass
 test-armhf-armhf-xl-xsm      13 migrate-support-check        fail   never pass
 test-armhf-armhf-xl-xsm      14 saverestore-support-check    fail   never pass
 test-armhf-armhf-xl-cubietruck 13 migrate-support-check        fail never pass
 test-armhf-armhf-xl-cubietruck 14 saverestore-support-check    fail never pass
 test-armhf-armhf-xl-credit2  13 migrate-support-check        fail   never pass
 test-armhf-armhf-xl          13 migrate-support-check        fail   never pass
 test-armhf-armhf-xl-credit2  14 saverestore-support-check    fail   never pass
 test-armhf-armhf-xl          14 saverestore-support-check    fail   never pass
 test-armhf-armhf-libvirt     13 migrate-support-check        fail   never pass
 test-amd64-amd64-libvirt-xsm 13 migrate-support-check        fail   never pass
 test-armhf-armhf-libvirt-raw 12 migrate-support-check        fail   never pass
 test-armhf-armhf-libvirt-raw 13 saverestore-support-check    fail   never pass
 test-armhf-armhf-xl-rtds     13 migrate-support-check        fail   never pass
 test-armhf-armhf-xl-rtds     14 saverestore-support-check    fail   never pass
 test-armhf-armhf-xl-vhd      12 migrate-support-check        fail   never pass
 test-armhf-armhf-xl-vhd      13 saverestore-support-check    fail   never pass
 test-amd64-amd64-xl-qemuu-win10-i386 10 windows-install        fail never pass
 test-amd64-amd64-xl-qemut-win10-i386 10 windows-install        fail never pass
 test-amd64-i386-xl-qemuu-win10-i386 10 windows-install         fail never pass
 test-amd64-i386-xl-qemut-win10-i386 10 windows-install         fail never pass

version targeted for testing:
 linux                1af952704416d76ad86963f04feb10a3da143901
baseline version:
 linux                2ac51e21d8c50ca37fc9b5b9a9b4937c810b0d0a

Last test of basis   111195  2017-06-29 17:21:55 Z   38 days
Testing same since   112477  2017-08-06 04:23:16 Z    1 days    3 attempts

------------------------------------------------------------
People who touched revisions under test:
  "Eric W. Biederman" <ebied...@xmission.com>
  Adam Borowski <kilob...@angband.pl>
  Adrian Salido <sali...@google.com>
  Al Viro <v...@zeniv.linux.org.uk>
  Alan Stern <st...@rowland.harvard.edu>
  Alex Deucher <alexander.deuc...@amd.com>
  Alexander Potapenko <gli...@google.com>
  Andrei Vagin <ava...@virtuozzo.com>
  Andrew Morton <a...@linux-foundation.org>
  Andy Shevchenko <andriy.shevche...@linux.intel.com>
  Anna Schumaker <anna.schuma...@netapp.com>
  Arend van Spriel <arend.vanspr...@broadcom.com>
  Arjan van de Ven <ar...@linux.intel.com>
  Arnaldo Carvalho de Melo <a...@redhat.com>
  Artem Savkov <asav...@redhat.com>
  Balakrishnan Raman <ram...@cumulusnetworks.com>
  Baolin Wang <baolin.w...@linaro.org>
  Bart Van Assche <bart.vanass...@sandisk.com>
  Ben Hutchings <b...@decadent.org.uk>
  Benjamin Herrenschmidt <b...@kernel.crashing.org>
  Benjamin Tissoires <benjamin.tissoi...@redhat.com>
  Bjørn Mork <bj...@mork.no>
  Brendan McGrath <red...@redmandi.dyndns.org>
  Brian Norris <computersforpe...@gmail.com>
  Bryan O'Donoghue <bryan.odonog...@imgtec.com>
  Catalin Marinas <catalin.mari...@arm.com>
  Christoph Hellwig <h...@lst.de>
  Chu Yuan Lin <c...@datera.io>
  Cong Wang <xiyou.wangc...@gmail.com>
  Cyril Bur <cyril...@gmail.com>
  Cyrille Pitchen <cyrille.pitc...@atmel.com>
  Damien Le Moal <damien.lem...@wdc.com>
  Dan Carpenter <dan.carpen...@oracle.com>
  Daniel Cashman <dcash...@android.com>
  Daniel Drake <dr...@endlessm.com>
  Daniel Micay <danielmi...@gmail.com>
  Darrick J. Wong <darrick.w...@oracle.com>
  Dave Airlie <airl...@redhat.com>
  Dave Chinner <da...@fromorbit.com>
  Dave Kleikamp <dave.kleik...@oracle.com>
  David Dillow <dil...@google.com>
  David Howells <dhowe...@redhat.com>
  David Lin <dtw...@google.com>
  David Rientjes <rient...@google.com>
  David S. Miller <da...@davemloft.net>
  David Sterba <dste...@suse.com>
  Deepak Rawat <dra...@vmware.com>
  Devin Heitmueller <dheitmuel...@kernellabs.com>
  Dick Kennedy <dick.kenn...@broadcom.com>
  Dmitry Torokhov <dmitry.torok...@gmail.com>
  Dmitry V. Levin <l...@altlinux.org>
  Dmitry Vyukov <dvyu...@google.com>
  Dongli Zhang <dongli.zh...@oracle.com>
  Doug Berger <open...@gmail.com>
  Eric Anholt <e...@anholt.net>
  Eric Biggers <ebigge...@gmail.com>
  Eric Biggers <ebigg...@google.com>
  Eric Dumazet <eduma...@google.com>
  Eric Engestrom <eric.engest...@imgtec.com>
  Eric Farman <far...@linux.vnet.ibm.com>
  Eric Leblond <e...@regit.org>
  Eric Sandeen <sand...@redhat.com>
  Eric Sandeen <sand...@sandeen.net>
  Eric W. Biederman <ebied...@xmission.com>
  Fabio Estevam <fabio.este...@nxp.com>
  Felipe Balbi <felipe.ba...@linux.intel.com>
  Felix Fietkau <n...@nbd.name>
  Florian Fainelli <f.faine...@gmail.com>
  G. Campana <gcamp...@quarkslab.com>
  Gao Feng <gfree.w...@vip.163.com>
  Gary Guo <g...@datera.io>
  Gavin Shan <gws...@linux.vnet.ibm.com>
  Geert Uytterhoeven <geert+rene...@glider.be>
  Gilad Ben-Yossef <gi...@benyossef.com>
  Gleb Fotengauer-Malinovskiy <gle...@altlinux.org>
  Greg Kroah-Hartman <gre...@linuxfoundation.org>
  Guenter Roeck <li...@roeck-us.net>
  Hannes Frederic Sowa <han...@stressinduktion.org>
  Heiko Carstens <heiko.carst...@de.ibm.com>
  Helge Deller <del...@gmx.de>
  Herbert Xu <herb...@gondor.apana.org.au>
  Himanshu Madhani <himanshu.madh...@cavium.com>
  Horia Geantă <horia.gea...@nxp.com>
  Hui Wang <hui.w...@canonical.com>
  Ian Abbott <abbo...@mev.co.uk>
  Ilya Matveychikov <matvejchi...@gmail.com>
  Ilya V. Matveychikov <matvejchi...@gmail.com>
  Ingo Molnar <mi...@kernel.org>
  Ivan Vecera <c...@cera.cz>
  Jack Morgenstein <ja...@dev.mellanox.co.il>
  James Hogan <james.ho...@imgtec.com>
  James Morris <james.l.mor...@oracle.com>
  James Smart <james.sm...@broadcom.com>
  Jarkko Sakkinen <jarkko.sakki...@linux.intel.com>
  Jason Yan <yanai...@huawei.com>
  Jeremie Rapin <rap...@gmail.com>
  Jia-Ju Bai <baijiaju1...@163.com>
  Jim Mattson <jmatt...@google.com>
  Jiri Kosina <jkos...@suse.cz>
  Jiri Olsa <jo...@kernel.org>
  Jiri Slaby <jsl...@suse.cz>
  Joe Perches <j...@perches.com>
  Joel Stanley <j...@jms.id.au>
  Joerg Roedel <jroe...@suse.de>
  Johan Hovold <jo...@kernel.org>
  Johannes Berg <johannes.b...@intel.com>
  Johannes Thumshirn <jthumsh...@suse.de>
  John Crispin <blo...@openwrt.org>
  John Stultz <john.stu...@linaro.org>
  Jon Mason <jon.ma...@broadcom.com>
  Josh Zimmerman <jo...@google.com>
  Jouni Malinen <jo...@qca.qualcomm.com>
  Joël Esponde <joel.espo...@honeywell.com>
  Julian Anastasov <j...@ssi.bg>
  Kees Cook <keesc...@chromium.org>
  Kevin Hilman <khil...@baylibre.com>
  Kinglong Mee <kinglong...@gmail.com>
  Kirill A. Shutemov <kirill.shute...@linux.intel.com>
  Konrad Rzeszutek Wilk <konrad.w...@oracle.com>
  Konrad Rzeszutek Wilk <kon...@kernel.org>
  Krister Johansen <k...@templeofstupid.com>
  Lauro Ramos Venancio <lvena...@redhat.com>
  Lendacky, Thomas <thomas.lenda...@amd.com>
  Linus Torvalds <torva...@linux-foundation.org>
  Linus Walleij <linus.wall...@linaro.org>
  Liu Bo <bo.li....@oracle.com>
  Maciej S. Szmigiero <m...@maciej.szmigiero.name>
  Malcolm Priestley <tvbox...@gmail.com>
  Marc Zyngier <marc.zyng...@arm.com>
  Marcelo Ricardo Leitner <marcelo.leit...@gmail.com>
  Marcin Nowakowski <marcin.nowakow...@imgtec.com>
  Mark Brown <broo...@kernel.org>
  Mark Rutland <mark.rutl...@arm.com>
  Markus Trippelsdorf <mar...@trippelsdorf.de>
  Martin Blumenstingl <martin.blumensti...@googlemail.com>
  Martin Hicks <m...@bork.org>
  Martin K. Petersen <martin.peter...@oracle.com>
  Martin KaFai Lau <ka...@fb.com>
  Martin Schwidefsky <schwidef...@de.ibm.com>
  Masahiro Yamada <yamada.masah...@socionext.com>
  Masami Hiramatsu <mhira...@kernel.org>
  Mateusz Jurczyk <mjurc...@google.com>
  Mauro Carvalho Chehab <mche...@s-opensource.com>
  Michael Ellerman <m...@ellerman.id.au>
  Michael Grzeschik <m.grzesc...@pengutronix.de>
  Michael S. Tsirkin <m...@redhat.com>
  Michal Hocko <mho...@suse.com>
  Michal Nazarewicz <min...@mina86.com>
  Mimi Zohar <zo...@linux.vnet.ibm.com>
  Naveen N. Rao <naveen.n....@linux.vnet.ibm.com>
  NeilBrown <ne...@suse.com>
  Nicholas Bellinger <n...@linux-iscsi.org>
  Nick Moriarty <nick.moria...@york.ac.uk>
  Nikita Yushchenko <nikita.yo...@cogentembedded.com>
  Pablo Neira Ayuso <pa...@netfilter.org>
  Pan Bian <bianpan2...@163.com>
  Paolo Abeni <pab...@redhat.com>
  Paul Burton <paul.bur...@imgtec.com>
  Paul Mackerras <pau...@ozlabs.org>
  Pavankumar Kondeti <pkond...@codeaurora.org>
  Pavel Machek <pa...@ucw.cz>
  Pavel Shilovsky <pshi...@microsoft.com>
  Peter Zijlstra (Intel) <pet...@infradead.org>
  Peter Zijlstra <pet...@infradead.org>
  Pooya Keshavarzi <pooya.keshava...@de.bosch.com>
  Quinn Tran <quinn.t...@cavium.com>
  Radim Krčmář <rkrc...@redhat.com>
  Rafael J. Wysocki <rafael.j.wyso...@intel.com>
  Rafał Miłecki <zaj...@gmail.com>
  Ralf Baechle <r...@linux-mips.org>
  Richard Cochran <richardcoch...@gmail.com>
  Rik van Riel <r...@redhat.com>
  Roberto Sassu <rsa...@suse.de>
  Roopa Prabhu <ro...@cumulusnetworks.com>
  Russell Currey <rus...@russell.cc>
  Russell King <rmk+ker...@armlinux.org.uk>
  Sabrina Dubroca <s...@queasysnail.net>
  Sachin Prabhu <spra...@redhat.com>
  Sahitya Tummala <stumm...@codeaurora.org>
  Sasha Levin <alexander.le...@verizon.com>
  Sasha Levin <sasha.le...@oracle.com>
  Shaohua Li <s...@fb.com>
  Shawn Guo <shawn...@kernel.org>
  Shuah Khan <shua...@osg.samsung.com>
  Simon Horman <ho...@verge.net.au>
  Srinivas Dasari <dasa...@qti.qualcomm.com>
  Stefano Stabellini <sstabell...@kernel.org>
  Steffen Klassert <steffen.klass...@secunet.com>
  Steve Capper <steve.cap...@arm.com>
  Steve French <smfre...@gmail.com>
  Steven Rostedt (VMware) <rost...@goodmis.org>
  Steven Rostedt <rost...@goodmis.org>
  Suzuki K Poulose <suzuki.poul...@arm.com>
  Takashi Iwai <ti...@suse.de>
  Tariq Toukan <tar...@mellanox.com>
  Teemu Likonen <tliko...@iki.fi>
  Theodore Ts'o <ty...@mit.edu>
  Thomas Bogendoerfer <tsbog...@alpha.franken.de>
  Thomas Gleixner <t...@linutronix.de>
  Thomas Hellstrom <thellst...@vmware.com>
  Tobias Klauser <tklau...@distanz.ch>
  Tobias Wolf <dev-n...@vplace.de>
  Tom Lendacky <thomas.lenda...@amd.com>
  Tomasz Wilczyński <twilczyn...@naver.com>
  Trond Myklebust <trond.mykleb...@primarydata.com>
  Uwe Kleine-König <u.kleine-koe...@pengutronix.de>
  Vineeth Remanan Pillai <vinee...@amazon.com>
  Viresh Kumar <viresh.ku...@linaro.org>
  Vladimir Davydov <vdavydov....@gmail.com>
  Vlastimil Babka <vba...@suse.cz>
  WANG Cong <xiyou.wangc...@gmail.com>
  Wang YanQing <udkni...@gmail.com>
  wangweidong <wangweido...@huawei.com>
  Wanpeng Li <wanpeng...@hotmail.com>
  Wei Wang <wei...@google.com>
  Weidong Wang <wangweido...@huawei.com>
  Will Deacon <will.dea...@arm.com>
  Willem de Bruijn <will...@google.com>
  William Wu <william...@rock-chips.com>
  Wim Van Sebroeck <w...@iguana.be>
  Xin Long <lucien....@gmail.com>
  Zach Ploskey <z...@ploskey.com>
  Álvaro Fernández Rojas <nolt...@gmail.com>

jobs:
 build-amd64-xsm                                              pass    
 build-arm64-xsm                                              broken  
 build-armhf-xsm                                              pass    
 build-i386-xsm                                               pass    
 build-amd64                                                  pass    
 build-arm64                                                  broken  
 build-armhf                                                  pass    
 build-i386                                                   pass    
 build-amd64-libvirt                                          pass    
 build-arm64-libvirt                                          blocked 
 build-armhf-libvirt                                          pass    
 build-i386-libvirt                                           pass    
 build-amd64-pvops                                            pass    
 build-arm64-pvops                                            broken  
 build-armhf-pvops                                            pass    
 build-i386-pvops                                             pass    
 build-amd64-rumprun                                          pass    
 build-i386-rumprun                                           pass    
 test-amd64-amd64-xl                                          pass    
 test-arm64-arm64-xl                                          blocked 
 test-armhf-armhf-xl                                          pass    
 test-amd64-i386-xl                                           pass    
 test-amd64-amd64-xl-qemut-debianhvm-amd64-xsm                pass    
 test-amd64-i386-xl-qemut-debianhvm-amd64-xsm                 pass    
 test-amd64-amd64-libvirt-qemuu-debianhvm-amd64-xsm           pass    
 test-amd64-i386-libvirt-qemuu-debianhvm-amd64-xsm            pass    
 test-amd64-amd64-xl-qemuu-debianhvm-amd64-xsm                pass    
 test-amd64-i386-xl-qemuu-debianhvm-amd64-xsm                 pass    
 test-amd64-amd64-xl-qemut-stubdom-debianhvm-amd64-xsm        pass    
 test-amd64-i386-xl-qemut-stubdom-debianhvm-amd64-xsm         pass    
 test-amd64-amd64-libvirt-xsm                                 pass    
 test-arm64-arm64-libvirt-xsm                                 blocked 
 test-armhf-armhf-libvirt-xsm                                 pass    
 test-amd64-i386-libvirt-xsm                                  pass    
 test-amd64-amd64-xl-xsm                                      pass    
 test-arm64-arm64-xl-xsm                                      blocked 
 test-armhf-armhf-xl-xsm                                      fail    
 test-amd64-i386-xl-xsm                                       pass    
 test-amd64-amd64-qemuu-nested-amd                            fail    
 test-amd64-amd64-xl-pvh-amd                                  pass    
 test-amd64-i386-qemut-rhel6hvm-amd                           pass    
 test-amd64-i386-qemuu-rhel6hvm-amd                           pass    
 test-amd64-amd64-xl-qemut-debianhvm-amd64                    pass    
 test-amd64-i386-xl-qemut-debianhvm-amd64                     pass    
 test-amd64-amd64-xl-qemuu-debianhvm-amd64                    pass    
 test-amd64-i386-xl-qemuu-debianhvm-amd64                     pass    
 test-amd64-i386-freebsd10-amd64                              pass    
 test-amd64-amd64-xl-qemuu-ovmf-amd64                         pass    
 test-amd64-i386-xl-qemuu-ovmf-amd64                          pass    
 test-amd64-amd64-rumprun-amd64                               pass    
 test-amd64-amd64-xl-qemut-win7-amd64                         fail    
 test-amd64-i386-xl-qemut-win7-amd64                          fail    
 test-amd64-amd64-xl-qemuu-win7-amd64                         fail    
 test-amd64-i386-xl-qemuu-win7-amd64                          fail    
 test-amd64-amd64-xl-qemut-ws16-amd64                         fail    
 test-amd64-i386-xl-qemut-ws16-amd64                          fail    
 test-amd64-amd64-xl-qemuu-ws16-amd64                         fail    
 test-amd64-i386-xl-qemuu-ws16-amd64                          fail    
 test-armhf-armhf-xl-arndale                                  pass    
 test-amd64-amd64-xl-credit2                                  pass    
 test-arm64-arm64-xl-credit2                                  blocked 
 test-armhf-armhf-xl-credit2                                  pass    
 test-armhf-armhf-xl-cubietruck                               pass    
 test-amd64-amd64-examine                                     pass    
 test-arm64-arm64-examine                                     blocked 
 test-armhf-armhf-examine                                     pass    
 test-amd64-i386-examine                                      pass    
 test-amd64-i386-freebsd10-i386                               pass    
 test-amd64-i386-rumprun-i386                                 pass    
 test-amd64-amd64-xl-qemut-win10-i386                         fail    
 test-amd64-i386-xl-qemut-win10-i386                          fail    
 test-amd64-amd64-xl-qemuu-win10-i386                         fail    
 test-amd64-i386-xl-qemuu-win10-i386                          fail    
 test-amd64-amd64-qemuu-nested-intel                          pass    
 test-amd64-amd64-xl-pvh-intel                                pass    
 test-amd64-i386-qemut-rhel6hvm-intel                         pass    
 test-amd64-i386-qemuu-rhel6hvm-intel                         pass    
 test-amd64-amd64-libvirt                                     pass    
 test-armhf-armhf-libvirt                                     pass    
 test-amd64-i386-libvirt                                      pass    
 test-amd64-amd64-xl-multivcpu                                pass    
 test-armhf-armhf-xl-multivcpu                                pass    
 test-amd64-amd64-pair                                        pass    
 test-amd64-i386-pair                                         pass    
 test-amd64-amd64-libvirt-pair                                pass    
 test-amd64-i386-libvirt-pair                                 pass    
 test-amd64-amd64-amd64-pvgrub                                pass    
 test-amd64-amd64-i386-pvgrub                                 pass    
 test-amd64-amd64-pygrub                                      pass    
 test-amd64-amd64-xl-qcow2                                    pass    
 test-armhf-armhf-libvirt-raw                                 pass    
 test-amd64-i386-xl-raw                                       pass    
 test-amd64-amd64-xl-rtds                                     pass    
 test-armhf-armhf-xl-rtds                                     pass    
 test-amd64-amd64-libvirt-vhd                                 pass    
 test-armhf-armhf-xl-vhd                                      pass    


------------------------------------------------------------
sg-report-flight on osstest.test-lab.xenproject.org
logs: /home/logs/logs
images: /home/logs/images

Logs, config files, etc. are available at
    http://logs.test-lab.xenproject.org/osstest/logs

Explanation of these reports, and of osstest in general, is at
    http://xenbits.xen.org/gitweb/?p=osstest.git;a=blob;f=README.email;hb=master
    http://xenbits.xen.org/gitweb/?p=osstest.git;a=blob;f=README;hb=master

Test harness code can be found at
    http://xenbits.xen.org/gitweb?p=osstest.git;a=summary

broken-step build-arm64 hosts-allocate
broken-step build-arm64-pvops hosts-allocate
broken-step build-arm64-xsm hosts-allocate
broken-step build-arm64 capture-logs
broken-step build-arm64-pvops capture-logs
broken-step build-arm64-xsm capture-logs

Not pushing.

(No revision log; it would be 5308 lines long.)

_______________________________________________
Xen-devel mailing list
Xen-devel@lists.xen.org
https://lists.xen.org/xen-devel

Reply via email to