flight 112524 linux-3.18 real [real]
http://logs.test-lab.xenproject.org/osstest/logs/112524/

Failures and problems with tests :-(

Tests which did not succeed and are blocking,
including tests which could not be run:
 build-arm64-pvops             3 capture-logs           broken REGR. vs. 112102

Tests which are failing intermittently (not blocking):
 test-armhf-armhf-xl           7 xen-boot         fail in 112517 pass in 112524
 test-amd64-amd64-libvirt      7 xen-boot                   fail pass in 112517

Regressions which are regarded as allowable (not blocking):
 build-arm64-pvops             2 hosts-allocate         broken REGR. vs. 112102
 build-arm64-xsm               2 hosts-allocate         broken REGR. vs. 112102
 build-arm64                   2 hosts-allocate         broken REGR. vs. 112102

Tests which did not succeed, but are not blocking:
 test-arm64-arm64-libvirt-xsm  1 build-check(1)               blocked  n/a
 test-arm64-arm64-xl           1 build-check(1)               blocked  n/a
 build-arm64-libvirt           1 build-check(1)               blocked  n/a
 test-arm64-arm64-examine      1 build-check(1)               blocked  n/a
 test-arm64-arm64-xl-credit2   1 build-check(1)               blocked  n/a
 test-arm64-arm64-xl-xsm       1 build-check(1)               blocked  n/a
 build-arm64-xsm               3 capture-logs          broken blocked in 112102
 build-arm64                   3 capture-logs          broken blocked in 112102
 test-amd64-amd64-xl-qemut-win7-amd64 18 guest-start/win.repeat fail blocked in 
112102
 test-amd64-i386-xl-qemuu-win7-amd64 18 guest-start/win.repeat fail blocked in 
112102
 test-amd64-i386-xl-qemut-win7-amd64 17 guest-stop       fail blocked in 112102
 test-amd64-amd64-xl-qemuu-win7-amd64 17 guest-stop      fail blocked in 112102
 test-amd64-amd64-xl-qemut-win7-amd64 17 guest-stop  fail in 112517 like 112085
 test-amd64-i386-xl-qemuu-win7-amd64 16 guest-localmigrate/x10 fail in 112517 
like 112102
 test-amd64-amd64-xl-qemuu-win7-amd64 16 guest-localmigrate/x10 fail in 112517 
like 112102
 test-amd64-amd64-libvirt    13 migrate-support-check fail in 112517 never pass
 test-armhf-armhf-libvirt     14 saverestore-support-check    fail  like 112102
 test-armhf-armhf-libvirt-raw 13 saverestore-support-check    fail  like 112102
 test-armhf-armhf-libvirt-xsm 14 saverestore-support-check    fail  like 112102
 test-amd64-amd64-xl-rtds     10 debian-install               fail  like 112102
 test-amd64-i386-libvirt-xsm  13 migrate-support-check        fail   never pass
 test-amd64-i386-libvirt      13 migrate-support-check        fail   never pass
 test-amd64-amd64-libvirt-xsm 13 migrate-support-check        fail   never pass
 test-amd64-amd64-xl-qemut-ws16-amd64 10 windows-install        fail never pass
 test-amd64-amd64-xl-qemuu-ws16-amd64 10 windows-install        fail never pass
 test-amd64-i386-libvirt-qemuu-debianhvm-amd64-xsm 11 migrate-support-check 
fail never pass
 test-amd64-amd64-libvirt-qemuu-debianhvm-amd64-xsm 11 migrate-support-check 
fail never pass
 test-amd64-amd64-libvirt-vhd 12 migrate-support-check        fail   never pass
 test-amd64-i386-xl-qemuu-ws16-amd64 13 guest-saverestore       fail never pass
 test-amd64-amd64-qemuu-nested-amd 17 debian-hvm-install/l1/l2  fail never pass
 test-armhf-armhf-libvirt     13 migrate-support-check        fail   never pass
 test-armhf-armhf-xl-xsm      13 migrate-support-check        fail   never pass
 test-armhf-armhf-xl-xsm      14 saverestore-support-check    fail   never pass
 test-amd64-i386-xl-qemut-ws16-amd64 13 guest-saverestore       fail never pass
 test-armhf-armhf-xl          13 migrate-support-check        fail   never pass
 test-armhf-armhf-xl          14 saverestore-support-check    fail   never pass
 test-armhf-armhf-xl-arndale  13 migrate-support-check        fail   never pass
 test-armhf-armhf-xl-arndale  14 saverestore-support-check    fail   never pass
 test-armhf-armhf-libvirt-raw 12 migrate-support-check        fail   never pass
 test-armhf-armhf-xl-vhd      12 migrate-support-check        fail   never pass
 test-armhf-armhf-xl-vhd      13 saverestore-support-check    fail   never pass
 test-armhf-armhf-xl-cubietruck 13 migrate-support-check        fail never pass
 test-armhf-armhf-xl-cubietruck 14 saverestore-support-check    fail never pass
 test-armhf-armhf-xl-credit2  13 migrate-support-check        fail   never pass
 test-armhf-armhf-xl-credit2  14 saverestore-support-check    fail   never pass
 test-armhf-armhf-libvirt-xsm 13 migrate-support-check        fail   never pass
 test-amd64-i386-xl-qemuu-win10-i386 10 windows-install         fail never pass
 test-amd64-amd64-xl-qemuu-win10-i386 10 windows-install        fail never pass
 test-amd64-i386-xl-qemut-win10-i386 10 windows-install         fail never pass
 test-armhf-armhf-xl-multivcpu 13 migrate-support-check        fail  never pass
 test-armhf-armhf-xl-multivcpu 14 saverestore-support-check    fail  never pass
 test-amd64-amd64-xl-qemut-win10-i386 10 windows-install        fail never pass
 test-armhf-armhf-xl-rtds     13 migrate-support-check        fail   never pass
 test-armhf-armhf-xl-rtds     14 saverestore-support-check    fail   never pass

version targeted for testing:
 linux                8c13fcce2c663b37c1134a3302b43e514961b5fa
baseline version:
 linux                dd8b674caeef9381345a6369fba29d425ff433f3

Last test of basis   112102  2017-07-21 17:53:24 Z   18 days
Testing same since   112351  2017-07-27 22:26:55 Z   12 days   20 attempts

------------------------------------------------------------
People who touched revisions under test:
  Alan Stern <st...@rowland.harvard.edu>
  Alex Deucher <alexander.deuc...@amd.com>
  Alex Williamson <alex.william...@redhat.com>
  Andrew Morton <a...@linux-foundation.org>
  Anna Schumaker <anna.schuma...@netapp.com>
  Anton Blanchard <an...@samba.org>
  Arnaldo Carvalho de Melo <a...@redhat.com>
  Arnd Bergmann <a...@arndb.de>
  Banajit Goswami <bgosw...@codeaurora.org>
  Bjorn Andersson <bjorn.anders...@linaro.org>
  Bjorn Helgaas <bhelg...@google.com>
  Chen Hong <chenho...@huawei.com>
  Chen Yu <yu.c.c...@intel.com>
  Christian König <christian.koe...@amd.com>
  Chunyu Hu <ch...@redhat.com>
  Colin Ian King <colin.k...@canonical.com>
  Colin King <colin.k...@canonical.com>
  Daniel Vetter <daniel.vet...@ffwll.ch>
  Denys Vlasenko <dvlas...@redhat.com>
  Dmitry Torokhov <dmitry.torok...@gmail.com>
  Douglas Miller <dougm...@linux.vnet.ibm.com>
  Eric Auger <eric.au...@redhat.com>
  Felipe Balbi <felipe.ba...@linux.intel.com>
  Greg Hackmann <ghackm...@google.com>
  Greg Kroah-Hartman <gre...@linuxfoundation.org>
  Guoqing Jiang <gqji...@suse.com>
  Herbert Xu <herb...@gondor.apana.org.au>
  Imre Deak <imre.d...@intel.com>
  Ingo Molnar <mi...@kernel.org>
  Jaegeuk Kim <jaeg...@kernel.org>
  James Bottomley <j...@linux.vnet.ibm.com>
  James Hogan <james.ho...@imgtec.com>
  Jan Kara <j...@suse.cz>
  Jason A. Donenfeld <ja...@zx2c4.com>
  Jiang Yi <jiangyil...@gmail.com>
  Jin Yao <yao....@linux.intel.com>
  Jiri Olsa <jo...@kernel.org>
  Jiri Slaby <jsl...@suse.cz>
  Joe Perches <j...@perches.com>
  Johan Hovold <jo...@kernel.org>
  Kalle Valo <kv...@qca.qualcomm.com>
  Kees Cook <keesc...@chromium.org>
  Krzysztof Kozlowski <k...@kernel.org>
  Kyle Huey <m...@kylehuey.com>
  Linus Torvalds <torva...@linux-foundation.org>
  Maciej W. Rozycki <ma...@imgtec.com>
  Marcel Holtmann <mar...@holtmann.org>
  Mark Brown <broo...@kernel.org>
  Martin K. Petersen <martin.peter...@oracle.com>
  Martin Schwidefsky <schwidef...@de.ibm.com>
  Mateusz Jurczyk <mjurc...@google.com>
  Mathias Nyman <mathias.ny...@linux.intel.com>
  Maurizio Lombardi <mlomb...@redhat.com>
  Mauro Carvalho Chehab <mche...@s-opensource.com>
  Miaoqing Pan <miaoq...@codeaurora.org>
  Michael Ellerman <m...@ellerman.id.au>
  Michael Gugino <michael.gugin...@gmail.com>
  Mikulas Patocka <mpato...@redhat.com>
  Naveen N. Rao <naveen.n....@linux.vnet.ibm.com>
  NeilBrown <ne...@suse.com>
  Nicholas Bellinger <n...@linux-iscsi.org>
  Oliver Neukum <oneu...@suse.com>
  Oliver O'Halloran <ooh...@gmail.com>
  Paul Mackerras <pau...@ozlabs.org>
  Pavel Shilovsky <pshi...@microsoft.com>
  Peter Chen <peter.c...@nxp.com>
  Peter Zijlstra <a.p.zijls...@chello.nl>
  Radim Krčmář <rkrc...@redhat.com>
  Rafael J. Wysocki <rafael.j.wyso...@intel.com>
  Ralf Baechle <r...@linux-mips.org>
  Rob Clark <robdcl...@gmail.com>
  Rob Herring <r...@kernel.org>
  Samuel Ortiz <sa...@linux.intel.com>
  Satish Babu Patakokila <sbp...@codeaurora.org>
  Seunghun Han <kkama...@gmail.com>
  Shaohua Li <s...@fb.com>
  Steffen Klassert <steffen.klass...@secunet.com>
  Stephen Boyd <stephen.b...@linaro.org>
  Steven Rostedt (VMware) <rost...@goodmis.org>
  Thomas Gleixner <t...@linutronix.de>
  Ulf Hansson <ulf.hans...@linaro.org>
  Vinod Koul <vinod.k...@intel.com>
  Xiao Ni <x...@redhat.com>
  Yao Jin <yao....@linux.intel.com>
  Yoshihiro Shimoda <yoshihiro.shimoda...@renesas.com>

jobs:
 build-amd64-xsm                                              pass    
 build-arm64-xsm                                              broken  
 build-armhf-xsm                                              pass    
 build-i386-xsm                                               pass    
 build-amd64                                                  pass    
 build-arm64                                                  broken  
 build-armhf                                                  pass    
 build-i386                                                   pass    
 build-amd64-libvirt                                          pass    
 build-arm64-libvirt                                          blocked 
 build-armhf-libvirt                                          pass    
 build-i386-libvirt                                           pass    
 build-amd64-pvops                                            pass    
 build-arm64-pvops                                            broken  
 build-armhf-pvops                                            pass    
 build-i386-pvops                                             pass    
 build-amd64-rumprun                                          pass    
 build-i386-rumprun                                           pass    
 test-amd64-amd64-xl                                          pass    
 test-arm64-arm64-xl                                          blocked 
 test-armhf-armhf-xl                                          pass    
 test-amd64-i386-xl                                           pass    
 test-amd64-amd64-xl-qemut-debianhvm-amd64-xsm                pass    
 test-amd64-i386-xl-qemut-debianhvm-amd64-xsm                 pass    
 test-amd64-amd64-libvirt-qemuu-debianhvm-amd64-xsm           pass    
 test-amd64-i386-libvirt-qemuu-debianhvm-amd64-xsm            pass    
 test-amd64-amd64-xl-qemuu-debianhvm-amd64-xsm                pass    
 test-amd64-i386-xl-qemuu-debianhvm-amd64-xsm                 pass    
 test-amd64-amd64-xl-qemut-stubdom-debianhvm-amd64-xsm        pass    
 test-amd64-i386-xl-qemut-stubdom-debianhvm-amd64-xsm         pass    
 test-amd64-amd64-libvirt-xsm                                 pass    
 test-arm64-arm64-libvirt-xsm                                 blocked 
 test-armhf-armhf-libvirt-xsm                                 pass    
 test-amd64-i386-libvirt-xsm                                  pass    
 test-amd64-amd64-xl-xsm                                      pass    
 test-arm64-arm64-xl-xsm                                      blocked 
 test-armhf-armhf-xl-xsm                                      pass    
 test-amd64-i386-xl-xsm                                       pass    
 test-amd64-amd64-qemuu-nested-amd                            fail    
 test-amd64-amd64-xl-pvh-amd                                  pass    
 test-amd64-i386-qemut-rhel6hvm-amd                           pass    
 test-amd64-i386-qemuu-rhel6hvm-amd                           pass    
 test-amd64-amd64-xl-qemut-debianhvm-amd64                    pass    
 test-amd64-i386-xl-qemut-debianhvm-amd64                     pass    
 test-amd64-amd64-xl-qemuu-debianhvm-amd64                    pass    
 test-amd64-i386-xl-qemuu-debianhvm-amd64                     pass    
 test-amd64-i386-freebsd10-amd64                              pass    
 test-amd64-amd64-xl-qemuu-ovmf-amd64                         pass    
 test-amd64-i386-xl-qemuu-ovmf-amd64                          pass    
 test-amd64-amd64-rumprun-amd64                               pass    
 test-amd64-amd64-xl-qemut-win7-amd64                         fail    
 test-amd64-i386-xl-qemut-win7-amd64                          fail    
 test-amd64-amd64-xl-qemuu-win7-amd64                         fail    
 test-amd64-i386-xl-qemuu-win7-amd64                          fail    
 test-amd64-amd64-xl-qemut-ws16-amd64                         fail    
 test-amd64-i386-xl-qemut-ws16-amd64                          fail    
 test-amd64-amd64-xl-qemuu-ws16-amd64                         fail    
 test-amd64-i386-xl-qemuu-ws16-amd64                          fail    
 test-armhf-armhf-xl-arndale                                  pass    
 test-amd64-amd64-xl-credit2                                  pass    
 test-arm64-arm64-xl-credit2                                  blocked 
 test-armhf-armhf-xl-credit2                                  pass    
 test-armhf-armhf-xl-cubietruck                               pass    
 test-amd64-amd64-examine                                     pass    
 test-arm64-arm64-examine                                     blocked 
 test-armhf-armhf-examine                                     pass    
 test-amd64-i386-examine                                      pass    
 test-amd64-i386-freebsd10-i386                               pass    
 test-amd64-i386-rumprun-i386                                 pass    
 test-amd64-amd64-xl-qemut-win10-i386                         fail    
 test-amd64-i386-xl-qemut-win10-i386                          fail    
 test-amd64-amd64-xl-qemuu-win10-i386                         fail    
 test-amd64-i386-xl-qemuu-win10-i386                          fail    
 test-amd64-amd64-qemuu-nested-intel                          pass    
 test-amd64-amd64-xl-pvh-intel                                pass    
 test-amd64-i386-qemut-rhel6hvm-intel                         pass    
 test-amd64-i386-qemuu-rhel6hvm-intel                         pass    
 test-amd64-amd64-libvirt                                     fail    
 test-armhf-armhf-libvirt                                     pass    
 test-amd64-i386-libvirt                                      pass    
 test-amd64-amd64-xl-multivcpu                                pass    
 test-armhf-armhf-xl-multivcpu                                pass    
 test-amd64-amd64-pair                                        pass    
 test-amd64-i386-pair                                         pass    
 test-amd64-amd64-libvirt-pair                                pass    
 test-amd64-i386-libvirt-pair                                 pass    
 test-amd64-amd64-amd64-pvgrub                                pass    
 test-amd64-amd64-i386-pvgrub                                 pass    
 test-amd64-amd64-pygrub                                      pass    
 test-amd64-amd64-xl-qcow2                                    pass    
 test-armhf-armhf-libvirt-raw                                 pass    
 test-amd64-i386-xl-raw                                       pass    
 test-amd64-amd64-xl-rtds                                     fail    
 test-armhf-armhf-xl-rtds                                     pass    
 test-amd64-amd64-libvirt-vhd                                 pass    
 test-armhf-armhf-xl-vhd                                      pass    


------------------------------------------------------------
sg-report-flight on osstest.test-lab.xenproject.org
logs: /home/logs/logs
images: /home/logs/images

Logs, config files, etc. are available at
    http://logs.test-lab.xenproject.org/osstest/logs

Explanation of these reports, and of osstest in general, is at
    http://xenbits.xen.org/gitweb/?p=osstest.git;a=blob;f=README.email;hb=master
    http://xenbits.xen.org/gitweb/?p=osstest.git;a=blob;f=README;hb=master

Test harness code can be found at
    http://xenbits.xen.org/gitweb?p=osstest.git;a=summary

broken-step build-arm64-pvops hosts-allocate
broken-step build-arm64-xsm hosts-allocate
broken-step build-arm64-pvops capture-logs
broken-step build-arm64-xsm capture-logs
broken-step build-arm64 hosts-allocate
broken-step build-arm64 capture-logs

Not pushing.

(No revision log; it would be 1632 lines long.)

_______________________________________________
Xen-devel mailing list
Xen-devel@lists.xen.org
https://lists.xen.org/xen-devel

Reply via email to