flight 112531 linux-next real [real]
http://logs.test-lab.xenproject.org/osstest/logs/112531/

Regressions :-(

Tests which did not succeed and are blocking,
including tests which could not be run:
 test-amd64-i386-xl-qemuu-debianhvm-amd64  7 xen-boot     fail REGR. vs. 112529
 test-amd64-i386-qemuu-rhel6hvm-intel  7 xen-boot         fail REGR. vs. 112529
 test-amd64-i386-xl-qemuu-ws16-amd64  7 xen-boot          fail REGR. vs. 112529
 test-amd64-i386-libvirt       7 xen-boot                 fail REGR. vs. 112529
 test-amd64-i386-xl-qemuu-win10-i386  7 xen-boot          fail REGR. vs. 112529
 test-amd64-i386-pair         10 xen-boot/src_host        fail REGR. vs. 112529
 test-amd64-i386-pair         11 xen-boot/dst_host        fail REGR. vs. 112529
 test-amd64-i386-qemut-rhel6hvm-intel  7 xen-boot         fail REGR. vs. 112529
 test-amd64-i386-xl-xsm        7 xen-boot                 fail REGR. vs. 112529
 test-amd64-i386-xl-qemut-win10-i386  7 xen-boot          fail REGR. vs. 112529
 test-amd64-i386-freebsd10-i386  7 xen-boot               fail REGR. vs. 112529
 test-amd64-i386-libvirt-pair 10 xen-boot/src_host        fail REGR. vs. 112529
 test-amd64-i386-libvirt-pair 11 xen-boot/dst_host        fail REGR. vs. 112529
 test-amd64-i386-xl            7 xen-boot                 fail REGR. vs. 112529
 test-amd64-i386-qemuu-rhel6hvm-amd  7 xen-boot           fail REGR. vs. 112529
 test-amd64-i386-xl-qemut-ws16-amd64  7 xen-boot          fail REGR. vs. 112529
 test-amd64-i386-xl-qemuu-debianhvm-amd64-xsm  7 xen-boot fail REGR. vs. 112529
 test-amd64-i386-xl-qemut-stubdom-debianhvm-amd64-xsm 7 xen-boot fail REGR. vs. 
112529
 test-amd64-i386-xl-qemuu-ovmf-amd64  7 xen-boot          fail REGR. vs. 112529
 test-amd64-i386-xl-qemut-debianhvm-amd64-xsm  7 xen-boot fail REGR. vs. 112529
 test-amd64-i386-xl-qemut-debianhvm-amd64  7 xen-boot     fail REGR. vs. 112529
 test-amd64-i386-freebsd10-amd64  7 xen-boot              fail REGR. vs. 112529
 test-amd64-i386-xl-qemut-win7-amd64  7 xen-boot          fail REGR. vs. 112529
 test-amd64-i386-xl-qemuu-win7-amd64  7 xen-boot          fail REGR. vs. 112529
 test-amd64-i386-xl-raw        7 xen-boot                 fail REGR. vs. 112529
 test-amd64-i386-rumprun-i386  7 xen-boot                 fail REGR. vs. 112529
 test-amd64-amd64-xl-credit2  15 guest-saverestore        fail REGR. vs. 112529
 test-amd64-amd64-libvirt-xsm 15 guest-saverestore        fail REGR. vs. 112529
 test-amd64-i386-libvirt-qemuu-debianhvm-amd64-xsm 7 xen-boot fail REGR. vs. 
112529
 test-amd64-i386-libvirt-xsm   7 xen-boot                 fail REGR. vs. 112529
 test-amd64-amd64-xl-multivcpu 15 guest-saverestore       fail REGR. vs. 112529
 test-amd64-i386-qemut-rhel6hvm-amd  7 xen-boot           fail REGR. vs. 112529
 test-amd64-amd64-xl-pvh-amd  15 guest-saverestore        fail REGR. vs. 112529
 test-armhf-armhf-xl-multivcpu 16 guest-start/debian.repeat fail REGR. vs. 
112529
 test-amd64-amd64-xl-qemuu-debianhvm-amd64-xsm 10 debian-hvm-install fail REGR. 
vs. 112529
 test-amd64-amd64-xl-qemut-debianhvm-amd64-xsm 10 debian-hvm-install fail REGR. 
vs. 112529
 test-amd64-amd64-xl-qemuu-debianhvm-amd64 10 debian-hvm-install fail REGR. vs. 
112529
 test-amd64-amd64-qemuu-nested-amd 10 debian-hvm-install  fail REGR. vs. 112529
 test-armhf-armhf-xl-credit2 16 guest-start/debian.repeat fail REGR. vs. 112529
 test-armhf-armhf-xl-xsm     16 guest-start/debian.repeat fail REGR. vs. 112529
 test-armhf-armhf-xl         16 guest-start/debian.repeat fail REGR. vs. 112529
 test-armhf-armhf-xl-cubietruck 16 guest-start/debian.repeat fail REGR. vs. 
112529
 test-armhf-armhf-libvirt-xsm 16 guest-start/debian.repeat fail REGR. vs. 112529
 test-armhf-armhf-libvirt    16 guest-start/debian.repeat fail REGR. vs. 112529
 test-amd64-i386-examine       7 reboot                   fail REGR. vs. 112529
 test-amd64-amd64-xl          15 guest-saverestore        fail REGR. vs. 112529
 test-armhf-armhf-xl-arndale 16 guest-start/debian.repeat fail REGR. vs. 112529
 test-armhf-armhf-xl-vhd      10 debian-di-install        fail REGR. vs. 112529
 test-armhf-armhf-libvirt-raw 10 debian-di-install        fail REGR. vs. 112529

Regressions which are regarded as allowable (not blocking):
 test-amd64-amd64-xl-qemuu-win7-amd64 17 guest-stop       fail REGR. vs. 112529

Tests which did not succeed, but are not blocking:
 build-arm64-libvirt           1 build-check(1)               blocked  n/a
 test-arm64-arm64-examine      1 build-check(1)               blocked  n/a
 test-arm64-arm64-libvirt-xsm  1 build-check(1)               blocked  n/a
 test-arm64-arm64-xl           1 build-check(1)               blocked  n/a
 test-arm64-arm64-xl-credit2   1 build-check(1)               blocked  n/a
 test-arm64-arm64-xl-xsm       1 build-check(1)               blocked  n/a
 build-arm64-xsm               2 hosts-allocate              broken like 112529
 build-arm64                   2 hosts-allocate              broken like 112529
 build-arm64-xsm               3 capture-logs                broken like 112529
 build-arm64                   3 capture-logs                broken like 112529
 build-arm64-pvops             2 hosts-allocate              broken like 112529
 build-arm64-pvops             3 capture-logs                broken like 112529
 test-amd64-amd64-libvirt     15 guest-saverestore       fail blocked in 112529
 test-amd64-amd64-xl-pvh-intel 15 guest-saverestore      fail blocked in 112529
 test-amd64-amd64-xl-xsm      15 guest-saverestore       fail blocked in 112529
 test-amd64-amd64-libvirt-pair 23 guest-migrate/dst_host/src_host fail blocked 
in 112529
 test-amd64-amd64-xl-qemut-debianhvm-amd64 10 debian-hvm-install fail blocked 
in 112529
 test-amd64-amd64-xl-qemut-stubdom-debianhvm-amd64-xsm 10 debian-hvm-install 
fail blocked in 112529
 test-amd64-amd64-xl-qemuu-ovmf-amd64 10 debian-hvm-install fail blocked in 
112529
 test-amd64-amd64-qemuu-nested-intel 10 debian-hvm-install fail blocked in 
112529
 test-amd64-amd64-libvirt-qemuu-debianhvm-amd64-xsm 10 debian-hvm-install fail 
blocked in 112529
 test-amd64-amd64-i386-pvgrub 10 debian-di-install       fail blocked in 112529
 test-amd64-amd64-pygrub      10 debian-di-install       fail blocked in 112529
 test-amd64-amd64-xl-qcow2    10 debian-di-install       fail blocked in 112529
 test-amd64-amd64-libvirt-vhd 10 debian-di-install       fail blocked in 112529
 test-amd64-amd64-examine      7 reboot                       fail  like 112529
 test-amd64-amd64-pair        10 xen-boot/src_host            fail  like 112529
 test-amd64-amd64-pair        11 xen-boot/dst_host            fail  like 112529
 test-amd64-amd64-amd64-pvgrub  7 xen-boot                     fail like 112529
 test-amd64-amd64-rumprun-amd64  7 xen-boot                    fail like 112529
 test-armhf-armhf-libvirt-xsm 14 saverestore-support-check    fail  like 112529
 test-armhf-armhf-libvirt     14 saverestore-support-check    fail  like 112529
 test-armhf-armhf-xl-rtds     16 guest-start/debian.repeat    fail  like 112529
 test-amd64-amd64-xl-qemut-win7-amd64 16 guest-localmigrate/x10 fail like 112529
 test-amd64-amd64-xl-rtds     10 debian-install               fail  like 112529
 test-amd64-amd64-libvirt     13 migrate-support-check        fail   never pass
 test-amd64-amd64-xl-qemuu-ws16-amd64 10 windows-install        fail never pass
 test-amd64-amd64-xl-qemut-ws16-amd64 10 windows-install        fail never pass
 test-amd64-amd64-libvirt-xsm 13 migrate-support-check        fail   never pass
 test-armhf-armhf-xl-multivcpu 13 migrate-support-check        fail  never pass
 test-armhf-armhf-xl-multivcpu 14 saverestore-support-check    fail  never pass
 test-armhf-armhf-libvirt-xsm 13 migrate-support-check        fail   never pass
 test-armhf-armhf-xl          13 migrate-support-check        fail   never pass
 test-armhf-armhf-xl          14 saverestore-support-check    fail   never pass
 test-armhf-armhf-xl-xsm      13 migrate-support-check        fail   never pass
 test-armhf-armhf-xl-credit2  13 migrate-support-check        fail   never pass
 test-armhf-armhf-libvirt     13 migrate-support-check        fail   never pass
 test-armhf-armhf-xl-xsm      14 saverestore-support-check    fail   never pass
 test-armhf-armhf-xl-credit2  14 saverestore-support-check    fail   never pass
 test-armhf-armhf-xl-cubietruck 13 migrate-support-check        fail never pass
 test-armhf-armhf-xl-cubietruck 14 saverestore-support-check    fail never pass
 test-armhf-armhf-xl-rtds     13 migrate-support-check        fail   never pass
 test-armhf-armhf-xl-rtds     14 saverestore-support-check    fail   never pass
 test-armhf-armhf-xl-arndale  13 migrate-support-check        fail   never pass
 test-armhf-armhf-xl-arndale  14 saverestore-support-check    fail   never pass
 test-amd64-amd64-xl-qemuu-win10-i386 10 windows-install        fail never pass
 test-amd64-amd64-xl-qemut-win10-i386 10 windows-install        fail never pass

version targeted for testing:
 linux                22bbe310b60b37b029659460843265f190364e48
baseline version:
 linux                bfa738cf3dfae2111626650f86135f93c5ff0a22

Last test of basis                          (not found)     
Failing since                               (not found)     
Testing same since   112531  2017-08-09 09:54:55 Z    0 days    1 attempts

jobs:
 build-amd64-xsm                                              pass    
 build-arm64-xsm                                              broken  
 build-armhf-xsm                                              pass    
 build-i386-xsm                                               pass    
 build-amd64                                                  pass    
 build-arm64                                                  broken  
 build-armhf                                                  pass    
 build-i386                                                   pass    
 build-amd64-libvirt                                          pass    
 build-arm64-libvirt                                          blocked 
 build-armhf-libvirt                                          pass    
 build-i386-libvirt                                           pass    
 build-amd64-pvops                                            pass    
 build-arm64-pvops                                            broken  
 build-armhf-pvops                                            pass    
 build-i386-pvops                                             pass    
 build-amd64-rumprun                                          pass    
 build-i386-rumprun                                           pass    
 test-amd64-amd64-xl                                          fail    
 test-arm64-arm64-xl                                          blocked 
 test-armhf-armhf-xl                                          fail    
 test-amd64-i386-xl                                           fail    
 test-amd64-amd64-xl-qemut-debianhvm-amd64-xsm                fail    
 test-amd64-i386-xl-qemut-debianhvm-amd64-xsm                 fail    
 test-amd64-amd64-libvirt-qemuu-debianhvm-amd64-xsm           fail    
 test-amd64-i386-libvirt-qemuu-debianhvm-amd64-xsm            fail    
 test-amd64-amd64-xl-qemuu-debianhvm-amd64-xsm                fail    
 test-amd64-i386-xl-qemuu-debianhvm-amd64-xsm                 fail    
 test-amd64-amd64-xl-qemut-stubdom-debianhvm-amd64-xsm        fail    
 test-amd64-i386-xl-qemut-stubdom-debianhvm-amd64-xsm         fail    
 test-amd64-amd64-libvirt-xsm                                 fail    
 test-arm64-arm64-libvirt-xsm                                 blocked 
 test-armhf-armhf-libvirt-xsm                                 fail    
 test-amd64-i386-libvirt-xsm                                  fail    
 test-amd64-amd64-xl-xsm                                      fail    
 test-arm64-arm64-xl-xsm                                      blocked 
 test-armhf-armhf-xl-xsm                                      fail    
 test-amd64-i386-xl-xsm                                       fail    
 test-amd64-amd64-qemuu-nested-amd                            fail    
 test-amd64-amd64-xl-pvh-amd                                  fail    
 test-amd64-i386-qemut-rhel6hvm-amd                           fail    
 test-amd64-i386-qemuu-rhel6hvm-amd                           fail    
 test-amd64-amd64-xl-qemut-debianhvm-amd64                    fail    
 test-amd64-i386-xl-qemut-debianhvm-amd64                     fail    
 test-amd64-amd64-xl-qemuu-debianhvm-amd64                    fail    
 test-amd64-i386-xl-qemuu-debianhvm-amd64                     fail    
 test-amd64-i386-freebsd10-amd64                              fail    
 test-amd64-amd64-xl-qemuu-ovmf-amd64                         fail    
 test-amd64-i386-xl-qemuu-ovmf-amd64                          fail    
 test-amd64-amd64-rumprun-amd64                               fail    
 test-amd64-amd64-xl-qemut-win7-amd64                         fail    
 test-amd64-i386-xl-qemut-win7-amd64                          fail    
 test-amd64-amd64-xl-qemuu-win7-amd64                         fail    
 test-amd64-i386-xl-qemuu-win7-amd64                          fail    
 test-amd64-amd64-xl-qemut-ws16-amd64                         fail    
 test-amd64-i386-xl-qemut-ws16-amd64                          fail    
 test-amd64-amd64-xl-qemuu-ws16-amd64                         fail    
 test-amd64-i386-xl-qemuu-ws16-amd64                          fail    
 test-armhf-armhf-xl-arndale                                  fail    
 test-amd64-amd64-xl-credit2                                  fail    
 test-arm64-arm64-xl-credit2                                  blocked 
 test-armhf-armhf-xl-credit2                                  fail    
 test-armhf-armhf-xl-cubietruck                               fail    
 test-amd64-amd64-examine                                     fail    
 test-arm64-arm64-examine                                     blocked 
 test-armhf-armhf-examine                                     pass    
 test-amd64-i386-examine                                      fail    
 test-amd64-i386-freebsd10-i386                               fail    
 test-amd64-i386-rumprun-i386                                 fail    
 test-amd64-amd64-xl-qemut-win10-i386                         fail    
 test-amd64-i386-xl-qemut-win10-i386                          fail    
 test-amd64-amd64-xl-qemuu-win10-i386                         fail    
 test-amd64-i386-xl-qemuu-win10-i386                          fail    
 test-amd64-amd64-qemuu-nested-intel                          fail    
 test-amd64-amd64-xl-pvh-intel                                fail    
 test-amd64-i386-qemut-rhel6hvm-intel                         fail    
 test-amd64-i386-qemuu-rhel6hvm-intel                         fail    
 test-amd64-amd64-libvirt                                     fail    
 test-armhf-armhf-libvirt                                     fail    
 test-amd64-i386-libvirt                                      fail    
 test-amd64-amd64-xl-multivcpu                                fail    
 test-armhf-armhf-xl-multivcpu                                fail    
 test-amd64-amd64-pair                                        fail    
 test-amd64-i386-pair                                         fail    
 test-amd64-amd64-libvirt-pair                                fail    
 test-amd64-i386-libvirt-pair                                 fail    
 test-amd64-amd64-amd64-pvgrub                                fail    
 test-amd64-amd64-i386-pvgrub                                 fail    
 test-amd64-amd64-pygrub                                      fail    
 test-amd64-amd64-xl-qcow2                                    fail    
 test-armhf-armhf-libvirt-raw                                 fail    
 test-amd64-i386-xl-raw                                       fail    
 test-amd64-amd64-xl-rtds                                     fail    
 test-armhf-armhf-xl-rtds                                     fail    
 test-amd64-amd64-libvirt-vhd                                 fail    
 test-armhf-armhf-xl-vhd                                      fail    


------------------------------------------------------------
sg-report-flight on osstest.test-lab.xenproject.org
logs: /home/logs/logs
images: /home/logs/images

Logs, config files, etc. are available at
    http://logs.test-lab.xenproject.org/osstest/logs

Explanation of these reports, and of osstest in general, is at
    http://xenbits.xen.org/gitweb/?p=osstest.git;a=blob;f=README.email;hb=master
    http://xenbits.xen.org/gitweb/?p=osstest.git;a=blob;f=README;hb=master

Test harness code can be found at
    http://xenbits.xen.org/gitweb?p=osstest.git;a=summary


Push not applicable.


_______________________________________________
Xen-devel mailing list
Xen-devel@lists.xen.org
https://lists.xen.org/xen-devel

Reply via email to