flight 112545 ovmf real [real]
http://logs.test-lab.xenproject.org/osstest/logs/112545/

Regressions :-(

Tests which did not succeed and are blocking,
including tests which could not be run:
 build-i386-xsm                6 xen-build                fail REGR. vs. 112539
 build-i386                    6 xen-build                fail REGR. vs. 112539
 build-amd64-xsm               6 xen-build                fail REGR. vs. 112539
 build-amd64                   6 xen-build                fail REGR. vs. 112539

Tests which did not succeed, but are not blocking:
 test-amd64-amd64-xl-qemuu-ovmf-amd64  1 build-check(1)             blocked n/a
 build-amd64-libvirt           1 build-check(1)               blocked  n/a
 test-amd64-i386-xl-qemuu-ovmf-amd64  1 build-check(1)              blocked n/a
 build-i386-libvirt            1 build-check(1)               blocked  n/a

version targeted for testing:
 ovmf                 d506d8db7168c2c12a9e7afe0bf9047d14ec4c54
baseline version:
 ovmf                 7ef0dae092afcfb6fab7e8372c78097672168c4a

Last test of basis   112539  2017-08-09 16:46:45 Z    0 days
Testing same since   112545  2017-08-10 04:47:25 Z    0 days    1 attempts

------------------------------------------------------------
People who touched revisions under test:
  Huajing Li <huajing...@intel.com>

jobs:
 build-amd64-xsm                                              fail    
 build-i386-xsm                                               fail    
 build-amd64                                                  fail    
 build-i386                                                   fail    
 build-amd64-libvirt                                          blocked 
 build-i386-libvirt                                           blocked 
 build-amd64-pvops                                            pass    
 build-i386-pvops                                             pass    
 test-amd64-amd64-xl-qemuu-ovmf-amd64                         blocked 
 test-amd64-i386-xl-qemuu-ovmf-amd64                          blocked 


------------------------------------------------------------
sg-report-flight on osstest.test-lab.xenproject.org
logs: /home/logs/logs
images: /home/logs/images

Logs, config files, etc. are available at
    http://logs.test-lab.xenproject.org/osstest/logs

Explanation of these reports, and of osstest in general, is at
    http://xenbits.xen.org/gitweb/?p=osstest.git;a=blob;f=README.email;hb=master
    http://xenbits.xen.org/gitweb/?p=osstest.git;a=blob;f=README;hb=master

Test harness code can be found at
    http://xenbits.xen.org/gitweb?p=osstest.git;a=summary


Not pushing.

------------------------------------------------------------
commit d506d8db7168c2c12a9e7afe0bf9047d14ec4c54
Author: Huajing Li <huajing...@intel.com>
Date:   Mon Aug 7 15:51:43 2017 +0800

    ShellPkg/driver: Show "-" in non-SFO mode
    
    The patch shows "X"/"-" instead of "Y"/"N" in column "CFG"
    and "DIAG".
    The patch shows "-" instead of "0" in column "#D" and "#C".
    
    Contributed-under: TianoCore Contribution Agreement 1.0
    Signed-off-by: Huajing Li <huajing...@intel.com>
    Reviewed-by: Ruiyu Ni <ruiyu...@intel.com>

commit 416d48f755518fd1d202b97be2e9944df6e8f0d4
Author: Huajing Li <huajing...@intel.com>
Date:   Wed Aug 9 10:54:32 2017 +0800

    ShellPkg/drivers: Show Image Name in non-SFO mode
    
    Contributed-under: TianoCore Contribution Agreement 1.0
    Signed-off-by: Huajing Li <huajing...@intel.com>
    Reviewed-by: Ruiyu Ni <ruiyu...@intel.com>

_______________________________________________
Xen-devel mailing list
Xen-devel@lists.xen.org
https://lists.xen.org/xen-devel

Reply via email to