This run is configured for baseline tests only. flight 72088 qemu-mainline real [real] http://osstest.xs.citrite.net/~osstest/testlogs/logs/72088/
Regressions :-( Tests which did not succeed and are blocking, including tests which could not be run: test-amd64-i386-libvirt-xsm 18 guest-start/debian.repeat fail REGR. vs. 72081 test-amd64-i386-xl-qemuu-win7-amd64 16 guest-localmigrate/x10 fail REGR. vs. 72081 test-amd64-amd64-xl-qemuu-win7-amd64 16 guest-localmigrate/x10 fail REGR. vs. 72081 Tests which did not succeed, but are not blocking: test-arm64-arm64-libvirt-xsm 1 build-check(1) blocked n/a test-arm64-arm64-xl 1 build-check(1) blocked n/a build-arm64-libvirt 1 build-check(1) blocked n/a test-arm64-arm64-xl-credit2 1 build-check(1) blocked n/a test-arm64-arm64-xl-xsm 1 build-check(1) blocked n/a build-arm64 2 hosts-allocate broken never pass build-arm64-pvops 2 hosts-allocate broken never pass build-arm64-xsm 2 hosts-allocate broken never pass build-arm64-xsm 3 capture-logs broken never pass build-arm64 3 capture-logs broken never pass build-arm64-pvops 3 capture-logs broken never pass test-armhf-armhf-xl-credit2 7 xen-boot fail like 72081 test-armhf-armhf-xl-multivcpu 7 xen-boot fail like 72081 test-armhf-armhf-xl-midway 7 xen-boot fail like 72081 test-armhf-armhf-xl-xsm 7 xen-boot fail like 72081 test-armhf-armhf-libvirt-raw 7 xen-boot fail like 72081 test-armhf-armhf-xl-vhd 7 xen-boot fail like 72081 test-armhf-armhf-xl-rtds 7 xen-boot fail like 72081 test-armhf-armhf-xl 7 xen-boot fail like 72081 test-armhf-armhf-libvirt 7 xen-boot fail like 72081 test-armhf-armhf-libvirt-xsm 7 xen-boot fail like 72081 test-amd64-amd64-qemuu-nested-intel 17 debian-hvm-install/l1/l2 fail like 72081 test-amd64-i386-xl-qemuu-win10-i386 17 guest-stop fail like 72081 test-amd64-i386-libvirt 13 migrate-support-check fail never pass test-amd64-amd64-xl-qemuu-ws16-amd64 10 windows-install fail never pass test-amd64-i386-libvirt-xsm 13 migrate-support-check fail never pass test-amd64-amd64-libvirt 13 migrate-support-check fail never pass test-amd64-amd64-libvirt-xsm 13 migrate-support-check fail never pass test-amd64-i386-libvirt-qemuu-debianhvm-amd64-xsm 11 migrate-support-check fail never pass test-amd64-amd64-libvirt-qemuu-debianhvm-amd64-xsm 11 migrate-support-check fail never pass test-amd64-i386-xl-qemuu-ws16-amd64 13 guest-saverestore fail never pass test-amd64-amd64-libvirt-vhd 12 migrate-support-check fail never pass test-amd64-amd64-qemuu-nested-amd 17 debian-hvm-install/l1/l2 fail never pass test-amd64-amd64-xl-qemuu-win10-i386 17 guest-stop fail never pass version targeted for testing: qemuu fcea73709b966a7ded9efa7b106ea50c7fe9025c baseline version: qemuu 74bbfe024da80a50dbe51fbb17f219d2f3e4d2dd Last test of basis 72081 2017-09-09 07:45:05 Z 1 days Testing same since 72088 2017-09-10 09:53:35 Z 0 days 1 attempts ------------------------------------------------------------ People who touched revisions under test: Aleksandr Bezzubikov <zuban...@gmail.com> Alex Williamson <alex.william...@redhat.com> Alexey Kardashevskiy <a...@ozlabs.ru> Anthony PERARD <anthony.per...@citrix.com> BALATON Zoltan <bala...@eik.bme.hu> Daniel Henrique Barboza <danie...@linux.vnet.ibm.com> David Gibson <da...@gibson.dropbear.id.au> Greg Kurz <gr...@kaod.org> Igor Mammedov <imamm...@redhat.com> KONRAD Frederic <frederic.kon...@adacore.com> Marc-André Lureau <marcandre.lur...@redhat.com> Marcel Apfelbaum <mar...@redhat.com> Mark Cave-Ayland <mark.cave-ayl...@ilande.co.uk> Michael Roth <mdr...@linux.vnet.ibm.com> Michael S. Tsirkin <m...@redhat.com> Peter Maydell <peter.mayd...@linaro.org> Peter Xu <pet...@redhat.com> Sam Bobroff <sam.bobr...@au1.ibm.com> Thomas Huth <th...@redhat.com> Yoni Bettan <ybet...@redhat.com> jobs: build-amd64-xsm pass build-arm64-xsm broken build-armhf-xsm pass build-i386-xsm pass build-amd64 pass build-arm64 broken build-armhf pass build-i386 pass build-amd64-libvirt pass build-arm64-libvirt blocked build-armhf-libvirt pass build-i386-libvirt pass build-amd64-pvops pass build-arm64-pvops broken build-armhf-pvops pass build-i386-pvops pass test-amd64-amd64-xl pass test-arm64-arm64-xl blocked test-armhf-armhf-xl fail test-amd64-i386-xl pass test-amd64-amd64-libvirt-qemuu-debianhvm-amd64-xsm pass test-amd64-i386-libvirt-qemuu-debianhvm-amd64-xsm pass test-amd64-amd64-xl-qemuu-debianhvm-amd64-xsm pass test-amd64-i386-xl-qemuu-debianhvm-amd64-xsm pass test-amd64-amd64-libvirt-xsm pass test-arm64-arm64-libvirt-xsm blocked test-armhf-armhf-libvirt-xsm fail test-amd64-i386-libvirt-xsm fail test-amd64-amd64-xl-xsm pass test-arm64-arm64-xl-xsm blocked test-armhf-armhf-xl-xsm fail test-amd64-i386-xl-xsm pass test-amd64-amd64-qemuu-nested-amd fail test-amd64-amd64-xl-pvh-amd pass test-amd64-i386-qemuu-rhel6hvm-amd pass test-amd64-amd64-xl-qemuu-debianhvm-amd64 pass test-amd64-i386-xl-qemuu-debianhvm-amd64 pass test-amd64-i386-freebsd10-amd64 pass test-amd64-amd64-xl-qemuu-ovmf-amd64 pass test-amd64-i386-xl-qemuu-ovmf-amd64 pass test-amd64-amd64-xl-qemuu-win7-amd64 fail test-amd64-i386-xl-qemuu-win7-amd64 fail test-amd64-amd64-xl-qemuu-ws16-amd64 fail test-amd64-i386-xl-qemuu-ws16-amd64 fail test-amd64-amd64-xl-credit2 pass test-arm64-arm64-xl-credit2 blocked test-armhf-armhf-xl-credit2 fail test-amd64-i386-freebsd10-i386 pass test-amd64-amd64-xl-qemuu-win10-i386 fail test-amd64-i386-xl-qemuu-win10-i386 fail test-amd64-amd64-qemuu-nested-intel fail test-amd64-amd64-xl-pvh-intel pass test-amd64-i386-qemuu-rhel6hvm-intel pass test-amd64-amd64-libvirt pass test-armhf-armhf-libvirt fail test-amd64-i386-libvirt pass test-armhf-armhf-xl-midway fail test-amd64-amd64-xl-multivcpu pass test-armhf-armhf-xl-multivcpu fail test-amd64-amd64-pair pass test-amd64-i386-pair pass test-amd64-amd64-libvirt-pair pass test-amd64-i386-libvirt-pair pass test-amd64-amd64-amd64-pvgrub pass test-amd64-amd64-i386-pvgrub pass test-amd64-amd64-pygrub pass test-amd64-amd64-xl-qcow2 pass test-armhf-armhf-libvirt-raw fail test-amd64-i386-xl-raw pass test-amd64-amd64-xl-rtds pass test-armhf-armhf-xl-rtds fail test-amd64-amd64-libvirt-vhd pass test-armhf-armhf-xl-vhd fail ------------------------------------------------------------ sg-report-flight on osstest.xs.citrite.net logs: /home/osstest/logs images: /home/osstest/images Logs, config files, etc. are available at http://osstest.xs.citrite.net/~osstest/testlogs/logs Test harness code can be found at http://xenbits.xensource.com/gitweb?p=osstest.git;a=summary broken-step build-arm64 hosts-allocate broken-step build-arm64-pvops hosts-allocate broken-step build-arm64-xsm hosts-allocate broken-step build-arm64-xsm capture-logs broken-step build-arm64 capture-logs broken-step build-arm64-pvops capture-logs Push not applicable. (No revision log; it would be 1072 lines long.)
_______________________________________________ Xen-devel mailing list Xen-devel@lists.xen.org https://lists.xen.org/xen-devel