flight 114665 linux-4.1 real [real]
http://logs.test-lab.xenproject.org/osstest/logs/114665/

Failures :-/ but no regressions.

Tests which are failing intermittently (not blocking):
 test-armhf-armhf-xl-rtds      7 xen-boot         fail in 114646 pass in 114665
 test-armhf-armhf-xl-vhd       6 xen-install      fail in 114646 pass in 114665
 test-amd64-i386-xl-qemut-stubdom-debianhvm-amd64-xsm 16 guest-localmigrate/x10 
fail in 114646 pass in 114665
 test-amd64-i386-xl-qemut-debianhvm-amd64-xsm 17 guest-stop fail in 114646 pass 
in 114665
 test-armhf-armhf-xl-credit2  16 guest-start/debian.repeat  fail pass in 114646

Regressions which are regarded as allowable (not blocking):
 test-armhf-armhf-xl-rtds    16 guest-start/debian.repeat fail REGR. vs. 113603
 test-amd64-amd64-xl-qemuu-win7-amd64 17 guest-stop       fail REGR. vs. 113603

Tests which did not succeed, but are not blocking:
 test-amd64-amd64-xl-qemut-win7-amd64 17 guest-stop      fail blocked in 113603
 test-amd64-i386-xl-qemut-ws16-amd64 17 guest-stop fail in 114646 blocked in 
113603
 test-armhf-armhf-libvirt-xsm 14 saverestore-support-check    fail  like 113603
 test-armhf-armhf-libvirt     14 saverestore-support-check    fail  like 113603
 test-amd64-i386-xl-qemuu-win7-amd64 17 guest-stop             fail like 113603
 test-amd64-i386-xl-qemut-win7-amd64 17 guest-stop             fail like 113603
 test-amd64-i386-libvirt      13 migrate-support-check        fail   never pass
 test-amd64-amd64-xl-pvhv2-intel 12 guest-start                 fail never pass
 test-amd64-amd64-libvirt-xsm 13 migrate-support-check        fail   never pass
 test-amd64-amd64-libvirt     13 migrate-support-check        fail   never pass
 test-amd64-i386-libvirt-xsm  13 migrate-support-check        fail   never pass
 test-amd64-i386-libvirt-qemuu-debianhvm-amd64-xsm 11 migrate-support-check 
fail never pass
 test-amd64-amd64-xl-pvhv2-amd 12 guest-start                  fail  never pass
 test-amd64-amd64-libvirt-qemuu-debianhvm-amd64-xsm 11 migrate-support-check 
fail never pass
 test-amd64-i386-libvirt-qcow2 12 migrate-support-check        fail  never pass
 test-armhf-armhf-libvirt-xsm 13 migrate-support-check        fail   never pass
 test-armhf-armhf-xl          13 migrate-support-check        fail   never pass
 test-armhf-armhf-xl          14 saverestore-support-check    fail   never pass
 test-armhf-armhf-xl-arndale  13 migrate-support-check        fail   never pass
 test-armhf-armhf-xl-arndale  14 saverestore-support-check    fail   never pass
 test-amd64-amd64-qemuu-nested-amd 17 debian-hvm-install/l1/l2  fail never pass
 test-amd64-amd64-libvirt-vhd 12 migrate-support-check        fail   never pass
 test-armhf-armhf-xl-rtds     13 migrate-support-check        fail   never pass
 test-armhf-armhf-xl-rtds     14 saverestore-support-check    fail   never pass
 test-armhf-armhf-xl-credit2  13 migrate-support-check        fail   never pass
 test-armhf-armhf-xl-credit2  14 saverestore-support-check    fail   never pass
 test-armhf-armhf-libvirt     13 migrate-support-check        fail   never pass
 test-armhf-armhf-xl-cubietruck 13 migrate-support-check        fail never pass
 test-armhf-armhf-xl-cubietruck 14 saverestore-support-check    fail never pass
 test-armhf-armhf-xl-multivcpu 13 migrate-support-check        fail  never pass
 test-armhf-armhf-xl-multivcpu 14 saverestore-support-check    fail  never pass
 test-armhf-armhf-xl-xsm      13 migrate-support-check        fail   never pass
 test-armhf-armhf-xl-xsm      14 saverestore-support-check    fail   never pass
 test-amd64-i386-xl-qemuu-ws16-amd64 17 guest-stop              fail never pass
 test-amd64-amd64-xl-qemuu-ws16-amd64 17 guest-stop             fail never pass
 test-armhf-armhf-libvirt-raw 12 migrate-support-check        fail   never pass
 test-armhf-armhf-libvirt-raw 13 saverestore-support-check    fail   never pass
 test-armhf-armhf-xl-vhd      12 migrate-support-check        fail   never pass
 test-armhf-armhf-xl-vhd      13 saverestore-support-check    fail   never pass
 test-amd64-amd64-xl-qemut-ws16-amd64 17 guest-stop             fail never pass
 test-amd64-i386-xl-qemuu-win10-i386 10 windows-install         fail never pass
 test-amd64-amd64-xl-qemuu-win10-i386 10 windows-install        fail never pass
 test-amd64-amd64-xl-qemut-win10-i386 10 windows-install        fail never pass
 test-amd64-i386-xl-qemut-win10-i386 10 windows-install         fail never pass

version targeted for testing:
 linux                b8342068e3011832d723aa379a3180d37a4d59df
baseline version:
 linux                5fbef6af7dd9a92605bb7c426f26bd122fd0cd74

Last test of basis   113603  2017-09-19 13:21:36 Z   29 days
Testing same since   114646  2017-10-17 10:48:56 Z    1 days    2 attempts

------------------------------------------------------------
People who touched revisions under test:
  Aaron Ma <aaron...@canonical.com>
  AL Yu-Chen Cho <a...@suse.com>
  Alan Stern <st...@rowland.harvard.edu>
  Aleksa Sarai <asa...@suse.de>
  Aleksandr Bezzubikov <zuban...@gmail.com>
  Alex Deucher <alexander.deuc...@amd.com>
  Alexander Potapenko <gli...@google.com>
  Andrew Morton <a...@linux-foundation.org>
  Andrey Korolyov <and...@xdel.ru>
  Andy Lutomirski <l...@kernel.org>
  Archit Taneja <arch...@codeaurora.org>
  Arnd Bergmann <a...@arndb.de>
  Baohong Liu <baohong....@intel.com>
  Bart Van Assche <bart.vanass...@wdc.com>
  Bastien Nocera <had...@hadess.net>
  Ben Hutchings <b...@decadent.org.uk>
  Ben Seri <b...@armis.com>
  Benjamin Block <bbl...@linux.vnet.ibm.com>
  Bjorn Helgaas <bhelg...@google.com>
  Boris Brezillon <boris.brezil...@free-electrons.com>
  Charles Milette <charles.mile...@gmail.com>
  Charles Milette <charlesmile...@gmail.com>
  Chris Wilson <ch...@chris-wilson.co.uk>
  Christian Lamparter <chunk...@googlemail.com>
  Christophe JAILLET <christophe.jail...@wanadoo.fr>
  Chuck Lever <chuck.le...@oracle.com>
  Chunyu Hu <ch...@redhat.com>
  Claudiu Manoil <claudiu.man...@nxp.com>
  Colin Ian King <colin.k...@canonical.com>
  Coly Li <col...@suse.de>
  Cong Wang <xiyou.wangc...@gmail.com>
  Dan Carpenter <dan.carpen...@oracle.com>
  Dan Priamo <d...@adiengineering.com>
  Daniel Mentz <danielme...@google.com>
  Dave Chinner <da...@fromorbit.com>
  Dave Martin <dave.mar...@arm.com>
  David S. Miller <da...@davemloft.net>
  David Sterba <dste...@suse.com>
  David Teigland <teigl...@redhat.com>
  Dick Kennedy <dick.kenn...@avagotech.com>
  Dmitry Fleytman <dmi...@daynix.com>
  Dmitry Torokhov <dmitry.torok...@gmail.com>
  Dmitry Tunin <hanipouspi...@gmail.com>
  Douglas Anderson <diand...@chromium.org>
  Douglas Gilbert <dgilb...@interlog.com>
  Dragos Bogdan <dragos.bog...@analog.com>
  Edwin Török <edvin.to...@citrix.com>
  Eric Dumazet <eduma...@google.com>
  Florian Fainelli <f.faine...@gmail.com>
  Florian Westphal <f...@strlen.de>
  Greg Kroah-Hartman <gre...@linuxfoundation.org>
  Guenter Roeck <li...@roeck-us.net>
  Hannes Reinecke <h...@suse.com>
  Hannes Reinecke <h...@suse.de>
  Hans Verkuil <hans.verk...@cisco.com>
  Hector Martin <mar...@marcan.st>
  Helge Deller <del...@gmx.de>
  Herbert Xu <herb...@gondor.apana.org.au>
  Ingo Molnar <mi...@kernel.org>
  J. Bruce Fields <bfie...@redhat.com>
  Jaegeuk Kim <jaeg...@kernel.org>
  James Hogan <james.ho...@imgtec.com>
  James Morse <james.mo...@arm.com>
  James Smart <james.sm...@avagotech.com>
  James Smart <james.sm...@broadcom.com>
  Jan Kara <j...@suse.cz>
  Jeffy Chen <jeffy.c...@rock-chips.com>
  Jens Axboe <ax...@kernel.dk>
  Jiri Slaby <jsl...@suse.cz>
  Joerg Roedel <jroe...@suse.de>
  Johan Hovold <jo...@kernel.org>
  Johannes Thumshirn <jthumsh...@suse.de>
  John Stultz <john.stu...@linaro.org>
  Jonathan Cameron <jonathan.came...@huawei.com>
  Joonas Lahtinen <joonas.lahti...@linux.intel.com>
  Jose Abreu <joab...@synopsys.com>
  Jose Abreu <jose.ab...@synopsys.com>
  Kai-Heng Feng <kai.heng.f...@canonical.com>
  Kalle Valo <kv...@codeaurora.org>
  Kalle Valo <kv...@qca.qualcomm.com>
  Kashyap Desai <kashyap.de...@broadcom.com>
  Kent Overstreet <kent.overstr...@gmail.com>
  Koji Matsuoka <koji.matsuoka...@renesas.com>
  Konstantin Khlebnikov <khlebni...@yandex-team.ru>
  Kuninori Morimoto <kuninori.morimoto...@renesas.com>
  Lars-Peter Clausen <l...@metafoo.de>
  Laurent Pinchart <laurent.pinchart+rene...@ideasonboard.com>
  Laurent Pinchart <laurent.pinch...@ideasonboard.com>
  Linus Torvalds <torva...@linux-foundation.org>
  Liping Zhang <zlpnob...@gmail.com>
  Long Li <lon...@microsoft.com>
  Maarten Lankhorst <maarten.lankho...@linux.intel.com>
  Maciej S. Szmigiero <m...@maciej.szmigiero.name>
  Marc Gonzalez <marc_gonza...@sigmadesigns.com>
  Marc Zyngier <marc.zyng...@arm.com>
  Marcel Holtmann <mar...@holtmann.org>
  Marcelo Ricardo Leitner <marcelo.leit...@gmail.com>
  Mark Brown <broo...@kernel.org>
  Mark Rutland <mark.rutl...@arm.com>
  Martijn Coenen <m...@android.com>
  Martin K. Petersen <martin.peter...@oracle.com>
  Mathias Nyman <mathias.ny...@linux.intel.com>
  Matt Turner <matts...@gmail.com>
  Mauro Carvalho Chehab <mche...@s-opensource.com>
  Michael Cree <mc...@orcon.net.nz>
  Michael Ellerman <m...@ellerman.id.au>
  Michael Lyle <ml...@lyle.org>
  Michael S. Tsirkin <m...@redhat.com>
  Michal Hocko <mho...@suse.com>
  Neal Cardwell <ncardw...@google.com>
  Neil Horman <nhor...@tuxdriver.com>
  NeilBrown <ne...@suse.com>
  Nikolay Borisov <nbori...@suse.com>
  Oleg Nesterov <o...@redhat.com>
  Oscar Campos <oscar.cam...@member.fsf.org>
  Pablo Neira Ayuso <pa...@netfilter.org>
  Paul Burton <paul.bur...@imgtec.com>
  Paul E. McKenney <paul...@linux.vnet.ibm.com>
  Paul Moore <p...@paul-moore.com>
  Pavel Machek <pa...@ucw.cz>
  Pavel Shilovsky <pshi...@microsoft.com>
  Peter Hutterer <peter.hutte...@who-t.net>
  Peter Zijlstra (Intel) <pet...@infradead.org>
  Pierguido Lambri <plam...@redhat.com>
  Rafael J. Wysocki <rafael.j.wyso...@intel.com>
  Rakesh Pillai <pill...@qti.qualcomm.com>
  Ralf Baechle <r...@linux-mips.org>
  Richard Wareing <rware...@fb.com>
  Rohit Vaswani <rvasw...@nvidia.com>
  Ronnie Sahlberg <lsahl...@redhat.com>
  Russell King <rmk+ker...@armlinux.org.uk>
  Sabrina Dubroca <s...@queasysnail.net>
  Sachin Prabhu <spra...@redhat.com>
  Sandeep Singh <sandeep.si...@amd.com>
  Sasha Levin <alexander.le...@verizon.com>
  Sergey Senozhatsky <sergey.senozhat...@gmail.com>
  Shaohua Li <s...@fb.com>
  Shivasharan S <shivasharan.srikanteshw...@broadcom.com>
  Shyam Sundar S K <shyam-sundar....@amd.com>
  Srinivas Pandruvada <srinivas.pandruv...@linux.intel.com>
  Stefano Brivio <sbri...@redhat.com>
  Steffen Klassert <steffen.klass...@secunet.com>
  Steffen Maier <ma...@linux.vnet.ibm.com>
  Stephan Mueller <smuel...@chronox.de>
  Stephen Douthit <steph...@adiengineering.com>
  Steve Capper <steve.cap...@arm.com>
  Steve French <smfre...@gmail.com>
  Steven Rostedt (VMware) <rost...@goodmis.org>
  Takashi Iwai <ti...@suse.de>
  Tang Junhui <tang.jun...@zte.com.cn>
  Tejun Heo <t...@kernel.org>
  Theodore Ts'o <ty...@mit.edu>
  Thomas Bogendoerfer <tsbog...@alpha.franken.de>
  Todd Poynor <toddpoy...@google.com>
  Tony Asleson <tasle...@redhat.com>
  Tony Jones <to...@suse.de>
  Vineet Gupta <vgu...@synopsys.com>
  Vladis Dronov <vdro...@redhat.com>
  Wei Wang <wei...@google.com>
  Will Deacon <will.dea...@arm.com>
  Wolfram Sang <wsa+rene...@sang-engineering.com>
  Wolfram Sang <w...@the-dreams.de>
  Xiangliang.Yu <xiangliang...@amd.com>
  Yang Shi <yang....@linaro.org>
  Yuchung Cheng <ych...@google.com>
  zhangyi (F) <yi.zh...@huawei.com>
  zhong jiang <zhongji...@huawei.com>

jobs:
 build-amd64-xsm                                              pass    
 build-armhf-xsm                                              pass    
 build-i386-xsm                                               pass    
 build-amd64                                                  pass    
 build-armhf                                                  pass    
 build-i386                                                   pass    
 build-amd64-libvirt                                          pass    
 build-armhf-libvirt                                          pass    
 build-i386-libvirt                                           pass    
 build-amd64-pvops                                            pass    
 build-armhf-pvops                                            pass    
 build-i386-pvops                                             pass    
 build-amd64-rumprun                                          pass    
 build-i386-rumprun                                           pass    
 test-amd64-amd64-xl                                          pass    
 test-armhf-armhf-xl                                          pass    
 test-amd64-i386-xl                                           pass    
 test-amd64-amd64-xl-qemut-debianhvm-amd64-xsm                pass    
 test-amd64-i386-xl-qemut-debianhvm-amd64-xsm                 pass    
 test-amd64-amd64-libvirt-qemuu-debianhvm-amd64-xsm           pass    
 test-amd64-i386-libvirt-qemuu-debianhvm-amd64-xsm            pass    
 test-amd64-amd64-xl-qemuu-debianhvm-amd64-xsm                pass    
 test-amd64-i386-xl-qemuu-debianhvm-amd64-xsm                 pass    
 test-amd64-amd64-xl-qemut-stubdom-debianhvm-amd64-xsm        pass    
 test-amd64-i386-xl-qemut-stubdom-debianhvm-amd64-xsm         pass    
 test-amd64-amd64-libvirt-xsm                                 pass    
 test-armhf-armhf-libvirt-xsm                                 pass    
 test-amd64-i386-libvirt-xsm                                  pass    
 test-amd64-amd64-xl-xsm                                      pass    
 test-armhf-armhf-xl-xsm                                      pass    
 test-amd64-i386-xl-xsm                                       pass    
 test-amd64-amd64-qemuu-nested-amd                            fail    
 test-amd64-amd64-xl-pvhv2-amd                                fail    
 test-amd64-i386-qemut-rhel6hvm-amd                           pass    
 test-amd64-i386-qemuu-rhel6hvm-amd                           pass    
 test-amd64-amd64-xl-qemut-debianhvm-amd64                    pass    
 test-amd64-i386-xl-qemut-debianhvm-amd64                     pass    
 test-amd64-amd64-xl-qemuu-debianhvm-amd64                    pass    
 test-amd64-i386-xl-qemuu-debianhvm-amd64                     pass    
 test-amd64-i386-freebsd10-amd64                              pass    
 test-amd64-amd64-xl-qemuu-ovmf-amd64                         pass    
 test-amd64-i386-xl-qemuu-ovmf-amd64                          pass    
 test-amd64-amd64-rumprun-amd64                               pass    
 test-amd64-amd64-xl-qemut-win7-amd64                         fail    
 test-amd64-i386-xl-qemut-win7-amd64                          fail    
 test-amd64-amd64-xl-qemuu-win7-amd64                         fail    
 test-amd64-i386-xl-qemuu-win7-amd64                          fail    
 test-amd64-amd64-xl-qemut-ws16-amd64                         fail    
 test-amd64-i386-xl-qemut-ws16-amd64                          pass    
 test-amd64-amd64-xl-qemuu-ws16-amd64                         fail    
 test-amd64-i386-xl-qemuu-ws16-amd64                          fail    
 test-armhf-armhf-xl-arndale                                  pass    
 test-amd64-amd64-xl-credit2                                  pass    
 test-armhf-armhf-xl-credit2                                  fail    
 test-armhf-armhf-xl-cubietruck                               pass    
 test-amd64-amd64-examine                                     pass    
 test-armhf-armhf-examine                                     pass    
 test-amd64-i386-examine                                      pass    
 test-amd64-i386-freebsd10-i386                               pass    
 test-amd64-i386-rumprun-i386                                 pass    
 test-amd64-amd64-xl-qemut-win10-i386                         fail    
 test-amd64-i386-xl-qemut-win10-i386                          fail    
 test-amd64-amd64-xl-qemuu-win10-i386                         fail    
 test-amd64-i386-xl-qemuu-win10-i386                          fail    
 test-amd64-amd64-qemuu-nested-intel                          pass    
 test-amd64-amd64-xl-pvhv2-intel                              fail    
 test-amd64-i386-qemut-rhel6hvm-intel                         pass    
 test-amd64-i386-qemuu-rhel6hvm-intel                         pass    
 test-amd64-amd64-libvirt                                     pass    
 test-armhf-armhf-libvirt                                     pass    
 test-amd64-i386-libvirt                                      pass    
 test-amd64-amd64-xl-multivcpu                                pass    
 test-armhf-armhf-xl-multivcpu                                pass    
 test-amd64-amd64-pair                                        pass    
 test-amd64-i386-pair                                         pass    
 test-amd64-amd64-libvirt-pair                                pass    
 test-amd64-i386-libvirt-pair                                 pass    
 test-amd64-amd64-amd64-pvgrub                                pass    
 test-amd64-amd64-i386-pvgrub                                 pass    
 test-amd64-amd64-pygrub                                      pass    
 test-amd64-i386-libvirt-qcow2                                pass    
 test-amd64-amd64-xl-qcow2                                    pass    
 test-armhf-armhf-libvirt-raw                                 pass    
 test-amd64-i386-xl-raw                                       pass    
 test-amd64-amd64-xl-rtds                                     pass    
 test-armhf-armhf-xl-rtds                                     fail    
 test-amd64-amd64-libvirt-vhd                                 pass    
 test-armhf-armhf-xl-vhd                                      pass    


------------------------------------------------------------
sg-report-flight on osstest.test-lab.xenproject.org
logs: /home/logs/logs
images: /home/logs/images

Logs, config files, etc. are available at
    http://logs.test-lab.xenproject.org/osstest/logs

Explanation of these reports, and of osstest in general, is at
    http://xenbits.xen.org/gitweb/?p=osstest.git;a=blob;f=README.email;hb=master
    http://xenbits.xen.org/gitweb/?p=osstest.git;a=blob;f=README;hb=master

Test harness code can be found at
    http://xenbits.xen.org/gitweb?p=osstest.git;a=summary


Pushing revision :

+ branch=linux-4.1
+ revision=b8342068e3011832d723aa379a3180d37a4d59df
+ . ./cri-lock-repos
++ . ./cri-common
+++ . ./cri-getconfig
++++ export PERLLIB=.:.
++++ PERLLIB=.:.
+++ umask 002
+++ getrepos
++++ getconfig Repos
++++ perl -e '
                use Osstest;
                readglobalconfig();
                print $c{"Repos"} or die $!;
        '
+++ local repos=/home/osstest/repos
+++ '[' -z /home/osstest/repos ']'
+++ '[' '!' -d /home/osstest/repos ']'
+++ echo /home/osstest/repos
++ repos=/home/osstest/repos
++ repos_lock=/home/osstest/repos/lock
++ '[' x '!=' x/home/osstest/repos/lock ']'
++ OSSTEST_REPOS_LOCK_LOCKED=/home/osstest/repos/lock
++ exec with-lock-ex -w /home/osstest/repos/lock ./ap-push linux-4.1 
b8342068e3011832d723aa379a3180d37a4d59df
+ branch=linux-4.1
+ revision=b8342068e3011832d723aa379a3180d37a4d59df
+ . ./cri-lock-repos
++ . ./cri-common
+++ . ./cri-getconfig
++++ export PERLLIB=.:.:.
++++ PERLLIB=.:.:.
+++ umask 002
+++ getrepos
++++ getconfig Repos
++++ perl -e '
                use Osstest;
                readglobalconfig();
                print $c{"Repos"} or die $!;
        '
+++ local repos=/home/osstest/repos
+++ '[' -z /home/osstest/repos ']'
+++ '[' '!' -d /home/osstest/repos ']'
+++ echo /home/osstest/repos
++ repos=/home/osstest/repos
++ repos_lock=/home/osstest/repos/lock
++ '[' x/home/osstest/repos/lock '!=' x/home/osstest/repos/lock ']'
+ . ./cri-common
++ . ./cri-getconfig
+++ export PERLLIB=.:.:.:.
+++ PERLLIB=.:.:.:.
++ umask 002
+ select_xenbranch
+ case "$branch" in
+ tree=linux
+ xenbranch=xen-unstable
+ '[' xlinux = xlinux ']'
+ linuxbranch=linux-4.1
+ '[' x = x ']'
+ qemuubranch=qemu-upstream-unstable
+ select_prevxenbranch
++ ./cri-getprevxenbranch xen-unstable
+ prevxenbranch=xen-4.9-testing
+ '[' xb8342068e3011832d723aa379a3180d37a4d59df = x ']'
+ : tested/2.6.39.x
+ . ./ap-common
++ : osst...@xenbits.xen.org
+++ getconfig OsstestUpstream
+++ perl -e '
                use Osstest;
                readglobalconfig();
                print $c{"OsstestUpstream"} or die $!;
        '
++ :
++ : git://xenbits.xen.org/xen.git
++ : osst...@xenbits.xen.org:/home/xen/git/xen.git
++ : git://xenbits.xen.org/qemu-xen-traditional.git
++ : git://git.kernel.org
++ : git://git.kernel.org/pub/scm/linux/kernel/git
++ : git
++ : git://xenbits.xen.org/xtf.git
++ : osst...@xenbits.xen.org:/home/xen/git/xtf.git
++ : git://xenbits.xen.org/xtf.git
++ : git://xenbits.xen.org/libvirt.git
++ : osst...@xenbits.xen.org:/home/xen/git/libvirt.git
++ : git://xenbits.xen.org/libvirt.git
++ : git://xenbits.xen.org/osstest/rumprun.git
++ : git
++ : git://xenbits.xen.org/osstest/rumprun.git
++ : osst...@xenbits.xen.org:/home/xen/git/osstest/rumprun.git
++ : git://git.seabios.org/seabios.git
++ : osst...@xenbits.xen.org:/home/xen/git/osstest/seabios.git
++ : git://xenbits.xen.org/osstest/seabios.git
++ : https://github.com/tianocore/edk2.git
++ : osst...@xenbits.xen.org:/home/xen/git/osstest/ovmf.git
++ : git://xenbits.xen.org/osstest/ovmf.git
++ : git://xenbits.xen.org/osstest/linux-firmware.git
++ : osst...@xenbits.xen.org:/home/osstest/ext/linux-firmware.git
++ : git://git.kernel.org/pub/scm/linux/kernel/git/firmware/linux-firmware.git
++ : osst...@xenbits.xen.org:/home/xen/git/linux-pvops.git
++ : git://xenbits.xen.org/linux-pvops.git
++ : tested/linux-4.9
++ : tested/linux-arm-xen
++ '[' xgit://git.kernel.org/pub/scm/linux/kernel/git/stable/linux-stable.git = 
x ']'
++ '[' xgit://git.kernel.org/pub/scm/linux/kernel/git/stable/linux-stable.git = 
x ']'
++ : git://git.kernel.org/pub/scm/linux/kernel/git/konrad/xen.git
++ : tested/2.6.39.x
++ : daily-cron.linux-4.1
++ : daily-cron.linux-4.1
++ : daily-cron.linux-4.1
++ : daily-cron.linux-4.1
++ : daily-cron.linux-4.1
++ : daily-cron.linux-4.1
++ : daily-cron.linux-4.1
++ : http://hg.uk.xensource.com/carbon/trunk/linux-2.6.27
++ : git://xenbits.xen.org/qemu-xen.git
++ : osst...@xenbits.xen.org:/home/xen/git/qemu-xen.git
++ : daily-cron.linux-4.1
++ : git://xenbits.xen.org/qemu-xen.git
++ : git://git.qemu.org/qemu.git
+ TREE_LINUX=osst...@xenbits.xen.org:/home/xen/git/linux-pvops.git
+ TREE_QEMU_UPSTREAM=osst...@xenbits.xen.org:/home/xen/git/qemu-xen.git
+ TREE_XEN=osst...@xenbits.xen.org:/home/xen/git/xen.git
+ TREE_LIBVIRT=osst...@xenbits.xen.org:/home/xen/git/libvirt.git
+ TREE_RUMPRUN=osst...@xenbits.xen.org:/home/xen/git/osstest/rumprun.git
+ TREE_SEABIOS=osst...@xenbits.xen.org:/home/xen/git/osstest/seabios.git
+ TREE_OVMF=osst...@xenbits.xen.org:/home/xen/git/osstest/ovmf.git
+ TREE_XTF=osst...@xenbits.xen.org:/home/xen/git/xtf.git
+ info_linux_tree linux-4.1
+ case $1 in
+ : git://git.kernel.org/pub/scm/linux/kernel/git/stable/linux-stable.git
+ : linux-4.1.y
+ : linux-4.1.y
+ : git
+ : git
+ : git://xenbits.xen.org/linux-pvops.git
+ : osst...@xenbits.xen.org:/home/xen/git/linux-pvops.git
+ : tested/linux-4.1
+ : refs/heads/tested/linux-4.1
+ return 0
+ cd /home/osstest/repos/linux
+ git push osst...@xenbits.xen.org:/home/xen/git/linux-pvops.git 
b8342068e3011832d723aa379a3180d37a4d59df:refs/heads/tested/linux-4.1
To osst...@xenbits.xen.org:/home/xen/git/linux-pvops.git
   5fbef6a..b834206  b8342068e3011832d723aa379a3180d37a4d59df -> 
tested/linux-4.1
+ exit 0

_______________________________________________
Xen-devel mailing list
Xen-devel@lists.xen.org
https://lists.xen.org/xen-devel

Reply via email to