flight 114781 linux-linus real [real] http://logs.test-lab.xenproject.org/osstest/logs/114781/
Regressions :-( Tests which did not succeed and are blocking, including tests which could not be run: build-armhf-pvops <job status> broken build-armhf-pvops 5 host-build-prep fail REGR. vs. 114682 test-amd64-amd64-xl-qemut-ws16-amd64 17 guest-stop fail REGR. vs. 114682 Tests which did not succeed, but are not blocking: test-armhf-armhf-xl-multivcpu 1 build-check(1) blocked n/a test-armhf-armhf-libvirt 1 build-check(1) blocked n/a test-armhf-armhf-libvirt-raw 1 build-check(1) blocked n/a test-armhf-armhf-examine 1 build-check(1) blocked n/a test-armhf-armhf-xl 1 build-check(1) blocked n/a test-armhf-armhf-xl-vhd 1 build-check(1) blocked n/a test-armhf-armhf-xl-credit2 1 build-check(1) blocked n/a test-armhf-armhf-xl-cubietruck 1 build-check(1) blocked n/a test-armhf-armhf-xl-rtds 1 build-check(1) blocked n/a test-armhf-armhf-xl-arndale 1 build-check(1) blocked n/a test-armhf-armhf-libvirt-xsm 1 build-check(1) blocked n/a test-armhf-armhf-xl-xsm 1 build-check(1) blocked n/a test-amd64-i386-xl-qemuu-win7-amd64 17 guest-stop fail like 114682 test-amd64-amd64-xl-qemuu-ws16-amd64 17 guest-stop fail like 114682 test-amd64-amd64-xl-qemut-win7-amd64 17 guest-stop fail like 114682 test-amd64-i386-xl-qemut-win7-amd64 17 guest-stop fail like 114682 test-amd64-amd64-xl-qemuu-win7-amd64 17 guest-stop fail like 114682 test-amd64-amd64-libvirt 13 migrate-support-check fail never pass test-amd64-amd64-libvirt-xsm 13 migrate-support-check fail never pass test-amd64-i386-libvirt-xsm 13 migrate-support-check fail never pass test-amd64-amd64-libvirt-qemuu-debianhvm-amd64-xsm 11 migrate-support-check fail never pass test-amd64-i386-libvirt-qemuu-debianhvm-amd64-xsm 11 migrate-support-check fail never pass test-amd64-i386-libvirt-qcow2 12 migrate-support-check fail never pass test-amd64-amd64-libvirt-vhd 12 migrate-support-check fail never pass test-amd64-amd64-qemuu-nested-amd 17 debian-hvm-install/l1/l2 fail never pass test-amd64-i386-libvirt 13 migrate-support-check fail never pass test-amd64-i386-xl-qemuu-ws16-amd64 17 guest-stop fail never pass test-amd64-i386-xl-qemut-ws16-amd64 17 guest-stop fail never pass test-amd64-i386-xl-qemuu-win10-i386 10 windows-install fail never pass test-amd64-i386-xl-qemut-win10-i386 10 windows-install fail never pass test-amd64-amd64-xl-qemuu-win10-i386 10 windows-install fail never pass test-amd64-amd64-xl-qemut-win10-i386 10 windows-install fail never pass version targeted for testing: linux 96f893abc87bd29339c973edf6068a064cb8a756 baseline version: linux ebe6e90ccc6679cb01d2b280e4b61e6092d4bedb Last test of basis 114682 2017-10-18 09:54:11 Z 2 days Testing same since 114781 2017-10-20 01:00:47 Z 0 days 1 attempts ------------------------------------------------------------ People who touched revisions under test: Al Viro <v...@zeniv.linux.org.uk> Alex Elder (Linaro) <el...@linaro.org> Andrea Arcangeli <aarca...@redhat.com> Andy Gross <andy.gr...@linaro.org> Aneesh Kumar K.V <aneesh.ku...@linux.vnet.ibm.com> Anna Schumaker <schumaker.a...@gmail.com> Ard Biesheuvel <a...@kernel.org> Arnd Bergmann <a...@arndb.de> Arvind Yadav <arvind.yadav...@gmail.com> Bart Van Assche <bart.vanass...@wdc.com> Ben Hutchings <ben.hutchi...@codethink.co.uk> Bhumika Goyal <bhumi...@gmail.com> Bjorn Andersson <bjorn.anders...@linaro.org> Borislav Petkov <b...@suse.de> Brian Foster <bfos...@redhat.com> Christian Borntraeger <borntrae...@de.ibm.com> Christian König <christian.koe...@amd.com> Christoph Biedl <debian.a...@manchmal.in-ulm.de> Christophe JAILLET <christophe.jail...@wanadoo.fr> Chuck Lever <chuck.le...@oracle.com> Colin Ian King <colin.k...@canonical.com> Daniel Borkmann <dan...@iogearbox.net> Daniel Lezcano <daniel.lezc...@linaro.org> Daniel Vetter <daniel.vet...@ffwll.ch> Darrick J. Wong (Oracle) <darrick.w...@oracle.com> Darrick J. Wong <darrick.w...@oracle.com> Darrick J. Wong <djw...@kernel.org> Dave Chinner <dchin...@redhat.com> David Kershner <david.kersh...@unisys.com> David S. Miller <da...@davemloft.net> Dimitri John Ledkov <x...@ubuntu.com> Dmitry Torokhov <dmitry.torok...@gmail.com> Doug Ledford <dledf...@redhat.com> Eryu Guan <eg...@redhat.com> Fabio Estevam <feste...@gmail.com> Felipe Balbi <ba...@kernel.org> Florian Westphal <f...@strlen.de> Geert Uytterhoeven <ge...@linux-m68k.org> Greg Kroah-Hartman <gre...@linuxfoundation.org> Guenter Roeck <li...@roeck-us.net> Hannes Reinecke <h...@suse.com> Hans de Goede <hdego...@redhat.com> Heiko Carstens <heiko.carst...@de.ibm.com> Heiko Stuebner <he...@sntech.de> Heiner Kallweit <hkallwe...@gmail.com> Helge Deller <del...@gmx.de> Himanshu Jha <himanshujha199...@gmail.com> Ingo Molnar <mi...@kernel.org> Ivan Safonov <insafo...@gmail.com> Jaegeuk Kim <jaeg...@kernel.org> Jan Kara (SUSE) <j...@suse.cz> Javier Martinez Canillas <jav...@dowhile0.org> Jeff Kirsher <jeffrey.t.kirs...@intel.com> Jens Axboe <ax...@kernel.dk> Jes Sorensen <jes.soren...@gmail.com> Jiri Kosina <jkos...@suse.cz> Jiri Pirko <j...@resnulli.us> Joe Perches <j...@perches.com> Joerg Roedel (SUSE) <jroe...@suse.de> Johan Hovold <jo...@kernel.org> John David Anglin <dave.ang...@bell.net> Josef Bacik <jba...@fb.com> Josh Poimboeuf <jpoim...@redhat.com> Juergen Gross <jgr...@suse.com> Julia Lawall <julia.law...@lip6.fr> Jussi Laako <ju...@sonarnerd.net> K. Y. Srinivasan <k...@microsoft.com> Khalid Aziz <kha...@gonehiking.org> Krzysztof Kozlowski <k...@kernel.org> Kuninori Morimoto <kuninori.morimoto...@renesas.com> Larry Finger <larry.fin...@lwfinger.net> Laura Abbott <la...@labbott.name> Lee Jones <lee.jo...@linaro.org> Leon Romanovsky <l...@kernel.org> Linus Torvalds <torva...@linux-foundation.org> Linus Walleij (Linaro) <linus.wall...@linaro.org> Lukas Czerner <lczer...@redhat.com> Lv Zheng <zeta...@gmail.com> Martin K. Petersen (Oracle) <martin.peter...@oracle.com> Martin Schwidefsky <schwidef...@de.ibm.com> Masahiro Yamada <yamada.masah...@socionext.com> Masami Hiramatsu <mhira...@kernel.org> Mel Gorman <mgor...@suse.de> Michael S. Tsirkin <m...@redhat.com> Michal Hocko <mho...@suse.com> Mike Marshall <hub...@omnibond.com> Namhyung Kim <namhy...@kernel.org> Neil Armstrong <narmstr...@baylibre.com> Olof Johansson <o...@lixom.net> Pablo Neira Ayuso <pa...@netfilter.org> Paolo Bonzini <pbonz...@redhat.com> Paul Burton <paul.bur...@mips.com> Paul E. McKenney <paul...@linux.vnet.ibm.com> Peter Zijlstra <pet...@infradead.org> Rafael J. Wysocki <raf...@kernel.org> Ralf Baechle <r...@linux-mips.org> Richard Weinberger <rich...@nod.at> Rik van Riel <r...@surriel.com> Rob Clark <robdcl...@gmail.com> Rob Herring <r...@kernel.org> Sebastian Reichel (Collabora) <s...@kernel.org> Shawn Guo <shawn...@kernel.org> Shuah Khan <shua...@osg.samsung.com> Simon Horman <ho...@verge.net.au> Srinivas Kandagatla <srinivas.kandaga...@linaro.org> Steven Rostedt (VMware) <rost...@goodmis.org> Sven Eckelmann <s...@narfation.org> Takashi Iwai (SUSE) <ti...@suse.de> Takashi Iwai <ti...@suse.de> Tejun Heo <t...@kernel.org> Thierry Reding <thierry.red...@gmail.com> Tony Luck <tony.l...@gmail.com> Ulf Hansson <ulf.hans...@linaro.org> Vinod Koul <vinod.k...@intel.com> Vinod Koul <vk...@kernel.org> Viresh Kumar <viresh.ku...@linaro.org> Vivien Didelot <vivien.dide...@savoirfairelinux.com> Wei Yongjun <weiyongj...@huawei.com> Xin Long <lucien....@gmail.com> jobs: build-amd64-xsm pass build-armhf-xsm pass build-i386-xsm pass build-amd64 pass build-armhf pass build-i386 pass build-amd64-libvirt pass build-armhf-libvirt pass build-i386-libvirt pass build-amd64-pvops pass build-armhf-pvops broken build-i386-pvops pass build-amd64-rumprun pass build-i386-rumprun pass test-amd64-amd64-xl pass test-armhf-armhf-xl blocked test-amd64-i386-xl pass test-amd64-amd64-xl-qemut-debianhvm-amd64-xsm pass test-amd64-i386-xl-qemut-debianhvm-amd64-xsm pass test-amd64-amd64-libvirt-qemuu-debianhvm-amd64-xsm pass test-amd64-i386-libvirt-qemuu-debianhvm-amd64-xsm pass test-amd64-amd64-xl-qemuu-debianhvm-amd64-xsm pass test-amd64-i386-xl-qemuu-debianhvm-amd64-xsm pass test-amd64-amd64-xl-qemut-stubdom-debianhvm-amd64-xsm pass test-amd64-i386-xl-qemut-stubdom-debianhvm-amd64-xsm pass test-amd64-amd64-libvirt-xsm pass test-armhf-armhf-libvirt-xsm blocked test-amd64-i386-libvirt-xsm pass test-amd64-amd64-xl-xsm pass test-armhf-armhf-xl-xsm blocked test-amd64-i386-xl-xsm pass test-amd64-amd64-qemuu-nested-amd fail test-amd64-amd64-xl-pvhv2-amd pass test-amd64-i386-qemut-rhel6hvm-amd pass test-amd64-i386-qemuu-rhel6hvm-amd pass test-amd64-amd64-xl-qemut-debianhvm-amd64 pass test-amd64-i386-xl-qemut-debianhvm-amd64 pass test-amd64-amd64-xl-qemuu-debianhvm-amd64 pass test-amd64-i386-xl-qemuu-debianhvm-amd64 pass test-amd64-i386-freebsd10-amd64 pass test-amd64-amd64-xl-qemuu-ovmf-amd64 pass test-amd64-i386-xl-qemuu-ovmf-amd64 pass test-amd64-amd64-rumprun-amd64 pass test-amd64-amd64-xl-qemut-win7-amd64 fail test-amd64-i386-xl-qemut-win7-amd64 fail test-amd64-amd64-xl-qemuu-win7-amd64 fail test-amd64-i386-xl-qemuu-win7-amd64 fail test-amd64-amd64-xl-qemut-ws16-amd64 fail test-amd64-i386-xl-qemut-ws16-amd64 fail test-amd64-amd64-xl-qemuu-ws16-amd64 fail test-amd64-i386-xl-qemuu-ws16-amd64 fail test-armhf-armhf-xl-arndale blocked test-amd64-amd64-xl-credit2 pass test-armhf-armhf-xl-credit2 blocked test-armhf-armhf-xl-cubietruck blocked test-amd64-amd64-examine pass test-armhf-armhf-examine blocked test-amd64-i386-examine pass test-amd64-i386-freebsd10-i386 pass test-amd64-i386-rumprun-i386 pass test-amd64-amd64-xl-qemut-win10-i386 fail test-amd64-i386-xl-qemut-win10-i386 fail test-amd64-amd64-xl-qemuu-win10-i386 fail test-amd64-i386-xl-qemuu-win10-i386 fail test-amd64-amd64-qemuu-nested-intel pass test-amd64-amd64-xl-pvhv2-intel pass test-amd64-i386-qemut-rhel6hvm-intel pass test-amd64-i386-qemuu-rhel6hvm-intel pass test-amd64-amd64-libvirt pass test-armhf-armhf-libvirt blocked test-amd64-i386-libvirt pass test-amd64-amd64-xl-multivcpu pass test-armhf-armhf-xl-multivcpu blocked test-amd64-amd64-pair pass test-amd64-i386-pair pass test-amd64-amd64-libvirt-pair pass test-amd64-i386-libvirt-pair pass test-amd64-amd64-amd64-pvgrub pass test-amd64-amd64-i386-pvgrub pass test-amd64-amd64-pygrub pass test-amd64-i386-libvirt-qcow2 pass test-amd64-amd64-xl-qcow2 pass test-armhf-armhf-libvirt-raw blocked test-amd64-i386-xl-raw pass test-amd64-amd64-xl-rtds pass test-armhf-armhf-xl-rtds blocked test-amd64-amd64-libvirt-vhd pass test-armhf-armhf-xl-vhd blocked ------------------------------------------------------------ sg-report-flight on osstest.test-lab.xenproject.org logs: /home/logs/logs images: /home/logs/images Logs, config files, etc. are available at http://logs.test-lab.xenproject.org/osstest/logs Explanation of these reports, and of osstest in general, is at http://xenbits.xen.org/gitweb/?p=osstest.git;a=blob;f=README.email;hb=master http://xenbits.xen.org/gitweb/?p=osstest.git;a=blob;f=README;hb=master Test harness code can be found at http://xenbits.xen.org/gitweb?p=osstest.git;a=summary broken-job build-armhf-pvops broken Not pushing. (No revision log; it would be 735 lines long.)
_______________________________________________ Xen-devel mailing list Xen-devel@lists.xen.org https://lists.xen.org/xen-devel