flight 114820 linux-linus real [real] http://logs.test-lab.xenproject.org/osstest/logs/114820/
Regressions :-( Tests which did not succeed and are blocking, including tests which could not be run: test-amd64-amd64-xl-qemut-ws16-amd64 17 guest-stop fail REGR. vs. 114682 Tests which did not succeed, but are not blocking: test-armhf-armhf-libvirt 14 saverestore-support-check fail like 114682 test-amd64-i386-xl-qemuu-win7-amd64 17 guest-stop fail like 114682 test-armhf-armhf-libvirt-raw 13 saverestore-support-check fail like 114682 test-amd64-amd64-xl-qemuu-ws16-amd64 17 guest-stop fail like 114682 test-amd64-amd64-xl-qemut-win7-amd64 17 guest-stop fail like 114682 test-amd64-i386-xl-qemut-win7-amd64 17 guest-stop fail like 114682 test-armhf-armhf-libvirt-xsm 14 saverestore-support-check fail like 114682 test-amd64-amd64-xl-qemuu-win7-amd64 17 guest-stop fail like 114682 test-amd64-amd64-libvirt 13 migrate-support-check fail never pass test-amd64-amd64-libvirt-xsm 13 migrate-support-check fail never pass test-amd64-i386-libvirt-xsm 13 migrate-support-check fail never pass test-amd64-amd64-libvirt-qemuu-debianhvm-amd64-xsm 11 migrate-support-check fail never pass test-armhf-armhf-xl-arndale 13 migrate-support-check fail never pass test-armhf-armhf-xl-arndale 14 saverestore-support-check fail never pass test-amd64-i386-libvirt-qemuu-debianhvm-amd64-xsm 11 migrate-support-check fail never pass test-amd64-i386-libvirt-qcow2 12 migrate-support-check fail never pass test-amd64-amd64-libvirt-vhd 12 migrate-support-check fail never pass test-amd64-amd64-qemuu-nested-amd 17 debian-hvm-install/l1/l2 fail never pass test-armhf-armhf-xl 13 migrate-support-check fail never pass test-armhf-armhf-xl 14 saverestore-support-check fail never pass test-armhf-armhf-libvirt 13 migrate-support-check fail never pass test-armhf-armhf-xl-credit2 13 migrate-support-check fail never pass test-armhf-armhf-xl-credit2 14 saverestore-support-check fail never pass test-armhf-armhf-xl-xsm 13 migrate-support-check fail never pass test-armhf-armhf-xl-xsm 14 saverestore-support-check fail never pass test-armhf-armhf-xl-rtds 13 migrate-support-check fail never pass test-armhf-armhf-xl-rtds 14 saverestore-support-check fail never pass test-amd64-i386-libvirt 13 migrate-support-check fail never pass test-armhf-armhf-xl-multivcpu 13 migrate-support-check fail never pass test-armhf-armhf-xl-multivcpu 14 saverestore-support-check fail never pass test-armhf-armhf-libvirt-raw 12 migrate-support-check fail never pass test-amd64-i386-xl-qemuu-ws16-amd64 17 guest-stop fail never pass test-armhf-armhf-xl-vhd 12 migrate-support-check fail never pass test-armhf-armhf-xl-vhd 13 saverestore-support-check fail never pass test-armhf-armhf-libvirt-xsm 13 migrate-support-check fail never pass test-amd64-i386-xl-qemut-ws16-amd64 17 guest-stop fail never pass test-amd64-i386-xl-qemuu-win10-i386 10 windows-install fail never pass test-amd64-i386-xl-qemut-win10-i386 10 windows-install fail never pass test-amd64-amd64-xl-qemuu-win10-i386 10 windows-install fail never pass test-armhf-armhf-xl-cubietruck 13 migrate-support-check fail never pass test-armhf-armhf-xl-cubietruck 14 saverestore-support-check fail never pass test-amd64-amd64-xl-qemut-win10-i386 10 windows-install fail never pass version targeted for testing: linux 9c323bff13f92832e03657cabdd70d731408d621 baseline version: linux ebe6e90ccc6679cb01d2b280e4b61e6092d4bedb Last test of basis 114682 2017-10-18 09:54:11 Z 3 days Failing since 114781 2017-10-20 01:00:47 Z 1 days 2 attempts Testing same since 114820 2017-10-21 00:02:40 Z 0 days 1 attempts ------------------------------------------------------------ People who touched revisions under test: Adrian Hunter <adrian.hun...@intel.com> Al Viro <v...@zeniv.linux.org.uk> Alex Deucher <alexander.deuc...@amd.com> Alex Elder (Linaro) <el...@linaro.org> Andrea Arcangeli <aarca...@redhat.com> Andrey Smirnov <andrew.smir...@gmail.com> Andy Gross <andy.gr...@linaro.org> Aneesh Kumar K.V <aneesh.ku...@linux.vnet.ibm.com> Anna Schumaker <schumaker.a...@gmail.com> Ard Biesheuvel <a...@kernel.org> Arnd Bergmann <a...@arndb.de> Arvind Yadav <arvind.yadav...@gmail.com> Bart Van Assche <bart.vanass...@wdc.com> Ben Hutchings <ben.hutchi...@codethink.co.uk> Ben Skeggs <bske...@redhat.com> Bhumika Goyal <bhumi...@gmail.com> Bjorn Andersson <bjorn.anders...@linaro.org> Boris Ostrovsky <boris.ostrov...@oracle.com> Borislav Petkov <b...@suse.de> Brian Foster <bfos...@redhat.com> Changbin Du <changbin...@intel.com> Chen-Yu Tsai <w...@csie.org> Chris Wilson <ch...@chris-wilson.co.uk> Christian Borntraeger <borntrae...@de.ibm.com> Christian König <christian.koe...@amd.com> Christoph Biedl <debian.a...@manchmal.in-ulm.de> Christophe JAILLET <christophe.jail...@wanadoo.fr> Chuck Lever <chuck.le...@oracle.com> Chun-Yi Lee <j...@suse.com> Chun-Yi Lee <joeyli.ker...@gmail.com> Clemens Gruber <clemens.gru...@pqgruber.com> Colin Ian King <colin.k...@canonical.com> Daniel Borkmann <dan...@iogearbox.net> Daniel Lezcano <daniel.lezc...@linaro.org> Daniel Vetter <daniel.vet...@ffwll.ch> Darrick J. Wong (Oracle) <darrick.w...@oracle.com> Darrick J. Wong <darrick.w...@oracle.com> Darrick J. Wong <djw...@kernel.org> Dave Airlie <airl...@redhat.com> Dave Chinner <dchin...@redhat.com> David Daney <david.da...@cavium.com> David Howells <dhowe...@redhat.com> David Kershner <david.kersh...@unisys.com> David S. Miller <da...@davemloft.net> Dimitri John Ledkov <x...@ubuntu.com> Dinh Nguyen <dingu...@kernel.org> Dmitry Torokhov <dmitry.torok...@gmail.com> Doug Ledford <dledf...@redhat.com> Eric Anholt <e...@anholt.net> Eric Biggers <ebigg...@google.com> Eric Sesterhenn <eric.sesterh...@x41-dsec.de> Eryu Guan <eg...@redhat.com> Eugen Hristev <eugen.hris...@microchip.com> Fabio Estevam <feste...@gmail.com> Felipe Balbi <ba...@kernel.org> Florian Fainelli <f.faine...@gmail.com> Florian Westphal <f...@strlen.de> Geert Uytterhoeven <ge...@linux-m68k.org> Greg Kroah-Hartman <gre...@linuxfoundation.org> Gregory CLEMENT <gregory.clem...@free-electrons.com> Guenter Roeck <li...@roeck-us.net> Hannes Reinecke <h...@suse.com> Hans de Goede <hdego...@redhat.com> Heiko Carstens <heiko.carst...@de.ibm.com> Heiko Stuebner <he...@sntech.de> Heiner Kallweit <hkallwe...@gmail.com> Helge Deller <del...@gmx.de> Himanshu Jha <himanshujha199...@gmail.com> Ilia Mirkin <imir...@alum.mit.edu> Ingo Molnar <mi...@kernel.org> Inki Dae <inki....@samsung.com> Ivan Safonov <insafo...@gmail.com> Jaegeuk Kim <jaeg...@kernel.org> Jagan Teki <ja...@amarulasolutions.com> James Morris <james.l.mor...@oracle.com> Jan Kara (SUSE) <j...@suse.cz> Jan Luebbe <j...@pengutronix.de> Javier Martinez Canillas <jav...@dowhile0.org> Jeff Kirsher <jeffrey.t.kirs...@intel.com> Jens Axboe <ax...@kernel.dk> Jes Sorensen <jes.soren...@gmail.com> Jiri Kosina <jkos...@suse.cz> Jiri Pirko <j...@resnulli.us> Joe Perches <j...@perches.com> Joerg Roedel (SUSE) <jroe...@suse.de> Johan Hovold <jo...@kernel.org> John David Anglin <dave.ang...@bell.net> Jonathan Cameron <ji...@kernel.org> Josef Bacik <jba...@fb.com> Josh Poimboeuf <jpoim...@redhat.com> Juergen Gross <jgr...@suse.com> Julia Lawall <julia.law...@lip6.fr> Jussi Laako <ju...@sonarnerd.net> K. Y. Srinivasan <k...@microsoft.com> Kalyan Kinthada <kalyan.kinth...@alliedtelesis.co.nz> Kees Cook <keesc...@chromium.org> Khalid Aziz <kha...@gonehiking.org> Klaus Goger <klaus.go...@theobroma-systems.com> Krzysztof Kozlowski <k...@kernel.org> Kuninori Morimoto <kuninori.morimoto...@renesas.com> Larry Finger <larry.fin...@lwfinger.net> Laura Abbott <la...@labbott.name> Lee Jones <lee.jo...@linaro.org> Len Brown <len.br...@intel.com> Leon Romanovsky <l...@kernel.org> Linus Torvalds <torva...@linux-foundation.org> Linus Walleij (Linaro) <linus.wall...@linaro.org> Linus Walleij <linus.wall...@linaro.org> Loic Poulain <loic.poul...@gmail.com> Luc Van Oostenryck <luc.vanoostenr...@gmail.com> Luc Van Oostenryck II <luc.vanoostenr...@gmail.com> Ludovic Desroches <ludovic.desroc...@microchip.com> Lukas Czerner <lczer...@redhat.com> Lv Zheng <zeta...@gmail.com> Marek Szyprowski <m.szyprow...@samsung.com> Martin K. Petersen (Oracle) <martin.peter...@oracle.com> Martin Schwidefsky <schwidef...@de.ibm.com> Masahiro Yamada <yamada.masah...@socionext.com> Masami Hiramatsu <mhira...@kernel.org> Mathieu Desnoyers <mathieu.desnoy...@efficios.com> Maxime Ripard <maxime.rip...@free-electrons.com> Mel Gorman <mgor...@suse.de> Michael S. Tsirkin <m...@redhat.com> Michal Hocko <mho...@suse.com> Mike Marshall <hub...@omnibond.com> Mohammed Gamal <mga...@redhat.com> Namhyung Kim <namhy...@kernel.org> Neil Armstrong <narmstr...@baylibre.com> Nicolas Ferre <nicolas.fe...@microchip.com> Nicolas Pitre <n...@linaro.org> Nicolas Pitre <nicolas.pi...@linaro.org> Olof Johansson <o...@lixom.net> Oscar Mateo <oscar.ma...@intel.com> Pablo Neira Ayuso <pa...@netfilter.org> Paolo Bonzini <pbonz...@redhat.com> Paul Burton <paul.bur...@mips.com> Paul E. McKenney <paul...@linux.vnet.ibm.com> Pavel Roskin <plros...@gmail.com> Peter Zijlstra <pet...@infradead.org> Philipp Zabel <p.za...@pengutronix.de> Pontus Andersson <epon...@gmail.com> Rafael J. Wysocki <rafael.j.wyso...@intel.com> Rafael J. Wysocki <raf...@kernel.org> Ralf Baechle <r...@linux-mips.org> Ricardo Ribalda Delgado <ricardo.riba...@gmail.com> Richard Weinberger <rich...@nod.at> Rik van Riel <r...@surriel.com> Rob Clark <robdcl...@gmail.com> Rob Herring <r...@kernel.org> Rodrigo Vivi <rodrigo.v...@intel.com> Russell King <rmk+ker...@armlinux.org.uk> Sebastian Reichel (Collabora) <s...@kernel.org> Serge Hallyn <se...@hallyn.com> Shawn Guo <shawn...@kernel.org> Shawn Lin <shawn....@rock-chips.com> Shuah Khan <shua...@osg.samsung.com> Simon Horman <horms+rene...@verge.net.au> Simon Horman <ho...@verge.net.au> Srinivas Kandagatla <srinivas.kandaga...@linaro.org> Stefan Wahren <stefan.wah...@i2se.com> Stephen Douthit <steph...@adiengineering.com> Steven Rostedt (VMware) <rost...@goodmis.org> Sven Eckelmann <s...@narfation.org> Takashi Iwai (SUSE) <ti...@suse.de> Takashi Iwai <ti...@suse.de> Tejun Heo <t...@kernel.org> Thierry Reding <thierry.red...@gmail.com> Thomas Petazzoni <thomas.petazz...@free-electrons.com> Tony Lindgren <t...@atomide.com> Tony Luck <tony.l...@gmail.com> Ulf Hansson <ulf.hans...@linaro.org> Ulrich Hecht <ulrich.hecht+rene...@gmail.com> Uwe Kleine-König <u.kleine-koe...@pengutronix.de> Vinod Koul <vinod.k...@intel.com> Vinod Koul <vk...@kernel.org> Viresh Kumar <viresh.ku...@linaro.org> Vivien Didelot <vivien.dide...@savoirfairelinux.com> Wei Jinhua <wei.jinh...@zte.com.cn> Wei Liu <wei.l...@citrix.com> Wei Yongjun <weiyongj...@huawei.com> Wolfram Sang <w...@the-dreams.de> Xin Long <lucien....@gmail.com> Zhenyu Wang <zhen...@linux.intel.com> jobs: build-amd64-xsm pass build-armhf-xsm pass build-i386-xsm pass build-amd64 pass build-armhf pass build-i386 pass build-amd64-libvirt pass build-armhf-libvirt pass build-i386-libvirt pass build-amd64-pvops pass build-armhf-pvops pass build-i386-pvops pass build-amd64-rumprun pass build-i386-rumprun pass test-amd64-amd64-xl pass test-armhf-armhf-xl pass test-amd64-i386-xl pass test-amd64-amd64-xl-qemut-debianhvm-amd64-xsm pass test-amd64-i386-xl-qemut-debianhvm-amd64-xsm pass test-amd64-amd64-libvirt-qemuu-debianhvm-amd64-xsm pass test-amd64-i386-libvirt-qemuu-debianhvm-amd64-xsm pass test-amd64-amd64-xl-qemuu-debianhvm-amd64-xsm pass test-amd64-i386-xl-qemuu-debianhvm-amd64-xsm pass test-amd64-amd64-xl-qemut-stubdom-debianhvm-amd64-xsm pass test-amd64-i386-xl-qemut-stubdom-debianhvm-amd64-xsm pass test-amd64-amd64-libvirt-xsm pass test-armhf-armhf-libvirt-xsm pass test-amd64-i386-libvirt-xsm pass test-amd64-amd64-xl-xsm pass test-armhf-armhf-xl-xsm pass test-amd64-i386-xl-xsm pass test-amd64-amd64-qemuu-nested-amd fail test-amd64-amd64-xl-pvhv2-amd pass test-amd64-i386-qemut-rhel6hvm-amd pass test-amd64-i386-qemuu-rhel6hvm-amd pass test-amd64-amd64-xl-qemut-debianhvm-amd64 pass test-amd64-i386-xl-qemut-debianhvm-amd64 pass test-amd64-amd64-xl-qemuu-debianhvm-amd64 pass test-amd64-i386-xl-qemuu-debianhvm-amd64 pass test-amd64-i386-freebsd10-amd64 pass test-amd64-amd64-xl-qemuu-ovmf-amd64 pass test-amd64-i386-xl-qemuu-ovmf-amd64 pass test-amd64-amd64-rumprun-amd64 pass test-amd64-amd64-xl-qemut-win7-amd64 fail test-amd64-i386-xl-qemut-win7-amd64 fail test-amd64-amd64-xl-qemuu-win7-amd64 fail test-amd64-i386-xl-qemuu-win7-amd64 fail test-amd64-amd64-xl-qemut-ws16-amd64 fail test-amd64-i386-xl-qemut-ws16-amd64 fail test-amd64-amd64-xl-qemuu-ws16-amd64 fail test-amd64-i386-xl-qemuu-ws16-amd64 fail test-armhf-armhf-xl-arndale pass test-amd64-amd64-xl-credit2 pass test-armhf-armhf-xl-credit2 pass test-armhf-armhf-xl-cubietruck pass test-amd64-amd64-examine pass test-armhf-armhf-examine pass test-amd64-i386-examine pass test-amd64-i386-freebsd10-i386 pass test-amd64-i386-rumprun-i386 pass test-amd64-amd64-xl-qemut-win10-i386 fail test-amd64-i386-xl-qemut-win10-i386 fail test-amd64-amd64-xl-qemuu-win10-i386 fail test-amd64-i386-xl-qemuu-win10-i386 fail test-amd64-amd64-qemuu-nested-intel pass test-amd64-amd64-xl-pvhv2-intel pass test-amd64-i386-qemut-rhel6hvm-intel pass test-amd64-i386-qemuu-rhel6hvm-intel pass test-amd64-amd64-libvirt pass test-armhf-armhf-libvirt pass test-amd64-i386-libvirt pass test-amd64-amd64-xl-multivcpu pass test-armhf-armhf-xl-multivcpu pass test-amd64-amd64-pair pass test-amd64-i386-pair pass test-amd64-amd64-libvirt-pair pass test-amd64-i386-libvirt-pair pass test-amd64-amd64-amd64-pvgrub pass test-amd64-amd64-i386-pvgrub pass test-amd64-amd64-pygrub pass test-amd64-i386-libvirt-qcow2 pass test-amd64-amd64-xl-qcow2 pass test-armhf-armhf-libvirt-raw pass test-amd64-i386-xl-raw pass test-amd64-amd64-xl-rtds pass test-armhf-armhf-xl-rtds pass test-amd64-amd64-libvirt-vhd pass test-armhf-armhf-xl-vhd pass ------------------------------------------------------------ sg-report-flight on osstest.test-lab.xenproject.org logs: /home/logs/logs images: /home/logs/images Logs, config files, etc. are available at http://logs.test-lab.xenproject.org/osstest/logs Explanation of these reports, and of osstest in general, is at http://xenbits.xen.org/gitweb/?p=osstest.git;a=blob;f=README.email;hb=master http://xenbits.xen.org/gitweb/?p=osstest.git;a=blob;f=README;hb=master Test harness code can be found at http://xenbits.xen.org/gitweb?p=osstest.git;a=summary Not pushing. (No revision log; it would be 2477 lines long.)
_______________________________________________ Xen-devel mailing list Xen-devel@lists.xen.org https://lists.xen.org/xen-devel