This run is configured for baseline tests only. flight 72428 linux-3.10 real [real] http://osstest.xs.citrite.net/~osstest/testlogs/logs/72428/
Regressions :-( Tests which did not succeed and are blocking, including tests which could not be run: test-amd64-i386-xl-xsm 20 guest-start/debian.repeat fail REGR. vs. 71611 test-amd64-amd64-qemuu-nested-intel 13 xen-install/l1 fail REGR. vs. 71611 Tests which did not succeed, but are not blocking: test-amd64-i386-libvirt-qcow2 17 guest-start/debian.repeat fail baseline untested test-amd64-i386-xl-qemut-win7-amd64 17 guest-stop fail blocked in 71611 test-amd64-amd64-xl-qemuu-win7-amd64 17 guest-stop fail like 71611 test-amd64-amd64-examine 4 memdisk-try-append fail never pass test-amd64-i386-xl-qemut-win10-i386 10 windows-install fail never pass test-amd64-i386-libvirt-xsm 13 migrate-support-check fail never pass test-amd64-amd64-xl-qemut-win10-i386 10 windows-install fail never pass test-amd64-i386-xl-qemuu-ws16-amd64 10 windows-install fail never pass test-amd64-amd64-xl-qemut-ws16-amd64 10 windows-install fail never pass test-amd64-i386-libvirt 13 migrate-support-check fail never pass test-amd64-amd64-libvirt 13 migrate-support-check fail never pass test-amd64-amd64-libvirt-xsm 13 migrate-support-check fail never pass test-amd64-amd64-xl-pvhv2-intel 12 guest-start fail never pass test-amd64-amd64-xl-pvhv2-amd 12 guest-start fail never pass test-amd64-i386-libvirt-qcow2 12 migrate-support-check fail never pass test-amd64-amd64-libvirt-qemuu-debianhvm-amd64-xsm 11 migrate-support-check fail never pass test-amd64-i386-libvirt-qemuu-debianhvm-amd64-xsm 11 migrate-support-check fail never pass test-amd64-amd64-qemuu-nested-amd 17 debian-hvm-install/l1/l2 fail never pass test-amd64-amd64-libvirt-vhd 12 migrate-support-check fail never pass test-amd64-amd64-xl-qemuu-win10-i386 17 guest-stop fail never pass test-amd64-i386-xl-qemuu-win10-i386 17 guest-stop fail never pass test-amd64-i386-xl-qemuu-win7-amd64 17 guest-stop fail never pass test-amd64-amd64-xl-qemut-win7-amd64 17 guest-stop fail never pass test-amd64-i386-xl-qemut-ws16-amd64 17 guest-stop fail never pass test-amd64-amd64-xl-qemuu-ws16-amd64 17 guest-stop fail never pass version targeted for testing: linux e7a59c7f266809d17dcde20fd2055e23e7eb6895 baseline version: linux 0e3d5747a3ef9986d7617cec396850bf9d039309 Last test of basis 71611 2017-06-27 23:22:24 Z 131 days Testing same since 72428 2017-11-05 18:48:16 Z 0 days 1 attempts ------------------------------------------------------------ People who touched revisions under test: "Eric W. Biederman" <ebied...@xmission.com> Adam Borowski <kilob...@angband.pl> Al Viro <v...@zeniv.linux.org.uk> Alexander Potapenko <gli...@google.com> Andreas Gruenbacher <agrue...@redhat.com> Andrew Gabbasov <andrew_gabba...@mentor.com> Andrew Morton <a...@linux-foundation.org> Andrey Konovalov <andreyk...@google.com> Anssi Hannula <anssi.hann...@bitwise.fi> Anton Blanchard <an...@samba.org> Arend van Spriel <arend.vanspr...@broadcom.com> Arnaldo Carvalho de Melo <a...@redhat.com> Arnd Bergmann <a...@arndb.de> Baohong Liu <baohong....@intel.com> Benjamin Block <bbl...@linux.vnet.ibm.com> Bo Yan <b...@nvidia.com> Cheah Kok Cheong <thrus...@gmail.com> Chris Brandt <chris.bra...@renesas.com> Christoph Paasch <cpaa...@apple.com> Christophe JAILLET <christophe.jail...@wanadoo.fr> Cong Wang <xiyou.wangc...@gmail.com> Dan Carpenter <dan.carpen...@oracle.com> Darrick J. Wong <darrick.w...@oracle.com> David Ahern <dsah...@gmail.com> David Howells <dhowe...@redhat.com> David S. Miller <da...@davemloft.net> David Sterba <dste...@suse.com> Doug Ledford <dledf...@redhat.com> Erez Shitrit <ere...@mellanox.com> Eric Biggers <ebigg...@google.com> Eric Dumazet <eduma...@google.com> Felipe Balbi <ba...@ti.com> Felipe Balbi <felipe.ba...@linux.intel.com> Feras Daoud <fera...@mellanox.com> Florian Fainelli <f.faine...@gmail.com> Florian Westphal <f...@strlen.de> Gao Feng <gfree.w...@vip.163.com> Greg Kroah-Hartman <gre...@linuxfoundation.org> Hans Verkuil <hans.verk...@cisco.com> Haozhong Zhang <haozhong.zh...@intel.com> Helge Deller <del...@gmx.de> Herbert Xu <herb...@gondor.apana.org.au> Horia GeantÄ <horia.gea...@nxp.com> Ian Abbott <abbo...@mev.co.uk> Ilya Matveychikov <matvejchi...@gmail.com> Ilya V. Matveychikov <matvejchi...@gmail.com> Ingo Molnar <mi...@kernel.org> Ira Weiny <ira.we...@intel.com> James Hogan <james.ho...@imgtec.com> James Morris <james.l.mor...@oracle.com> James Morse <james.mo...@arm.com> James Shen <j...@datera.io> Jan Kara <j...@suse.cz> Jason Yan <yanai...@huawei.com> Jerry Lee <jerry...@qnap.com> Jin Yao <yao....@linux.intel.com> Jiri Pirko <j...@mellanox.com> Joerg Roedel <jroe...@suse.de> Johan Hovold <jo...@kernel.org> Johannes Berg <johannes.b...@intel.com> Johannes Thumshirn <jthumsh...@suse.de> Jonathan Cameron <jonathan.came...@huawei.com> Josh Poimboeuf <jpoim...@redhat.com> Jouni Malinen <jo...@qca.qualcomm.com> Julian Anastasov <j...@ssi.bg> Kazuya Mizuguchi <kazuya.mizuguchi...@renesas.com> Kees Cook <keesc...@chromium.org> Konstantin Khlebnikov <khlebni...@yandex-team.ru> Krzysztof Kozlowski <k...@kernel.org> Lad, Prabhakar <prabhakar.cse...@gmail.com> Laura Abbott <labb...@redhat.com> Lee Jones <lee.jo...@linaro.org> Leon Romanovsky <l...@kernel.org> Leon Romanovsky <leo...@mellanox.com> Linus Torvalds <torva...@linux-foundation.org> Liping Zhang <zlpnob...@gmail.com> Lorenzo Colitti <lore...@google.com> Maciej W. Rozycki <ma...@imgtec.com> Mahesh Bandewar <mahe...@google.com> Majd Dibbiny <m...@mellanox.com> Marc Kleine-Budde <m...@pengutronix.de> Marcel Holtmann <mar...@holtmann.org> Marcelo Ricardo Leitner <marcelo.leit...@gmail.com> Marcin Nowakowski <marcin.nowakow...@imgtec.com> Martin Hicks <m...@bork.org> Martin K. Petersen <martin.peter...@oracle.com> Masami Hiramatsu <mhira...@kernel.org> Mateusz Jurczyk <mjurc...@google.com> Mauro Carvalho Chehab <mche...@s-opensource.com> Michael Ellerman <m...@ellerman.id.au> Michael Thalmeier <michael.thalme...@hale.at> Michal Hocko <mho...@suse.com> Miklos Szeredi <mszer...@redhat.com> Mimi Zohar <zo...@linux.vnet.ibm.com> Nandita Dukkipati <nandi...@google.com> Naveen N. Rao <naveen.n....@linux.vnet.ibm.com> Neal Cardwell <ncardw...@google.com> Neil Horman <nhor...@tuxdriver.com> NeilBrown <ne...@suse.com> Nicholas Bellinger <n...@linux-iscsi.org> Oliver O'Halloran <ooh...@gmail.com> Pablo Neira Ayuso <pa...@netfilter.org> Pan Bian <bianpan2...@163.com> Paolo Bonzini <pbonz...@redhat.com> Paul E. McKenney <paul...@linux.vnet.ibm.com> Peter Chen <peter.c...@nxp.com> Prabhakar Lad <prabhakar.cse...@gmail.com> Radim KrÄmáŠ<rkrc...@redhat.com> Rafael J. Wysocki <rafael.j.wyso...@intel.com> Ralf Baechle <r...@linux-mips.org> Rik van Riel <r...@redhat.com> Rodolfo Giometti <giome...@linux.it> Roger Quadros <rog...@ti.com> Russell King <rmk+ker...@armlinux.org.uk> Sabrina Dubroca <s...@queasysnail.net> Satoru Takeuchi <satoru.takeu...@gmail.com> Shaohua Li <s...@fb.com> Soheil Hassas Yeganeh <soh...@google.com> Srinivas Dasari <dasa...@qti.qualcomm.com> Stefan Mätje <stefan.mae...@esd.eu> Steffen Klassert <steffen.klass...@secunet.com> Steffen Maier <ma...@linux.vnet.ibm.com> Stephan Mueller <smuel...@chronox.de> Steven Rostedt (VMware) <rost...@goodmis.org> Takashi Iwai <ti...@suse.de> Tariq Toukan <tar...@mellanox.com> Tejun Heo <t...@kernel.org> Theodore Ts'o <ty...@mit.edu> Tomasz WilczyÅski <twilczyn...@naver.com> Tony Lindgren <t...@atomide.com> Ulf Hansson <ulf.hans...@linaro.org> Uwe Kleine-König <u.kleine-koe...@pengutronix.de> Viresh Kumar <viresh.ku...@linaro.org> Vladis Dronov <vdro...@redhat.com> WANG Cong <xiyou.wangc...@gmail.com> Wanpeng Li <wanpeng...@hotmail.com> Wei Wang <wei...@google.com> Willem de Bruijn <will...@google.com> Willy Tarreau <w...@1wt.eu> Xin Long <lucien....@gmail.com> Yao Jin <yao....@linux.intel.com> Yoshihiro Shimoda <yoshihiro.shimoda...@renesas.com> Yuchung Cheng <ych...@google.com> jobs: build-amd64-xsm pass build-i386-xsm pass build-amd64 pass build-i386 pass build-amd64-libvirt pass build-i386-libvirt pass build-amd64-pvops pass build-i386-pvops pass build-amd64-rumprun pass build-i386-rumprun pass test-amd64-amd64-xl pass test-amd64-i386-xl pass test-amd64-amd64-xl-qemut-debianhvm-amd64-xsm pass test-amd64-i386-xl-qemut-debianhvm-amd64-xsm pass test-amd64-amd64-libvirt-qemuu-debianhvm-amd64-xsm pass test-amd64-i386-libvirt-qemuu-debianhvm-amd64-xsm pass test-amd64-amd64-xl-qemuu-debianhvm-amd64-xsm pass test-amd64-i386-xl-qemuu-debianhvm-amd64-xsm pass test-amd64-amd64-xl-qemut-stubdom-debianhvm-amd64-xsm pass test-amd64-i386-xl-qemut-stubdom-debianhvm-amd64-xsm pass test-amd64-amd64-libvirt-xsm pass test-amd64-i386-libvirt-xsm pass test-amd64-amd64-xl-xsm pass test-amd64-i386-xl-xsm fail test-amd64-amd64-qemuu-nested-amd fail test-amd64-amd64-xl-pvhv2-amd fail test-amd64-i386-qemut-rhel6hvm-amd pass test-amd64-i386-qemuu-rhel6hvm-amd pass test-amd64-amd64-xl-qemut-debianhvm-amd64 pass test-amd64-i386-xl-qemut-debianhvm-amd64 pass test-amd64-amd64-xl-qemuu-debianhvm-amd64 pass test-amd64-i386-xl-qemuu-debianhvm-amd64 pass test-amd64-i386-freebsd10-amd64 pass test-amd64-amd64-xl-qemuu-ovmf-amd64 pass test-amd64-i386-xl-qemuu-ovmf-amd64 pass test-amd64-amd64-rumprun-amd64 pass test-amd64-amd64-xl-qemut-win7-amd64 fail test-amd64-i386-xl-qemut-win7-amd64 fail test-amd64-amd64-xl-qemuu-win7-amd64 fail test-amd64-i386-xl-qemuu-win7-amd64 fail test-amd64-amd64-xl-qemut-ws16-amd64 fail test-amd64-i386-xl-qemut-ws16-amd64 fail test-amd64-amd64-xl-qemuu-ws16-amd64 fail test-amd64-i386-xl-qemuu-ws16-amd64 fail test-amd64-amd64-xl-credit2 pass test-amd64-amd64-examine pass test-amd64-i386-examine pass test-amd64-i386-freebsd10-i386 pass test-amd64-i386-rumprun-i386 pass test-amd64-amd64-xl-qemut-win10-i386 fail test-amd64-i386-xl-qemut-win10-i386 fail test-amd64-amd64-xl-qemuu-win10-i386 fail test-amd64-i386-xl-qemuu-win10-i386 fail test-amd64-amd64-qemuu-nested-intel fail test-amd64-amd64-xl-pvhv2-intel fail test-amd64-i386-qemut-rhel6hvm-intel pass test-amd64-i386-qemuu-rhel6hvm-intel pass test-amd64-amd64-libvirt pass test-amd64-i386-libvirt pass test-amd64-amd64-xl-multivcpu pass test-amd64-amd64-pair pass test-amd64-i386-pair pass test-amd64-amd64-libvirt-pair pass test-amd64-i386-libvirt-pair pass test-amd64-amd64-amd64-pvgrub pass test-amd64-amd64-i386-pvgrub pass test-amd64-amd64-pygrub pass test-amd64-i386-libvirt-qcow2 fail test-amd64-amd64-xl-qcow2 pass test-amd64-i386-xl-raw pass test-amd64-amd64-xl-rtds pass test-amd64-amd64-libvirt-vhd pass ------------------------------------------------------------ sg-report-flight on osstest.xs.citrite.net logs: /home/osstest/logs images: /home/osstest/images Logs, config files, etc. are available at http://osstest.xs.citrite.net/~osstest/testlogs/logs Test harness code can be found at http://xenbits.xensource.com/gitweb?p=osstest.git;a=summary Push not applicable. (No revision log; it would be 4498 lines long.)
_______________________________________________ Xen-devel mailing list Xen-devel@lists.xen.org https://lists.xen.org/xen-devel