flight 115676 xen-unstable-smoke real [real] http://logs.test-lab.xenproject.org/osstest/logs/115676/
Failures :-/ but no regressions. Tests which did not succeed, but are not blocking: test-amd64-amd64-libvirt 13 migrate-support-check fail never pass test-armhf-armhf-xl 13 migrate-support-check fail never pass test-armhf-armhf-xl 14 saverestore-support-check fail never pass version targeted for testing: xen 9862926902ba035a3741afdf03da40a4d4b57a6f baseline version: xen 92f0d4392e73727819c5a83fcce447515efaf2f5 Last test of basis 115645 2017-11-07 13:03:54 Z 1 days Testing same since 115676 2017-11-08 13:09:40 Z 0 days 1 attempts ------------------------------------------------------------ People who touched revisions under test: Andrew Cooper <andrew.coop...@citrix.com> Jan Beulich <jbeul...@suse.com> Roger Pau Monné <roger....@citrix.com> Wei Liu <wei.l...@citrix.com> jobs: build-amd64 pass build-armhf pass build-amd64-libvirt pass test-armhf-armhf-xl pass test-amd64-amd64-xl-qemuu-debianhvm-i386 pass test-amd64-amd64-libvirt pass ------------------------------------------------------------ sg-report-flight on osstest.test-lab.xenproject.org logs: /home/logs/logs images: /home/logs/images Logs, config files, etc. are available at http://logs.test-lab.xenproject.org/osstest/logs Explanation of these reports, and of osstest in general, is at http://xenbits.xen.org/gitweb/?p=osstest.git;a=blob;f=README.email;hb=master http://xenbits.xen.org/gitweb/?p=osstest.git;a=blob;f=README;hb=master Test harness code can be found at http://xenbits.xen.org/gitweb?p=osstest.git;a=summary Pushing revision : To osst...@xenbits.xen.org:/home/xen/git/xen.git 92f0d43..9862926 9862926902ba035a3741afdf03da40a4d4b57a6f -> smoke
_______________________________________________ Xen-devel mailing list Xen-devel@lists.xen.org https://lists.xen.org/xen-devel