This run is configured for baseline tests only. flight 72452 qemu-mainline real [real] http://osstest.xs.citrite.net/~osstest/testlogs/logs/72452/
Regressions :-( Tests which did not succeed and are blocking, including tests which could not be run: test-amd64-i386-xl-xsm 23 leak-check/check fail REGR. vs. 72442 test-amd64-amd64-qemuu-nested-amd 14 xen-boot/l1 fail REGR. vs. 72442 test-amd64-amd64-xl-qemuu-win10-i386 16 guest-localmigrate/x10 fail REGR. vs. 72442 Regressions which are regarded as allowable (not blocking): test-amd64-amd64-xl-rtds 18 guest-localmigrate/x10 fail REGR. vs. 72442 Tests which did not succeed, but are not blocking: test-armhf-armhf-libvirt-xsm 14 saverestore-support-check fail blocked in 72442 test-armhf-armhf-libvirt 14 saverestore-support-check fail blocked in 72442 test-armhf-armhf-xl-multivcpu 19 leak-check/check fail blocked in 72442 test-armhf-armhf-libvirt-raw 13 saverestore-support-check fail blocked in 72442 test-amd64-amd64-xl-qemuu-win7-amd64 17 guest-stop fail blocked in 72442 test-amd64-amd64-qemuu-nested-intel 10 debian-hvm-install fail like 72442 test-amd64-i386-xl-qemuu-win7-amd64 17 guest-stop fail like 72442 test-amd64-i386-xl-qemuu-win10-i386 17 guest-stop fail like 72442 test-amd64-amd64-xl-qemuu-ws16-amd64 10 windows-install fail never pass test-armhf-armhf-xl 13 migrate-support-check fail never pass test-armhf-armhf-xl 14 saverestore-support-check fail never pass test-armhf-armhf-xl-rtds 13 migrate-support-check fail never pass test-armhf-armhf-xl-rtds 14 saverestore-support-check fail never pass test-armhf-armhf-xl-multivcpu 13 migrate-support-check fail never pass test-armhf-armhf-xl-multivcpu 14 saverestore-support-check fail never pass test-armhf-armhf-xl-credit2 13 migrate-support-check fail never pass test-armhf-armhf-xl-credit2 14 saverestore-support-check fail never pass test-armhf-armhf-libvirt-xsm 13 migrate-support-check fail never pass test-amd64-amd64-xl-pvhv2-intel 12 guest-start fail never pass test-armhf-armhf-xl-xsm 13 migrate-support-check fail never pass test-armhf-armhf-xl-xsm 14 saverestore-support-check fail never pass test-armhf-armhf-libvirt 13 migrate-support-check fail never pass test-amd64-i386-libvirt-xsm 13 migrate-support-check fail never pass test-amd64-amd64-xl-pvhv2-amd 12 guest-start fail never pass test-amd64-i386-libvirt 13 migrate-support-check fail never pass test-amd64-amd64-libvirt-xsm 13 migrate-support-check fail never pass test-amd64-amd64-libvirt 13 migrate-support-check fail never pass test-armhf-armhf-libvirt-raw 12 migrate-support-check fail never pass test-amd64-i386-libvirt-qcow2 12 migrate-support-check fail never pass test-armhf-armhf-xl-midway 13 migrate-support-check fail never pass test-armhf-armhf-xl-midway 14 saverestore-support-check fail never pass test-amd64-i386-libvirt-qemuu-debianhvm-amd64-xsm 11 migrate-support-check fail never pass test-armhf-armhf-xl-vhd 12 migrate-support-check fail never pass test-armhf-armhf-xl-vhd 13 saverestore-support-check fail never pass test-amd64-amd64-libvirt-vhd 12 migrate-support-check fail never pass test-amd64-amd64-libvirt-qemuu-debianhvm-amd64-xsm 11 migrate-support-check fail never pass test-amd64-i386-xl-qemuu-ws16-amd64 17 guest-stop fail never pass version targeted for testing: qemuu 1fa0f627d03cd0d0755924247cafeb42969016bf baseline version: qemuu 4ffa88c99c54d2a30f79e3dbecec50b023eff1c8 Last test of basis 72442 2017-11-13 18:45:05 Z 2 days Testing same since 72452 2017-11-15 16:48:58 Z 0 days 1 attempts ------------------------------------------------------------ People who touched revisions under test: Alberto Garcia <be...@igalia.com> Alex Bennée <alex.ben...@linaro.org> Alexey Kardashevskiy <a...@ozlabs.ru> Alistair Francis <alistair.fran...@xilinx.com> Christian Borntraeger <borntrae...@de.ibm.com> Cornelia Huck <coh...@redhat.com> David Gibson <da...@gibson.dropbear.id.au> Emilio G. Cota <c...@braap.org> Eric Blake <ebl...@redhat.com> Fam Zheng <f...@redhat.com> Gerd Hoffmann <kra...@redhat.com> Greg Kurz <gr...@kaod.org> Jason Wang <jasow...@redhat.com> Jeff Cody <jc...@redhat.com> Jens Freimann <jfreim...@redhat.com> Mao Zhongyi <maozy.f...@cn.fujitsu.com> Max Reitz <mre...@redhat.com> Mike Nawrocki <michael.nawro...@gtri.gatech.edu> Peter Maydell <peter.mayd...@linaro.org> Philippe Mathieu-Daudé <f4...@amsat.org> Prasad J Pandit <p...@fedoraproject.org> Richard Henderson <richard.hender...@linaro.org> Sam Bobroff <sam.bobr...@au1.ibm.com> Samuel Thibault <samuel.thiba...@ens-lyon.org> Sergio Lopez <s...@redhat.com> Stefan Hajnoczi <stefa...@redhat.com> Subbaraya Sundeep <sundeep.l...@gmail.com> Tao Wu <lep...@google.com> Vladimir Sementsov-Ogievskiy <vsement...@virtuozzo.com> Yi Min Zhao <zyi...@linux.vnet.ibm.com> Zhang Chen <zhangc...@gmail.com> Zhengui <lizhen...@huawei.com> jobs: build-amd64-xsm pass build-armhf-xsm pass build-i386-xsm pass build-amd64 pass build-armhf pass build-i386 pass build-amd64-libvirt pass build-armhf-libvirt pass build-i386-libvirt pass build-amd64-pvops pass build-armhf-pvops pass build-i386-pvops pass test-amd64-amd64-xl pass test-armhf-armhf-xl pass test-amd64-i386-xl pass test-amd64-amd64-libvirt-qemuu-debianhvm-amd64-xsm pass test-amd64-i386-libvirt-qemuu-debianhvm-amd64-xsm pass test-amd64-amd64-xl-qemuu-debianhvm-amd64-xsm pass test-amd64-i386-xl-qemuu-debianhvm-amd64-xsm pass test-amd64-amd64-libvirt-xsm pass test-armhf-armhf-libvirt-xsm pass test-amd64-i386-libvirt-xsm pass test-amd64-amd64-xl-xsm pass test-armhf-armhf-xl-xsm pass test-amd64-i386-xl-xsm fail test-amd64-amd64-qemuu-nested-amd fail test-amd64-amd64-xl-pvhv2-amd fail test-amd64-i386-qemuu-rhel6hvm-amd pass test-amd64-amd64-xl-qemuu-debianhvm-amd64 pass test-amd64-i386-xl-qemuu-debianhvm-amd64 pass test-amd64-i386-freebsd10-amd64 pass test-amd64-amd64-xl-qemuu-ovmf-amd64 pass test-amd64-i386-xl-qemuu-ovmf-amd64 pass test-amd64-amd64-xl-qemuu-win7-amd64 fail test-amd64-i386-xl-qemuu-win7-amd64 fail test-amd64-amd64-xl-qemuu-ws16-amd64 fail test-amd64-i386-xl-qemuu-ws16-amd64 fail test-amd64-amd64-xl-credit2 pass test-armhf-armhf-xl-credit2 pass test-amd64-i386-freebsd10-i386 pass test-amd64-amd64-xl-qemuu-win10-i386 fail test-amd64-i386-xl-qemuu-win10-i386 fail test-amd64-amd64-qemuu-nested-intel fail test-amd64-amd64-xl-pvhv2-intel fail test-amd64-i386-qemuu-rhel6hvm-intel pass test-amd64-amd64-libvirt pass test-armhf-armhf-libvirt pass test-amd64-i386-libvirt pass test-armhf-armhf-xl-midway pass test-amd64-amd64-xl-multivcpu pass test-armhf-armhf-xl-multivcpu fail test-amd64-amd64-pair pass test-amd64-i386-pair pass test-amd64-amd64-libvirt-pair pass test-amd64-i386-libvirt-pair pass test-amd64-amd64-amd64-pvgrub pass test-amd64-amd64-i386-pvgrub pass test-amd64-amd64-pygrub pass test-amd64-i386-libvirt-qcow2 pass test-amd64-amd64-xl-qcow2 pass test-armhf-armhf-libvirt-raw pass test-amd64-i386-xl-raw pass test-amd64-amd64-xl-rtds fail test-armhf-armhf-xl-rtds pass test-amd64-amd64-libvirt-vhd pass test-armhf-armhf-xl-vhd pass ------------------------------------------------------------ sg-report-flight on osstest.xs.citrite.net logs: /home/osstest/logs images: /home/osstest/images Logs, config files, etc. are available at http://osstest.xs.citrite.net/~osstest/testlogs/logs Test harness code can be found at http://xenbits.xensource.com/gitweb?p=osstest.git;a=summary Push not applicable. (No revision log; it would be 1905 lines long.)
_______________________________________________ Xen-devel mailing list Xen-devel@lists.xen.org https://lists.xen.org/xen-devel