flight 35986 linux-3.14 real [real]
http://www.chiark.greenend.org.uk/~xensrcts/logs/35986/

Regressions :-(

Tests which did not succeed and are blocking,
including tests which could not be run:
 build-i386-libvirt            4 host-build-prep           fail REGR. vs. 35580
 test-amd64-i386-rumpuserxen-i386 13 
rumpuserxen-demo-xenstorels/xenstorels.repeat fail REGR. vs. 35580
 test-amd64-i386-freebsd10-i386 10 guest-saverestore       fail REGR. vs. 35580
 test-amd64-i386-xl-winxpsp3   3 host-install(3)         broken REGR. vs. 35580
 test-amd64-amd64-xl-qemuu-debianhvm-amd64 3 host-install(3) broken REGR. vs. 
35580

Regressions which are regarded as allowable (not blocking):
 test-amd64-i386-pair        17 guest-migrate/src_host/dst_host fail like 35580

Tests which did not succeed, but are not blocking:
 test-amd64-amd64-xl-pvh-intel  9 guest-start                  fail  never pass
 test-armhf-armhf-xl          10 migrate-support-check        fail   never pass
 test-armhf-armhf-xl-midway   10 migrate-support-check        fail   never pass
 test-armhf-armhf-xl-credit2  10 migrate-support-check        fail   never pass
 test-amd64-i386-libvirt       1 build-check(1)               blocked  n/a
 test-amd64-amd64-xl-pvh-amd   9 guest-start                  fail   never pass
 test-armhf-armhf-libvirt     10 migrate-support-check        fail   never pass
 test-armhf-armhf-xl-sedf-pin 10 migrate-support-check        fail   never pass
 test-armhf-armhf-xl-sedf     10 migrate-support-check        fail   never pass
 test-armhf-armhf-xl-multivcpu 10 migrate-support-check        fail  never pass
 test-amd64-amd64-libvirt     10 migrate-support-check        fail   never pass
 test-amd64-amd64-xl-pcipt-intel  9 guest-start                 fail never pass
 test-amd64-i386-xl-win7-amd64 14 guest-stop                   fail  never pass
 test-amd64-i386-xl-qemut-winxpsp3 14 guest-stop                fail never pass
 test-amd64-i386-xl-qemuu-win7-amd64 14 guest-stop              fail never pass
 test-amd64-amd64-xl-qemuu-win7-amd64 14 guest-stop             fail never pass
 test-amd64-amd64-xl-qemut-winxpsp3 14 guest-stop               fail never pass
 test-amd64-i386-xl-qemut-win7-amd64 14 guest-stop              fail never pass
 test-amd64-i386-xl-qemuu-winxpsp3 14 guest-stop                fail never pass
 test-amd64-amd64-xl-win7-amd64 14 guest-stop                   fail never pass
 test-amd64-i386-xl-qemuu-winxpsp3-vcpus1 14 guest-stop         fail never pass
 test-amd64-amd64-xl-qemut-win7-amd64 14 guest-stop             fail never pass
 test-amd64-i386-xl-qemut-winxpsp3-vcpus1 14 guest-stop         fail never pass
 test-amd64-i386-xl-winxpsp3-vcpus1 14 guest-stop               fail never pass
 test-amd64-amd64-xl-winxpsp3 14 guest-stop                   fail   never pass
 test-amd64-amd64-xl-qemuu-winxpsp3 14 guest-stop               fail never pass

version targeted for testing:
 linux                e8f616ae4f32159f77e60f73a4267b5806c418bd
baseline version:
 linux                413cb08cebe9fd8107f556eee48b2d40773cacde

------------------------------------------------------------
People who touched revisions under test:
  Adam Lee <adam....@canonical.com>
  Adrian Knoth <a...@drcomp.erfurt.thur.de>
  Alan Stern <st...@rowland.harvard.edu>
  Alexandre Courbot <acour...@nvidia.com>
  Alexey Brodkin <abrod...@synopsys.com>
  Andrew Morton <a...@linux-foundation.org>
  Arnd Bergmann <a...@arndb.de>
  Bamvor Jian Zhang <bamvor.zhangj...@huawei.com>
  Bjorn Helgaas <bhelg...@google.com>
  Borislav Petkov <b...@suse.de>
  Catalin Marinas <catalin.mari...@arm.com>
  Chaitra Basappa <chaitra.basa...@avagotech.com>
  Chen Jie <chenj...@huawei.com>
  Chris Mason <c...@fb.com>
  Christoph Hellwig <h...@lst.de>
  Christophe Ricard <christophe-h.ric...@st.com>
  Christophe Ricard <christophe.ric...@gmail.com>
  Cyrille Pitchen <cyrille.pitc...@atmel.com>
  Dan Carpenter <dan.carpen...@oracle.com>
  Daniel J Blueman <dan...@numascale.com>
  Dave Chinner <da...@fromorbit.com>
  Dave Chinner <dchin...@redhat.com>
  David Howells <dhowe...@redhat.com>
  David Sterba <dste...@suse.cz>
  David Vrabel <david.vra...@citrix.com>
  David Woodhouse <david.woodho...@intel.com>
  Dmitry Eremin-Solenikov <dbarysh...@gmail.com>
  Dmitry Osipenko <dig...@gmail.com>
  Emmanuel Grumbach <emmanuel.grumb...@intel.com>
  Eyal Shapira <e...@wizery.com>
  Eyal Shapira <eyalx.shap...@intel.com>
  Felipe Balbi <ba...@ti.com>
  George Joseph <george.jos...@fairview5.com>
  Greg Kroah-Hartman <g...@kroah.com>
  Greg Kroah-Hartman <gre...@linuxfoundation.org>
  Hans Holmberg <hans.holmb...@intel.com>
  Hector Marco-Gisbert <hecma...@upv.es>
  Hidehiro Kawai <hidehiro.kawai...@hitachi.com>
  Hon Ching (Vicky) Lo <hon...@linux.vnet.ibm.com>
  Hon Ching(Vicky) Lo <hon...@linux.vnet.ibm.com>
  honclo <hon...@imap.linux.ibm.com>
  Ilya Dryomov <idryo...@gmail.com>
  Ilya Dryomov <idryo...@redhat.com>
  Ilya Dryomov <ilya.dryo...@inktank.com>
  Ingo Molnar <mi...@kernel.org>
  Ismael Ripoll <irip...@upv.es>
  James Hogan <james.ho...@imgtec.com>
  Jan Kara <j...@suse.cz>
  Jason Wessel <jason.wes...@windriver.com>
  Jay Lan <j...@sgi.com>
  Jeff Layton <jlay...@primarydata.com>
  Jeff Moyer <jmo...@redhat.com>
  Jens Axboe <ax...@fb.com>
  Jes Sorensen <jes.soren...@redhat.com>
  Jiri Kosina <jkos...@suse.cz>
  Jisheng Zhang <jszh...@marvell.com>
  Joe Lawrence <joe.lawre...@stratus.com>
  Johan Hovold <jo...@kernel.org>
  John Stultz <john.stu...@linaro.org>
  Joy Latten <jmlat...@linux.vnet.ibm.com>
  Kees Cook <keesc...@chromium.org>
  Kiran Padwal <kiran.pad...@smartplayin.com>
  Konstantin Khlebnikov <khlebni...@yandex-team.ru>
  Krzysztof Kozlowski <k.kozlow...@samsung.com>
  Len Sorensen <lsore...@csclub.uwaterloo.ca>
  Lennart Sorensen <lsore...@csclub.uwaterloo.ca>
  Linus Torvalds <torva...@linux-foundation.org>
  Linus Walleij <linus.wall...@linaro.org>
  Lokesh Vutla <lokeshvu...@ti.com>
  Luciano Coelho <luciano.coe...@intel.com>
  Malcolm Priestley <tvbox...@gmail.com>
  Marcel Holtmann <mar...@holtmann.org>
  Marcelo Tosatti <mtosa...@redhat.com>
  Mark Brown <broo...@kernel.org>
  Martin Vajnar <martin.vaj...@gmail.com>
  Matthew Wilcox <matthew.r.wil...@intel.com>
  Mauro Carvalho Chehab <mche...@osg.samsung.com>
  Michael Mullin <masmul...@gmail.com>
  Michel Dänzer <michel.daen...@amd.com>
  Mikulas Patocka <mpato...@redhat.com
  Mikulas Patocka <mpato...@redhat.com>
  Naoya Horiguchi <n-horigu...@ah.jp.nec.com>
  NeilBrown <ne...@suse.de>
  Nicholas Bellinger <n...@linux-iscsi.org>
  Nicolas Ferre <nicolas.fe...@atmel.com>
  Nicolas Pitre <n...@linaro.org>
  Nicolas Pitre <nicolas.pi...@linaro.org>
  Nicolas Saenz Julienne <nicolassae...@gmail.com>
  Paolo Bonzini <pbonz...@redhat.com>
  Paul Walmsley <p...@pwsan.com>
  Peter Huewe <peterhu...@gmx.de>
  Peter Hurley <pe...@hurleysoftware.com>
  Peter Zijlstra (Intel) <pet...@infradead.org>
  Rafael J. Wysocki <rafael.j.wyso...@intel.com>
  Ralf Baechle <r...@linux-mips.org>
  Ricardo Ribalda Delgado <ricardo.riba...@gmail.com>
  Robert Jarzmik <robert.jarz...@free.fr>
  Robert Nelson <robertcnel...@gmail.com>
  Ross Lagerwall <ross.lagerw...@citrix.com>
  Russell King <rmk+ker...@arm.linux.org.uk>
  Scot Doyle <lkm...@scotdoyle.com>
  Sebastian Andrzej Siewior <bige...@linutronix.de>
  Sebastian Reichel <s...@kernel.org>
  Seth Forshee <seth.fors...@canonical.com>
  Steven Rostedt <rost...@goodmis.org>
  Sumit Saxena <sumit.sax...@avagotech.com>
  sumit.sax...@avagotech.com <sumit.sax...@avagotech.com>
  Takashi Iwai <ti...@suse.de>
  Tejun Heo <t...@kernel.org>
  Thadeu Lima de Souza Cascardo <casca...@linux.vnet.ibm.com>
  Thierry Reding <tred...@nvidia.com>
  Tomáš Hodek <tomas.ho...@volny.cz>
  Tony Lindgren <t...@atomide.com>
  Trond Myklebust <trond.mykleb...@primarydata.com>
  Tyler Hall <tylerwh...@gmail.com>
  Ulf Hansson <ulf.hans...@linaro.org>
  Vikram Mulukutla <mark...@codeaurora.org>
  Vineet Gupta <vgu...@synopsys.com>
  Viresh Kumar <viresh.ku...@linaro.org>
  Vivek Goyal <vgo...@redhat.com>
------------------------------------------------------------

jobs:
 build-amd64                                                  pass
 build-armhf                                                  pass
 build-i386                                                   pass
 build-amd64-libvirt                                          pass
 build-armhf-libvirt                                          pass
 build-i386-libvirt                                           broken
 build-amd64-pvops                                            pass
 build-armhf-pvops                                            pass
 build-i386-pvops                                             pass
 build-amd64-rumpuserxen                                      pass
 build-i386-rumpuserxen                                       pass
 test-amd64-amd64-xl                                          pass
 test-armhf-armhf-xl                                          pass
 test-amd64-i386-xl                                           pass
 test-amd64-amd64-xl-pvh-amd                                  fail
 test-amd64-i386-rhel6hvm-amd                                 pass
 test-amd64-i386-qemut-rhel6hvm-amd                           pass
 test-amd64-i386-qemuu-rhel6hvm-amd                           pass
 test-amd64-amd64-xl-qemut-debianhvm-amd64                    pass
 test-amd64-i386-xl-qemut-debianhvm-amd64                     pass
 test-amd64-amd64-xl-qemuu-debianhvm-amd64                    broken
 test-amd64-i386-xl-qemuu-debianhvm-amd64                     pass
 test-amd64-i386-freebsd10-amd64                              pass
 test-amd64-amd64-xl-qemuu-ovmf-amd64                         pass
 test-amd64-i386-xl-qemuu-ovmf-amd64                          pass
 test-amd64-amd64-rumpuserxen-amd64                           pass
 test-amd64-amd64-xl-qemut-win7-amd64                         fail
 test-amd64-i386-xl-qemut-win7-amd64                          fail
 test-amd64-amd64-xl-qemuu-win7-amd64                         fail
 test-amd64-i386-xl-qemuu-win7-amd64                          fail
 test-amd64-amd64-xl-win7-amd64                               fail
 test-amd64-i386-xl-win7-amd64                                fail
 test-amd64-amd64-xl-credit2                                  pass
 test-armhf-armhf-xl-credit2                                  pass
 test-amd64-i386-freebsd10-i386                               fail
 test-amd64-i386-rumpuserxen-i386                             fail
 test-amd64-amd64-xl-pcipt-intel                              fail
 test-amd64-amd64-xl-pvh-intel                                fail
 test-amd64-i386-rhel6hvm-intel                               pass
 test-amd64-i386-qemut-rhel6hvm-intel                         pass
 test-amd64-i386-qemuu-rhel6hvm-intel                         pass
 test-amd64-amd64-libvirt                                     pass
 test-armhf-armhf-libvirt                                     pass
 test-amd64-i386-libvirt                                      blocked
 test-armhf-armhf-xl-midway                                   pass
 test-amd64-amd64-xl-multivcpu                                pass
 test-armhf-armhf-xl-multivcpu                                pass
 test-amd64-amd64-pair                                        pass
 test-amd64-i386-pair                                         fail
 test-amd64-amd64-xl-sedf-pin                                 pass
 test-armhf-armhf-xl-sedf-pin                                 pass
 test-amd64-amd64-xl-sedf                                     pass
 test-armhf-armhf-xl-sedf                                     pass
 test-amd64-i386-xl-qemut-winxpsp3-vcpus1                     fail
 test-amd64-i386-xl-qemuu-winxpsp3-vcpus1                     fail
 test-amd64-i386-xl-winxpsp3-vcpus1                           fail
 test-amd64-amd64-xl-qemut-winxpsp3                           fail
 test-amd64-i386-xl-qemut-winxpsp3                            fail
 test-amd64-amd64-xl-qemuu-winxpsp3                           fail
 test-amd64-i386-xl-qemuu-winxpsp3                            fail
 test-amd64-amd64-xl-winxpsp3                                 fail
 test-amd64-i386-xl-winxpsp3                                  broken


------------------------------------------------------------
sg-report-flight on osstest.cam.xci-test.com
logs: /home/xc_osstest/logs
images: /home/xc_osstest/images

Logs, config files, etc. are available at
    http://www.chiark.greenend.org.uk/~xensrcts/logs

Test harness code can be found at
    http://xenbits.xensource.com/gitweb?p=osstest.git;a=summary

broken-step test-amd64-i386-xl-winxpsp3 host-install(3)
broken-step test-amd64-amd64-xl-qemuu-debianhvm-amd64 host-install(3)

Not pushing.

(No revision log; it would be 2340 lines long.)

_______________________________________________
Xen-devel mailing list
Xen-devel@lists.xen.org
http://lists.xen.org/xen-devel

Reply via email to