flight 36521 qemu-upstream-unstable real [real] http://www.chiark.greenend.org.uk/~xensrcts/logs/36521/
Regressions :-( Tests which did not succeed and are blocking, including tests which could not be run: test-amd64-i386-pair 17 guest-migrate/src_host/dst_host fail REGR. vs. 33488 test-amd64-amd64-xl-winxpsp3 7 windows-install fail REGR. vs. 33488 Tests which did not succeed, but are not blocking: test-amd64-amd64-xl-pvh-intel 9 guest-start fail never pass test-armhf-armhf-xl 10 migrate-support-check fail never pass test-armhf-armhf-xl-multivcpu 10 migrate-support-check fail never pass test-armhf-armhf-xl-sedf-pin 10 migrate-support-check fail never pass test-armhf-armhf-libvirt 10 migrate-support-check fail never pass test-amd64-i386-libvirt 10 migrate-support-check fail never pass test-amd64-amd64-libvirt 10 migrate-support-check fail never pass test-armhf-armhf-xl-sedf 10 migrate-support-check fail never pass test-armhf-armhf-xl-midway 10 migrate-support-check fail never pass test-amd64-amd64-xl-pvh-amd 9 guest-start fail never pass test-amd64-amd64-xl-pcipt-intel 9 guest-start fail never pass test-armhf-armhf-xl-credit2 10 migrate-support-check fail never pass test-amd64-i386-xl-qemuu-win7-amd64 14 guest-stop fail never pass test-amd64-i386-xl-qemut-winxpsp3 14 guest-stop fail never pass test-amd64-i386-xl-qemuu-winxpsp3-vcpus1 14 guest-stop fail never pass test-amd64-i386-xl-qemut-winxpsp3-vcpus1 14 guest-stop fail never pass test-amd64-amd64-xl-qemut-winxpsp3 14 guest-stop fail never pass test-amd64-i386-xl-qemut-win7-amd64 14 guest-stop fail never pass test-amd64-i386-xl-win7-amd64 14 guest-stop fail never pass test-amd64-amd64-xl-qemuu-win7-amd64 14 guest-stop fail never pass test-amd64-amd64-xl-win7-amd64 14 guest-stop fail never pass test-amd64-amd64-xl-qemut-win7-amd64 14 guest-stop fail never pass test-amd64-i386-xl-winxpsp3-vcpus1 14 guest-stop fail never pass test-amd64-i386-xl-winxpsp3 14 guest-stop fail never pass test-amd64-i386-xl-qemuu-winxpsp3 14 guest-stop fail never pass test-amd64-amd64-xl-qemuu-winxpsp3 14 guest-stop fail never pass version targeted for testing: qemuu 42ffdf360dd9df66b0a4a7ada059c02a3cf3a8de baseline version: qemuu 0d37748342e29854db7c9f6c47d7f58c6cfba6b2 ------------------------------------------------------------ People who touched revisions under test: Alex Williamson <alex.william...@redhat.com> Alexander Graf <ag...@suse.de> Andreas Färber <afaer...@suse.de> Cornelia Huck <cornelia.h...@de.ibm.com> Daniel P. Berrange <berra...@redhat.com> David Gibson <da...@gibson.dropbear.id.au> Dinar Valeev <dval...@suse.com> Don Slutz <dsl...@verizon.com> Dr. David Alan Gilbert <dgilb...@redhat.com> Eduardo Habkost <ehabk...@redhat.com> Fam Zheng <f...@redhat.com> Gary R Hook <gary.h...@nimboxx.com> Gerd Hoffmann <kra...@redhat.com> Igor Mammedov <imamm...@redhat.com> Juan Quintela <quint...@redhat.com> Jun Li <junm...@gmail.com> Kevin Wolf <kw...@redhat.com> Laurent Desnogues <laurent.desnog...@gmail.com> Leon Alrae <leon.al...@imgtec.com> Marcel Apfelbaum <mar...@redhat.com> Max Filippov <jcmvb...@gmail.com> Max Reitz <mre...@redhat.com> Michael Roth <mdr...@linux.vnet.ibm.com> Michael S. Tsirkin <m...@redhat.com> Michael Tokarev <m...@tls.msk.ru> Paolo Bonzini <pbonz...@redhat.com> Paul Durrant <paul.durr...@citrix.com> Peter Maydell <peter.mayd...@linaro.org> Peter Wu <pe...@lekensteyn.nl> Riku Voipio <riku.voi...@linaro.org> Stefan Hajnoczi <stefa...@redhat.com> Stefano Stabellini <stefano.stabell...@eu.citrix.com> Vladimir Sementsov-Ogievskiy <vsement...@parallels.com> Zhang Haoyu <zhan...@sangfor.com.cn> ------------------------------------------------------------ jobs: build-amd64 pass build-armhf pass build-i386 pass build-amd64-libvirt pass build-armhf-libvirt pass build-i386-libvirt pass build-amd64-pvops pass build-armhf-pvops pass build-i386-pvops pass test-amd64-amd64-xl pass test-armhf-armhf-xl pass test-amd64-i386-xl pass test-amd64-amd64-xl-pvh-amd fail test-amd64-i386-rhel6hvm-amd pass test-amd64-i386-qemut-rhel6hvm-amd pass test-amd64-i386-qemuu-rhel6hvm-amd pass test-amd64-amd64-xl-qemut-debianhvm-amd64 pass test-amd64-i386-xl-qemut-debianhvm-amd64 pass test-amd64-amd64-xl-qemuu-debianhvm-amd64 pass test-amd64-i386-xl-qemuu-debianhvm-amd64 pass test-amd64-i386-freebsd10-amd64 pass test-amd64-amd64-xl-qemuu-ovmf-amd64 pass test-amd64-i386-xl-qemuu-ovmf-amd64 pass test-amd64-amd64-xl-qemut-win7-amd64 fail test-amd64-i386-xl-qemut-win7-amd64 fail test-amd64-amd64-xl-qemuu-win7-amd64 fail test-amd64-i386-xl-qemuu-win7-amd64 fail test-amd64-amd64-xl-win7-amd64 fail test-amd64-i386-xl-win7-amd64 fail test-amd64-amd64-xl-credit2 pass test-armhf-armhf-xl-credit2 pass test-amd64-i386-freebsd10-i386 pass test-amd64-amd64-xl-pcipt-intel fail test-amd64-amd64-xl-pvh-intel fail test-amd64-i386-rhel6hvm-intel pass test-amd64-i386-qemut-rhel6hvm-intel pass test-amd64-i386-qemuu-rhel6hvm-intel pass test-amd64-amd64-libvirt pass test-armhf-armhf-libvirt pass test-amd64-i386-libvirt pass test-armhf-armhf-xl-midway pass test-amd64-amd64-xl-multivcpu pass test-armhf-armhf-xl-multivcpu pass test-amd64-amd64-pair pass test-amd64-i386-pair fail test-amd64-amd64-xl-sedf-pin pass test-armhf-armhf-xl-sedf-pin pass test-amd64-amd64-xl-sedf pass test-armhf-armhf-xl-sedf pass test-amd64-i386-xl-qemut-winxpsp3-vcpus1 fail test-amd64-i386-xl-qemuu-winxpsp3-vcpus1 fail test-amd64-i386-xl-winxpsp3-vcpus1 fail test-amd64-amd64-xl-qemut-winxpsp3 fail test-amd64-i386-xl-qemut-winxpsp3 fail test-amd64-amd64-xl-qemuu-winxpsp3 fail test-amd64-i386-xl-qemuu-winxpsp3 fail test-amd64-amd64-xl-winxpsp3 fail test-amd64-i386-xl-winxpsp3 fail ------------------------------------------------------------ sg-report-flight on osstest.cam.xci-test.com logs: /home/xc_osstest/logs images: /home/xc_osstest/images Logs, config files, etc. are available at http://www.chiark.greenend.org.uk/~xensrcts/logs Test harness code can be found at http://xenbits.xensource.com/gitweb?p=osstest.git;a=summary Not pushing. (No revision log; it would be 1525 lines long.)
_______________________________________________ Xen-devel mailing list Xen-devel@lists.xen.org http://lists.xen.org/xen-devel