flight 60163 ovmf real [real] http://logs.test-lab.xenproject.org/osstest/logs/60163/
Regressions :-( Tests which did not succeed and are blocking, including tests which could not be run: test-amd64-i386-xl-qemuu-ovmf-amd64 11 guest-saverestore fail REGR. vs. 59964 version targeted for testing: ovmf 1bbb83b5267b8a6701a6acae504a2b2e6b5db569 baseline version: ovmf 88656abf1b3a690969851880ba2b134e0d144625 Last test of basis 59964 2015-07-26 15:23:09 Z 6 days Failing since 59995 2015-07-27 01:12:08 Z 5 days 4 attempts Testing same since 60163 2015-07-30 18:45:23 Z 2 days 1 attempts ------------------------------------------------------------ People who touched revisions under test: "Yao, Jiewen" <jiewen....@intel.com> Ard Biesheuvel <ard.biesheu...@linaro.org> Chao Zhang <chao.b.zh...@intel.com> Dandan Bi <dandan...@intel.com> Eric Dong <eric.d...@intel.com> fanwang2 <fan.w...@intel.com> Feng Tian <feng.t...@intel.com> Harry Liebel <harry.lie...@arm.com> Jaben Carsey <jaben.car...@intel.com> Jeff Fan <jeff....@intel.com> Jordan Justen <jordan.l.jus...@intel.com> Laszlo Ersek <ler...@redhat.com> Leif Lindholm <leif.lindh...@linaro.org> Michael D Kinney <michael.d.kin...@intel.com> NetBSD project <NetBSD project> Olivier Martin <olivier.mar...@arm.com> Qiu Shumin <shumin....@intel.com> Ruiyu Ni <ruiyu...@intel.com> Star Zeng <star.z...@intel.com> Yao, Jiewen <jiewen....@intel.com> Yingke Liu <yingke.d....@intel.com> Zhang Lubo <lubo.zh...@intel.com> jobs: build-amd64-xsm pass build-i386-xsm pass build-amd64 pass build-i386 pass build-amd64-libvirt pass build-i386-libvirt pass build-amd64-pvops pass build-i386-pvops pass test-amd64-amd64-xl-qemuu-ovmf-amd64 pass test-amd64-i386-xl-qemuu-ovmf-amd64 fail ------------------------------------------------------------ sg-report-flight on osstest.test-lab.xenproject.org logs: /home/logs/logs images: /home/logs/images Logs, config files, etc. are available at http://logs.test-lab.xenproject.org/osstest/logs Explanation of these reports, and of osstest in general, is at http://xenbits.xen.org/gitweb/?p=osstest.git;a=blob;f=README.email;hb=master http://xenbits.xen.org/gitweb/?p=osstest.git;a=blob;f=README;hb=master Test harness code can be found at http://xenbits.xen.org/gitweb?p=osstest.git;a=summary Not pushing. (No revision log; it would be 911 lines long.) _______________________________________________ Xen-devel mailing list Xen-devel@lists.xen.org http://lists.xen.org/xen-devel