flight 85044 xen-unstable-coverity real [real]
http://logs.test-lab.xenproject.org/osstest/logs/85044/

Regressions :-(

Tests which did not succeed and are blocking,
including tests which could not be run:
 coverity-amd64                6 coverity-upload           fail REGR. vs. 84355

version targeted for testing:
 xen                  42391c613d42248d82f1b04c523d48bf141b75dc
baseline version:
 xen                  abf8824fe530bcf060c757596f68663c87546a6a

Last test of basis    84355  2016-02-28 09:19:08 Z    3 days
Testing same since    85044  2016-03-02 10:04:47 Z    0 days    1 attempts

------------------------------------------------------------
People who touched revisions under test:
  Andrew Cooper <andrew.coop...@citrix.com>
  Bob Moore <robert.mo...@intel.com>
  David Vrabel <david.vra...@citrix.com>
  Doug Goldstein <car...@cardoe.com>
  Hanjun Guo <hanjun....@linaro.org>
  Ian Campbell <ian.campb...@citrix.com>
  Jan Beulich <jbeul...@suse.com>
  Kevin Tian <kevin.t...@intel.com>
  Liang Z Li <liang.z...@intel.com>
  Parth Dixit <parth.di...@linaro.org>
  Shannon Zhao <shannon.z...@linaro.org>
  Tim Deegan <t...@xen.org>
  Wei Liu <wei.l...@citrix.com>
  Wen Congyang <we...@cn.fujitsu.com>
  Yang Hongyang <hongyang.y...@easystack.cn>

jobs:
 coverity-amd64                                               fail    


------------------------------------------------------------
sg-report-flight on osstest.test-lab.xenproject.org
logs: /home/logs/logs
images: /home/logs/images

Logs, config files, etc. are available at
    http://logs.test-lab.xenproject.org/osstest/logs

Explanation of these reports, and of osstest in general, is at
    http://xenbits.xen.org/gitweb/?p=osstest.git;a=blob;f=README.email;hb=master
    http://xenbits.xen.org/gitweb/?p=osstest.git;a=blob;f=README;hb=master

Test harness code can be found at
    http://xenbits.xen.org/gitweb?p=osstest.git;a=summary


Not pushing.

(No revision log; it would be 509 lines long.)

_______________________________________________
Xen-devel mailing list
Xen-devel@lists.xen.org
http://lists.xen.org/xen-devel

Reply via email to