flight 101459 xen-unstable real [real]
http://logs.test-lab.xenproject.org/osstest/logs/101459/

Regressions :-(

Tests which did not succeed and are blocking,
including tests which could not be run:
 test-armhf-armhf-libvirt-qcow2  3 host-install(3)      broken REGR. vs. 101440
 test-armhf-armhf-xl-cubietruck 11 guest-start            fail REGR. vs. 101440

Regressions which are regarded as allowable (not blocking):
 test-amd64-i386-xl-qemut-win7-amd64 16 guest-stop             fail like 101440
 test-amd64-i386-xl-qemuu-win7-amd64 16 guest-stop             fail like 101440
 test-amd64-amd64-xl-qemut-win7-amd64 16 guest-stop            fail like 101440
 test-amd64-amd64-xl-qemuu-win7-amd64 16 guest-stop            fail like 101440
 test-amd64-amd64-xl-rtds      9 debian-install               fail  like 101440

Tests which did not succeed, but are not blocking:
 test-amd64-amd64-rumprun-amd64  1 build-check(1)               blocked  n/a
 test-amd64-i386-rumprun-i386  1 build-check(1)               blocked  n/a
 build-i386-rumprun            5 rumprun-build                fail   never pass
 build-amd64-rumprun           5 rumprun-build                fail   never pass
 test-amd64-amd64-xl-pvh-amd  11 guest-start                  fail   never pass
 test-amd64-amd64-libvirt     12 migrate-support-check        fail   never pass
 test-amd64-amd64-xl-pvh-intel 11 guest-start                  fail  never pass
 test-amd64-amd64-libvirt-xsm 12 migrate-support-check        fail   never pass
 test-amd64-i386-libvirt      12 migrate-support-check        fail   never pass
 test-amd64-i386-libvirt-xsm  12 migrate-support-check        fail   never pass
 test-amd64-amd64-libvirt-qemuu-debianhvm-amd64-xsm 10 migrate-support-check 
fail never pass
 test-amd64-amd64-libvirt-vhd 11 migrate-support-check        fail   never pass
 test-armhf-armhf-libvirt-xsm 12 migrate-support-check        fail   never pass
 test-armhf-armhf-libvirt-xsm 14 guest-saverestore            fail   never pass
 test-armhf-armhf-libvirt-raw 11 migrate-support-check        fail   never pass
 test-armhf-armhf-libvirt-raw 13 guest-saverestore            fail   never pass
 test-amd64-amd64-qemuu-nested-amd 16 debian-hvm-install/l1/l2  fail never pass
 test-armhf-armhf-xl-credit2  12 migrate-support-check        fail   never pass
 test-armhf-armhf-xl-credit2  13 saverestore-support-check    fail   never pass
 test-amd64-i386-libvirt-qemuu-debianhvm-amd64-xsm 10 migrate-support-check 
fail never pass
 test-armhf-armhf-xl-rtds     12 migrate-support-check        fail   never pass
 test-armhf-armhf-xl-rtds     13 saverestore-support-check    fail   never pass
 test-armhf-armhf-xl-arndale  12 migrate-support-check        fail   never pass
 test-armhf-armhf-xl-arndale  13 saverestore-support-check    fail   never pass
 test-armhf-armhf-xl-xsm      12 migrate-support-check        fail   never pass
 test-armhf-armhf-xl-xsm      13 saverestore-support-check    fail   never pass
 test-armhf-armhf-xl-multivcpu 12 migrate-support-check        fail  never pass
 test-armhf-armhf-xl-multivcpu 13 saverestore-support-check    fail  never pass
 test-armhf-armhf-xl          12 migrate-support-check        fail   never pass
 test-armhf-armhf-xl          13 saverestore-support-check    fail   never pass
 test-armhf-armhf-libvirt     12 migrate-support-check        fail   never pass
 test-armhf-armhf-libvirt     14 guest-saverestore            fail   never pass
 test-armhf-armhf-xl-vhd      11 migrate-support-check        fail   never pass
 test-armhf-armhf-xl-vhd      12 saverestore-support-check    fail   never pass

version targeted for testing:
 xen                  20295ab63ce7f57edca9c450602ac2dace1fc721
baseline version:
 xen                  b5283627de6b7ba2b8d75ecf1edf0a46bcd83edb

Last test of basis   101440  2016-10-14 10:21:00 Z    0 days
Testing same since   101459  2016-10-14 21:46:37 Z    0 days    1 attempts

------------------------------------------------------------
People who touched revisions under test:
  Andrew Cooper <andrew.coop...@citrix.com>
  Dario Faggioli <dario.faggi...@citrix.com>
  Jan Beulich <jbeul...@suse.com>
  Wei Liu <wei.l...@citrix.com>

jobs:
 build-amd64-xsm                                              pass    
 build-armhf-xsm                                              pass    
 build-i386-xsm                                               pass    
 build-amd64-xtf                                              pass    
 build-amd64                                                  pass    
 build-armhf                                                  pass    
 build-i386                                                   pass    
 build-amd64-libvirt                                          pass    
 build-armhf-libvirt                                          pass    
 build-i386-libvirt                                           pass    
 build-amd64-oldkern                                          pass    
 build-i386-oldkern                                           pass    
 build-amd64-prev                                             pass    
 build-i386-prev                                              pass    
 build-amd64-pvops                                            pass    
 build-armhf-pvops                                            pass    
 build-i386-pvops                                             pass    
 build-amd64-rumprun                                          fail    
 build-i386-rumprun                                           fail    
 test-xtf-amd64-amd64-1                                       pass    
 test-xtf-amd64-amd64-2                                       pass    
 test-xtf-amd64-amd64-3                                       pass    
 test-xtf-amd64-amd64-4                                       pass    
 test-xtf-amd64-amd64-5                                       pass    
 test-amd64-amd64-xl                                          pass    
 test-armhf-armhf-xl                                          pass    
 test-amd64-i386-xl                                           pass    
 test-amd64-amd64-xl-qemut-debianhvm-amd64-xsm                pass    
 test-amd64-i386-xl-qemut-debianhvm-amd64-xsm                 pass    
 test-amd64-amd64-libvirt-qemuu-debianhvm-amd64-xsm           pass    
 test-amd64-i386-libvirt-qemuu-debianhvm-amd64-xsm            pass    
 test-amd64-amd64-xl-qemuu-debianhvm-amd64-xsm                pass    
 test-amd64-i386-xl-qemuu-debianhvm-amd64-xsm                 pass    
 test-amd64-amd64-xl-qemut-stubdom-debianhvm-amd64-xsm        pass    
 test-amd64-i386-xl-qemut-stubdom-debianhvm-amd64-xsm         pass    
 test-amd64-amd64-libvirt-xsm                                 pass    
 test-armhf-armhf-libvirt-xsm                                 fail    
 test-amd64-i386-libvirt-xsm                                  pass    
 test-amd64-amd64-xl-xsm                                      pass    
 test-armhf-armhf-xl-xsm                                      pass    
 test-amd64-i386-xl-xsm                                       pass    
 test-amd64-amd64-qemuu-nested-amd                            fail    
 test-amd64-amd64-xl-pvh-amd                                  fail    
 test-amd64-i386-qemut-rhel6hvm-amd                           pass    
 test-amd64-i386-qemuu-rhel6hvm-amd                           pass    
 test-amd64-amd64-xl-qemut-debianhvm-amd64                    pass    
 test-amd64-i386-xl-qemut-debianhvm-amd64                     pass    
 test-amd64-amd64-xl-qemuu-debianhvm-amd64                    pass    
 test-amd64-i386-xl-qemuu-debianhvm-amd64                     pass    
 test-amd64-i386-freebsd10-amd64                              pass    
 test-amd64-amd64-xl-qemuu-ovmf-amd64                         pass    
 test-amd64-i386-xl-qemuu-ovmf-amd64                          pass    
 test-amd64-amd64-rumprun-amd64                               blocked 
 test-amd64-amd64-xl-qemut-win7-amd64                         fail    
 test-amd64-i386-xl-qemut-win7-amd64                          fail    
 test-amd64-amd64-xl-qemuu-win7-amd64                         fail    
 test-amd64-i386-xl-qemuu-win7-amd64                          fail    
 test-armhf-armhf-xl-arndale                                  pass    
 test-amd64-amd64-xl-credit2                                  pass    
 test-armhf-armhf-xl-credit2                                  pass    
 test-armhf-armhf-xl-cubietruck                               fail    
 test-amd64-i386-freebsd10-i386                               pass    
 test-amd64-i386-rumprun-i386                                 blocked 
 test-amd64-amd64-qemuu-nested-intel                          pass    
 test-amd64-amd64-xl-pvh-intel                                fail    
 test-amd64-i386-qemut-rhel6hvm-intel                         pass    
 test-amd64-i386-qemuu-rhel6hvm-intel                         pass    
 test-amd64-amd64-libvirt                                     pass    
 test-armhf-armhf-libvirt                                     fail    
 test-amd64-i386-libvirt                                      pass    
 test-amd64-amd64-migrupgrade                                 pass    
 test-amd64-i386-migrupgrade                                  pass    
 test-amd64-amd64-xl-multivcpu                                pass    
 test-armhf-armhf-xl-multivcpu                                pass    
 test-amd64-amd64-pair                                        pass    
 test-amd64-i386-pair                                         pass    
 test-amd64-amd64-libvirt-pair                                pass    
 test-amd64-i386-libvirt-pair                                 pass    
 test-amd64-amd64-amd64-pvgrub                                pass    
 test-amd64-amd64-i386-pvgrub                                 pass    
 test-amd64-amd64-pygrub                                      pass    
 test-armhf-armhf-libvirt-qcow2                               broken  
 test-amd64-amd64-xl-qcow2                                    pass    
 test-armhf-armhf-libvirt-raw                                 fail    
 test-amd64-i386-xl-raw                                       pass    
 test-amd64-amd64-xl-rtds                                     fail    
 test-armhf-armhf-xl-rtds                                     pass    
 test-amd64-i386-xl-qemut-winxpsp3-vcpus1                     pass    
 test-amd64-i386-xl-qemuu-winxpsp3-vcpus1                     pass    
 test-amd64-amd64-libvirt-vhd                                 pass    
 test-armhf-armhf-xl-vhd                                      pass    
 test-amd64-amd64-xl-qemut-winxpsp3                           pass    
 test-amd64-i386-xl-qemut-winxpsp3                            pass    
 test-amd64-amd64-xl-qemuu-winxpsp3                           pass    
 test-amd64-i386-xl-qemuu-winxpsp3                            pass    


------------------------------------------------------------
sg-report-flight on osstest.test-lab.xenproject.org
logs: /home/logs/logs
images: /home/logs/images

Logs, config files, etc. are available at
    http://logs.test-lab.xenproject.org/osstest/logs

Explanation of these reports, and of osstest in general, is at
    http://xenbits.xen.org/gitweb/?p=osstest.git;a=blob;f=README.email;hb=master
    http://xenbits.xen.org/gitweb/?p=osstest.git;a=blob;f=README;hb=master

Test harness code can be found at
    http://xenbits.xen.org/gitweb?p=osstest.git;a=summary

broken-step test-armhf-armhf-libvirt-qcow2 host-install(3)

Not pushing.

------------------------------------------------------------
commit 20295ab63ce7f57edca9c450602ac2dace1fc721
Author: Dario Faggioli <dario.faggi...@citrix.com>
Date:   Fri Oct 14 11:02:25 2016 +0100

    docs: RTDS feature document.
    
    Signed-off-by: Dario Faggioli <dario.faggi...@citrix.com>
    Acked-by: Wei Liu <wei.l...@citrix.com>

commit 7efd9fed4d68efab8fbd880174a032b32b0da484
Author: Dario Faggioli <dario.faggi...@citrix.com>
Date:   Fri Oct 14 11:01:40 2016 +0100

    docs: Credit2 feature document.
    
    Signed-off-by: Dario Faggioli <dario.faggi...@citrix.com>
    Acked-by: Wei Liu <wei.l...@citrix.com>

commit 025bc7a0b6f46a2dc905bb6a610ac25473681c59
Author: Dario Faggioli <dario.faggi...@citrix.com>
Date:   Fri Oct 14 11:00:55 2016 +0100

    docs: Credit1 feature document.
    
    Signed-off-by: Dario Faggioli <dario.faggi...@citrix.com>
    Acked-by: Wei Liu <wei.l...@citrix.com>

commit a709a3a646302e95ba42beac89264f6cdacd0c64
Author: Jan Beulich <jbeul...@suse.com>
Date:   Fri Oct 14 14:09:42 2016 +0200

    x86/Viridian: don't depend on undefined register state
    
    The high halves of all GPRs are undefined in 32-bit and compat modes,
    and the dependency is being obfuscated by our structure field names not
    matching architectural register names (it was actually while putting
    together a patch to correct this when I noticed the issue here).
    
    For consistency also use the architecturally correct names on the
    output side.
    
    Signed-off-by: Jan Beulich <jbeul...@suse.com>
    Reviewed-by: Andrew Cooper <andrew.coop...@citrix.com>
    Reviewed-by: Paul Durrant <paul.durr...@citrix.com>

commit 373923ed9c2ed36925f574387db2be2ebe5ce45a
Author: Jan Beulich <jbeul...@suse.com>
Date:   Fri Oct 14 14:09:16 2016 +0200

    x86emul: fix pushing of selector registers
    
    Both explicit PUSH and far CALL currently push unrelated data (the
    segment attributes word) in the high half (attributes and limit in the
    64-bit case in the high 48 bits) instead of zero. To avoid having to
    apply this and further changes in multiple places, also fold the two
    (respectively) far call/jmp instances into one.
    
    Signed-off-by: Jan Beulich <jbeul...@suse.com>
    Reviewed-by: Andrew Cooper <andrew.coop...@citrix.com>

commit 9d3118a4d5a6fbd9f578853ec81621501caad63d
Author: Jan Beulich <jbeul...@suse.com>
Date:   Fri Oct 14 14:08:29 2016 +0200

    x86emul: honor MXCSR.MM
    
    Commit 6dc9ac9f52 ("x86emul: check alignment of SSE and AVX memory
    operands") didn't consider a specific AMD mode: Mis-alignment #GP
    faults can be masked on some of their hardware.
    
    Signed-off-by: Jan Beulich <jbeul...@suse.com>
    Reviewed-by: Andrew Cooper <andrew.coop...@citrix.com>

commit ed00f1761689ac7b9c074e9084c81e47c25d460c
Author: Andrew Cooper <andrew.coop...@citrix.com>
Date:   Thu Oct 13 12:16:47 2016 +0000

    x86/hvm: Clobber %cs.L when LME becomes set
    
    Signed-off-by: Andrew Cooper <andrew.coop...@citrix.com>
    Reviewed-by: Jan Beulich <jbeul...@suse.com>

commit 13b9f31751a55a96e86bd7e64b433a62a4a5b71e
Author: Andrew Cooper <andrew.coop...@citrix.com>
Date:   Thu Oct 13 11:27:28 2016 +0100

    x86/hvm: Correct the position of the %cs L/D checks
    
    Contrary to the description in the software manuals, in Long Mode, attempts 
to
    load %cs check that D is not set in combination with L before the present 
flag
    is checked.
    
    This can be observed because the L/D check fails with #GP before the 
presence
    check failes with #NP.
    
    This change partially reverts c/s 78ff18c90 "x86: defer not-present segment
    checks", taking it back to how it was in the v1 submission.
    
    Signed-off-by: Andrew Cooper <andrew.coop...@citrix.com>
    Reviewed-by: Jan Beulich <jbeul...@suse.com>
(qemu changes not included)

_______________________________________________
Xen-devel mailing list
Xen-devel@lists.xen.org
https://lists.xen.org/xen-devel

Reply via email to