flight 101470 linux-3.18 real [real]
http://logs.test-lab.xenproject.org/osstest/logs/101470/

Regressions :-(

Tests which did not succeed and are blocking,
including tests which could not be run:
 test-amd64-i386-libvirt-qemuu-debianhvm-amd64-xsm 6 xen-boot fail REGR. vs. 
101000
 test-amd64-i386-pair          9 xen-boot/src_host        fail REGR. vs. 101000
 test-amd64-i386-pair         10 xen-boot/dst_host        fail REGR. vs. 101000
 test-amd64-i386-xl-qemut-winxpsp3-vcpus1  6 xen-boot     fail REGR. vs. 101000
 test-amd64-i386-xl-qemuu-winxpsp3-vcpus1  6 xen-boot     fail REGR. vs. 101000
 test-amd64-i386-qemut-rhel6hvm-intel  6 xen-boot         fail REGR. vs. 101000
 test-amd64-i386-freebsd10-i386  6 xen-boot               fail REGR. vs. 101000
 build-i386-xsm                5 xen-build      fail in 101466 REGR. vs. 101000
 build-amd64                   5 xen-build      fail in 101466 REGR. vs. 101000

Tests which are failing intermittently (not blocking):
 test-amd64-amd64-xl-multivcpu 14 guest-saverestore fail in 101389 pass in 
101470
 test-armhf-armhf-xl-rtds 15 guest-start/debian.repeat fail in 101389 pass in 
101470
 test-amd64-amd64-xl-qemuu-win7-amd64 16 guest-stop fail in 101398 pass in 
101470
 test-amd64-amd64-xl-qemut-debianhvm-amd64 15 guest-localmigrate/x10 fail in 
101413 pass in 101470
 test-amd64-amd64-xl-qemuu-debianhvm-amd64 15 guest-localmigrate/x10 fail in 
101413 pass in 101470
 test-armhf-armhf-xl-arndale   6 xen-boot         fail in 101466 pass in 101470
 test-amd64-i386-freebsd10-amd64  6 xen-boot                fail pass in 101389
 test-amd64-i386-libvirt-pair  9 xen-boot/src_host          fail pass in 101398
 test-amd64-i386-libvirt-pair 10 xen-boot/dst_host          fail pass in 101398
 test-amd64-i386-xl-qemuu-ovmf-amd64  6 xen-boot            fail pass in 101398
 test-amd64-i386-qemuu-rhel6hvm-intel  6 xen-boot           fail pass in 101413
 test-amd64-i386-libvirt       6 xen-boot                   fail pass in 101413
 test-amd64-i386-libvirt-xsm   6 xen-boot                   fail pass in 101434
 test-armhf-armhf-xl-multivcpu  9 debian-install            fail pass in 101466

Regressions which are regarded as allowable (not blocking):
 test-amd64-amd64-xl-qemut-win7-amd64 16 guest-stop            fail like 101000
 test-amd64-i386-xl-qemut-win7-amd64 16 guest-stop             fail like 101000
 test-amd64-i386-xl-qemuu-win7-amd64 16 guest-stop             fail like 101000

Tests which did not succeed, but are not blocking:
 test-amd64-amd64-xl-qemuu-debianhvm-amd64 1 build-check(1) blocked in 101466 
n/a
 test-amd64-i386-freebsd10-i386  1 build-check(1)         blocked in 101466 n/a
 test-amd64-amd64-qemuu-nested-intel  1 build-check(1)    blocked in 101466 n/a
 test-amd64-i386-libvirt-qemuu-debianhvm-amd64-xsm 1 build-check(1) blocked in 
101466 n/a
 test-amd64-i386-xl-qemuu-debianhvm-amd64-xsm 1 build-check(1) blocked in 
101466 n/a
 test-amd64-i386-xl-qemut-debianhvm-amd64-xsm 1 build-check(1) blocked in 
101466 n/a
 test-amd64-i386-xl-qemuu-winxpsp3-vcpus1 1 build-check(1) blocked in 101466 n/a
 test-amd64-i386-libvirt-xsm   1 build-check(1)           blocked in 101466 n/a
 test-amd64-amd64-xl-multivcpu  1 build-check(1)          blocked in 101466 n/a
 test-amd64-i386-xl-qemuu-winxpsp3  1 build-check(1)      blocked in 101466 n/a
 test-amd64-amd64-libvirt      1 build-check(1)           blocked in 101466 n/a
 test-amd64-i386-xl-qemut-winxpsp3  1 build-check(1)      blocked in 101466 n/a
 test-amd64-amd64-xl-pvh-amd   1 build-check(1)           blocked in 101466 n/a
 test-amd64-i386-xl-qemut-debianhvm-amd64 1 build-check(1) blocked in 101466 n/a
 test-amd64-i386-qemut-rhel6hvm-intel  1 build-check(1)   blocked in 101466 n/a
 test-amd64-i386-freebsd10-amd64  1 build-check(1)        blocked in 101466 n/a
 test-amd64-amd64-pair         1 build-check(1)           blocked in 101466 n/a
 test-amd64-amd64-xl-qemuu-win7-amd64  1 build-check(1)   blocked in 101466 n/a
 test-amd64-amd64-libvirt-qemuu-debianhvm-amd64-xsm 1 build-check(1) blocked in 
101466 n/a
 test-amd64-amd64-pygrub       1 build-check(1)           blocked in 101466 n/a
 test-amd64-amd64-xl-qemuu-winxpsp3  1 build-check(1)     blocked in 101466 n/a
 test-amd64-amd64-xl-qcow2     1 build-check(1)           blocked in 101466 n/a
 test-amd64-amd64-amd64-pvgrub  1 build-check(1)          blocked in 101466 n/a
 test-amd64-amd64-xl-qemut-win7-amd64  1 build-check(1)   blocked in 101466 n/a
 test-amd64-i386-xl-qemuu-debianhvm-amd64 1 build-check(1) blocked in 101466 n/a
 build-amd64-rumprun           1 build-check(1)           blocked in 101466 n/a
 test-amd64-i386-xl            1 build-check(1)           blocked in 101466 n/a
 test-amd64-i386-libvirt-pair  1 build-check(1)           blocked in 101466 n/a
 test-amd64-amd64-xl-qemuu-ovmf-amd64  1 build-check(1)   blocked in 101466 n/a
 test-amd64-amd64-libvirt-vhd  1 build-check(1)           blocked in 101466 n/a
 test-amd64-amd64-xl-credit2   1 build-check(1)           blocked in 101466 n/a
 test-amd64-i386-xl-xsm        1 build-check(1)           blocked in 101466 n/a
 build-amd64-libvirt           1 build-check(1)           blocked in 101466 n/a
 test-amd64-i386-xl-qemuu-ovmf-amd64  1 build-check(1)    blocked in 101466 n/a
 test-amd64-amd64-xl-pvh-intel  1 build-check(1)          blocked in 101466 n/a
 test-amd64-i386-xl-raw        1 build-check(1)           blocked in 101466 n/a
 test-amd64-i386-qemuu-rhel6hvm-amd  1 build-check(1)     blocked in 101466 n/a
 test-amd64-amd64-i386-pvgrub  1 build-check(1)           blocked in 101466 n/a
 test-amd64-amd64-xl-qemut-winxpsp3  1 build-check(1)     blocked in 101466 n/a
 test-amd64-i386-libvirt       1 build-check(1)           blocked in 101466 n/a
 test-amd64-amd64-libvirt-pair  1 build-check(1)          blocked in 101466 n/a
 test-amd64-amd64-libvirt-xsm  1 build-check(1)           blocked in 101466 n/a
 test-amd64-i386-xl-qemut-winxpsp3-vcpus1 1 build-check(1) blocked in 101466 n/a
 test-amd64-i386-qemuu-rhel6hvm-intel  1 build-check(1)   blocked in 101466 n/a
 test-amd64-i386-xl-qemuu-win7-amd64  1 build-check(1)    blocked in 101466 n/a
 test-amd64-amd64-xl           1 build-check(1)           blocked in 101466 n/a
 test-amd64-i386-pair          1 build-check(1)           blocked in 101466 n/a
 test-amd64-amd64-qemuu-nested-amd  1 build-check(1)      blocked in 101466 n/a
 test-amd64-i386-xl-qemut-stubdom-debianhvm-amd64-xsm 1 build-check(1) blocked 
in 101466 n/a
 test-amd64-i386-xl-qemut-win7-amd64  1 build-check(1)    blocked in 101466 n/a
 test-amd64-i386-qemut-rhel6hvm-amd  1 build-check(1)     blocked in 101466 n/a
 test-amd64-amd64-xl-qemut-debianhvm-amd64 1 build-check(1) blocked in 101466 
n/a
 test-amd64-amd64-xl-rtds      1 build-check(1)           blocked in 101466 n/a
 test-amd64-amd64-rumprun-amd64  1 build-check(1)               blocked  n/a
 test-amd64-i386-rumprun-i386  1 build-check(1)               blocked  n/a
 test-amd64-i386-libvirt     12 migrate-support-check fail in 101398 never pass
 test-amd64-i386-libvirt-xsm 12 migrate-support-check fail in 101434 never pass
 test-armhf-armhf-xl-multivcpu 12 migrate-support-check fail in 101434 never 
pass
 test-armhf-armhf-xl-multivcpu 13 saverestore-support-check fail in 101434 
never pass
 build-i386-rumprun            5 rumprun-build                fail   never pass
 build-amd64-rumprun           5 rumprun-build                fail   never pass
 test-amd64-amd64-xl-pvh-intel 14 guest-saverestore            fail  never pass
 test-amd64-amd64-libvirt     12 migrate-support-check        fail   never pass
 test-amd64-amd64-libvirt-xsm 12 migrate-support-check        fail   never pass
 test-amd64-amd64-xl-pvh-amd  11 guest-start                  fail   never pass
 test-amd64-amd64-libvirt-qemuu-debianhvm-amd64-xsm 10 migrate-support-check 
fail never pass
 test-armhf-armhf-libvirt     12 migrate-support-check        fail   never pass
 test-armhf-armhf-libvirt     14 guest-saverestore            fail   never pass
 test-armhf-armhf-xl-arndale  12 migrate-support-check        fail   never pass
 test-armhf-armhf-xl-arndale  13 saverestore-support-check    fail   never pass
 test-amd64-amd64-libvirt-vhd 11 migrate-support-check        fail   never pass
 test-armhf-armhf-libvirt-qcow2 11 migrate-support-check        fail never pass
 test-armhf-armhf-libvirt-qcow2 13 guest-saverestore            fail never pass
 test-armhf-armhf-libvirt-raw 11 migrate-support-check        fail   never pass
 test-armhf-armhf-libvirt-raw 13 guest-saverestore            fail   never pass
 test-armhf-armhf-xl-xsm      12 migrate-support-check        fail   never pass
 test-armhf-armhf-libvirt-xsm 12 migrate-support-check        fail   never pass
 test-armhf-armhf-xl-xsm      13 saverestore-support-check    fail   never pass
 test-armhf-armhf-libvirt-xsm 14 guest-saverestore            fail   never pass
 test-armhf-armhf-xl-credit2  12 migrate-support-check        fail   never pass
 test-armhf-armhf-xl-credit2  13 saverestore-support-check    fail   never pass
 test-armhf-armhf-xl-cubietruck 12 migrate-support-check        fail never pass
 test-armhf-armhf-xl-cubietruck 13 saverestore-support-check    fail never pass
 test-amd64-amd64-qemuu-nested-amd 16 debian-hvm-install/l1/l2  fail never pass
 test-armhf-armhf-xl-rtds     12 migrate-support-check        fail   never pass
 test-armhf-armhf-xl-rtds     13 saverestore-support-check    fail   never pass
 test-armhf-armhf-xl          12 migrate-support-check        fail   never pass
 test-armhf-armhf-xl          13 saverestore-support-check    fail   never pass
 test-armhf-armhf-xl-vhd      11 migrate-support-check        fail   never pass
 test-armhf-armhf-xl-vhd      12 saverestore-support-check    fail   never pass

version targeted for testing:
 linux                3cab355c2ff3a781b6ebe9d1a25bd4ebc1207430
baseline version:
 linux                a8e202812b52b88e2a33d52687b3b0260706231a

Last test of basis   101000  2016-09-18 07:47:20 Z   27 days
Testing same since   101389  2016-10-12 06:50:56 Z    3 days    9 attempts

------------------------------------------------------------
People who touched revisions under test:
  Acked-by: Arnd Bergmann <a...@arndb.de>
  Akshay Bhat <akshay.b...@timesys.com>
  Al Viro <v...@zeniv.linux.org.uk>
  Alan Stern <st...@rowland.harvard.edu>
  Andrew Morton <a...@linux-foundation.org>
  Anson Huang <anson.hu...@nxp.com>
  Ard Biesheuvel <ard.biesheu...@linaro.org>
  Ashish Samant <ashish.sam...@oracle.com>
  Balbir Singh <bsinghar...@gmail.com>
  Benjamin Herrenschmidt <b...@kernel.crashing.org>
  Boris Brezillon <boris.brezil...@free-electrons.com>
  Catalin Marinas <catalin.mari...@arm.com>
  Chris Mason <c...@fb.com>
  Christoffer Dall <christoffer.d...@linaro.org>
  Daniele Palmas <dnl...@gmail.com>
  David S. Miller <da...@davemloft.net>
  Fabio Estevam <fabio.este...@nxp.com>
  Felipe Balbi <felipe.ba...@linux.intel.com>
  Forrest Liu <forre...@synology.com>
  Greg Kroah-Hartman <gre...@linuxfoundation.org>
  Gregory CLEMENT <gregory.clem...@free-electrons.com>
  Guenter Roeck <li...@roeck-us.net>
  Hans-Christian Noren Egtvedt <egtv...@samfundet.no>
  Havard Skinnemoen <hskinnem...@gmail.com>
  Herbert Xu <herb...@gondor.apana.org.au>
  Huacai Chen <che...@lemote.com>
  Ian Kent <ra...@themaw.net>
  Ingo Molnar <mi...@kernel.org>
  Itaru Kitayama <itaru.kitay...@riken.jp>
  James Hogan <james.ho...@imgtec.com>
  Jan Kara <j...@suse.cz>
  Jan Stancek <jstan...@redhat.com>
  Jason Cooper <ja...@lakedaemon.net>
  Jeff Mahoney <je...@suse.com>
  Jens Axboe <ax...@fb.com>
  Johan Hovold <jo...@kernel.org>
  Johannes Berg <johannes.b...@intel.com>
  Jonathan Cameron <ji...@kernel.org>
  Joseph Qi <joseph...@huawei.com>
  Jun Piao <piao...@huawei.com>
  Ken Lin <ken....@advantech.com.tw>
  Kevin Cernekee <cerne...@gmail.com>
  Linus Torvalds <torva...@linux-foundation.org>
  Linus Walleij <linus.wall...@linaro.org>
  Manuel Lauss <manuel.la...@gmail.com>
  Marc Kleine-Budde <m...@pengutronix.de>
  Mark Rutland <mark.rutl...@arm.com>
  Martin K. Petersen <martin.peter...@oracle.com>
  Mathias Nyman <mathias.ny...@linux.intel.com>
  Matt Redfearn <matt.redfe...@imgtec.com>
  Michael Ellerman <m...@ellerman.id.au>
  Miklos Szeredi <mszer...@redhat.com>
  Olof Johansson <o...@lixom.net>
  Paolo Bonzini <pbonz...@redhat.com>
  Paul Mackerras <pau...@ozlabs.org>
  Pawel Moll <pawel.m...@arm.com>
  Peter Chen <peter.c...@nxp.com>
  Peter Zijlstra (Intel) <pet...@infradead.org>
  Ralf Baechle <r...@linux-mips.org>
  Richard Kuo <r...@codeaurora.org>
  Sasha Levin <alexander.le...@verizon.com>
  Sebastian Reichel <s...@kernel.org>
  Seunguk Shin <seunguk.s...@samsung.com>
  Shawn Guo <shawn...@kernel.org>
  Simon Baatz <gmbno...@gmail.com>
  Suzuki K Poulose <suzuki.poul...@arm.com>
  Takashi Iwai <ti...@suse.de>
  Takashi Sakamoto <o-taka...@sakamocchi.jp>
  Thomas Gleixner <t...@linutronix.de>
  Tony Lindgren <t...@atomide.com>
  Vegard Nossum <vegard.nos...@oracle.com>
  Vineet Gupta <vgu...@synopsys.com>
  Vineet Gupta <vineet.gup...@synopsys.com>
  Wade Berrier <wberr...@gmail.com>
  Wei Yongjun <weiyongj...@huawei.com>
  Will Deacon <will.dea...@arm.com>
  Yoshihiro Shimoda <yoshihiro.shimoda...@renesas.com>
  Yoshinori Sato <ys...@users.sourceforge.jp>

jobs:
 build-amd64-xsm                                              pass    
 build-armhf-xsm                                              pass    
 build-i386-xsm                                               pass    
 build-amd64                                                  pass    
 build-armhf                                                  pass    
 build-i386                                                   pass    
 build-amd64-libvirt                                          pass    
 build-armhf-libvirt                                          pass    
 build-i386-libvirt                                           pass    
 build-amd64-pvops                                            pass    
 build-armhf-pvops                                            pass    
 build-i386-pvops                                             pass    
 build-amd64-rumprun                                          fail    
 build-i386-rumprun                                           fail    
 test-amd64-amd64-xl                                          pass    
 test-armhf-armhf-xl                                          pass    
 test-amd64-i386-xl                                           pass    
 test-amd64-amd64-xl-qemut-debianhvm-amd64-xsm                pass    
 test-amd64-i386-xl-qemut-debianhvm-amd64-xsm                 pass    
 test-amd64-amd64-libvirt-qemuu-debianhvm-amd64-xsm           pass    
 test-amd64-i386-libvirt-qemuu-debianhvm-amd64-xsm            fail    
 test-amd64-amd64-xl-qemuu-debianhvm-amd64-xsm                pass    
 test-amd64-i386-xl-qemuu-debianhvm-amd64-xsm                 pass    
 test-amd64-amd64-xl-qemut-stubdom-debianhvm-amd64-xsm        pass    
 test-amd64-i386-xl-qemut-stubdom-debianhvm-amd64-xsm         pass    
 test-amd64-amd64-libvirt-xsm                                 pass    
 test-armhf-armhf-libvirt-xsm                                 fail    
 test-amd64-i386-libvirt-xsm                                  fail    
 test-amd64-amd64-xl-xsm                                      pass    
 test-armhf-armhf-xl-xsm                                      pass    
 test-amd64-i386-xl-xsm                                       pass    
 test-amd64-amd64-qemuu-nested-amd                            fail    
 test-amd64-amd64-xl-pvh-amd                                  fail    
 test-amd64-i386-qemut-rhel6hvm-amd                           pass    
 test-amd64-i386-qemuu-rhel6hvm-amd                           pass    
 test-amd64-amd64-xl-qemut-debianhvm-amd64                    pass    
 test-amd64-i386-xl-qemut-debianhvm-amd64                     pass    
 test-amd64-amd64-xl-qemuu-debianhvm-amd64                    pass    
 test-amd64-i386-xl-qemuu-debianhvm-amd64                     pass    
 test-amd64-i386-freebsd10-amd64                              fail    
 test-amd64-amd64-xl-qemuu-ovmf-amd64                         pass    
 test-amd64-i386-xl-qemuu-ovmf-amd64                          fail    
 test-amd64-amd64-rumprun-amd64                               blocked 
 test-amd64-amd64-xl-qemut-win7-amd64                         fail    
 test-amd64-i386-xl-qemut-win7-amd64                          fail    
 test-amd64-amd64-xl-qemuu-win7-amd64                         pass    
 test-amd64-i386-xl-qemuu-win7-amd64                          fail    
 test-armhf-armhf-xl-arndale                                  pass    
 test-amd64-amd64-xl-credit2                                  pass    
 test-armhf-armhf-xl-credit2                                  pass    
 test-armhf-armhf-xl-cubietruck                               pass    
 test-amd64-i386-freebsd10-i386                               fail    
 test-amd64-i386-rumprun-i386                                 blocked 
 test-amd64-amd64-qemuu-nested-intel                          pass    
 test-amd64-amd64-xl-pvh-intel                                fail    
 test-amd64-i386-qemut-rhel6hvm-intel                         fail    
 test-amd64-i386-qemuu-rhel6hvm-intel                         fail    
 test-amd64-amd64-libvirt                                     pass    
 test-armhf-armhf-libvirt                                     fail    
 test-amd64-i386-libvirt                                      fail    
 test-amd64-amd64-xl-multivcpu                                pass    
 test-armhf-armhf-xl-multivcpu                                fail    
 test-amd64-amd64-pair                                        pass    
 test-amd64-i386-pair                                         fail    
 test-amd64-amd64-libvirt-pair                                pass    
 test-amd64-i386-libvirt-pair                                 fail    
 test-amd64-amd64-amd64-pvgrub                                pass    
 test-amd64-amd64-i386-pvgrub                                 pass    
 test-amd64-amd64-pygrub                                      pass    
 test-armhf-armhf-libvirt-qcow2                               fail    
 test-amd64-amd64-xl-qcow2                                    pass    
 test-armhf-armhf-libvirt-raw                                 fail    
 test-amd64-i386-xl-raw                                       pass    
 test-amd64-amd64-xl-rtds                                     pass    
 test-armhf-armhf-xl-rtds                                     pass    
 test-amd64-i386-xl-qemut-winxpsp3-vcpus1                     fail    
 test-amd64-i386-xl-qemuu-winxpsp3-vcpus1                     fail    
 test-amd64-amd64-libvirt-vhd                                 pass    
 test-armhf-armhf-xl-vhd                                      pass    
 test-amd64-amd64-xl-qemut-winxpsp3                           pass    
 test-amd64-i386-xl-qemut-winxpsp3                            pass    
 test-amd64-amd64-xl-qemuu-winxpsp3                           pass    
 test-amd64-i386-xl-qemuu-winxpsp3                            pass    


------------------------------------------------------------
sg-report-flight on osstest.test-lab.xenproject.org
logs: /home/logs/logs
images: /home/logs/images

Logs, config files, etc. are available at
    http://logs.test-lab.xenproject.org/osstest/logs

Explanation of these reports, and of osstest in general, is at
    http://xenbits.xen.org/gitweb/?p=osstest.git;a=blob;f=README.email;hb=master
    http://xenbits.xen.org/gitweb/?p=osstest.git;a=blob;f=README;hb=master

Test harness code can be found at
    http://xenbits.xen.org/gitweb?p=osstest.git;a=summary


Not pushing.

(No revision log; it would be 1901 lines long.)

_______________________________________________
Xen-devel mailing list
Xen-devel@lists.xen.org
https://lists.xen.org/xen-devel

Reply via email to