flight 118544 xen-unstable-smoke real [real]
http://logs.test-lab.xenproject.org/osstest/logs/118544/

Failures :-/ but no regressions.

Tests which did not succeed, but are not blocking:
 test-arm64-arm64-xl-xsm      13 migrate-support-check        fail   never pass
 test-amd64-amd64-libvirt     13 migrate-support-check        fail   never pass
 test-arm64-arm64-xl-xsm      14 saverestore-support-check    fail   never pass
 test-armhf-armhf-xl          13 migrate-support-check        fail   never pass
 test-armhf-armhf-xl          14 saverestore-support-check    fail   never pass

version targeted for testing:
 xen                  dd855aa430f2da9b677c145f0c625a82aaa97110
baseline version:
 xen                  682760603048cc7b86782a5d3dce23a3a78ab93a

Last test of basis   118542  2018-02-02 17:01:23 Z    0 days
Testing same since   118544  2018-02-02 20:01:58 Z    0 days    1 attempts

------------------------------------------------------------
People who touched revisions under test:
  Julien Grall <julien.gr...@linaro.org>
  Marc Zyngier <marc.zyng...@arm.com>

jobs:
 build-arm64-xsm                                              pass    
 build-amd64                                                  pass    
 build-armhf                                                  pass    
 build-amd64-libvirt                                          pass    
 test-armhf-armhf-xl                                          pass    
 test-arm64-arm64-xl-xsm                                      pass    
 test-amd64-amd64-xl-qemuu-debianhvm-i386                     pass    
 test-amd64-amd64-libvirt                                     pass    


------------------------------------------------------------
sg-report-flight on osstest.test-lab.xenproject.org
logs: /home/logs/logs
images: /home/logs/images

Logs, config files, etc. are available at
    http://logs.test-lab.xenproject.org/osstest/logs

Explanation of these reports, and of osstest in general, is at
    http://xenbits.xen.org/gitweb/?p=osstest.git;a=blob;f=README.email;hb=master
    http://xenbits.xen.org/gitweb/?p=osstest.git;a=blob;f=README;hb=master

Test harness code can be found at
    http://xenbits.xen.org/gitweb?p=osstest.git;a=summary


Pushing revision :

To xenbits.xen.org:/home/xen/git/xen.git
   6827606030..dd855aa430  dd855aa430f2da9b677c145f0c625a82aaa97110 -> smoke

_______________________________________________
Xen-devel mailing list
Xen-devel@lists.xenproject.org
https://lists.xenproject.org/mailman/listinfo/xen-devel

Reply via email to