flight 118552 linux-4.9 real [real]
http://logs.test-lab.xenproject.org/osstest/logs/118552/

Failures :-/ but no regressions.

Tests which did not succeed, but are not blocking:
 test-amd64-amd64-xl-qemut-win7-amd64 17 guest-stop            fail like 118520
 test-amd64-amd64-xl-qemuu-win7-amd64 17 guest-stop            fail like 118520
 test-amd64-i386-xl-qemut-win7-amd64 17 guest-stop             fail like 118520
 test-amd64-i386-xl-qemuu-win7-amd64 17 guest-stop             fail like 118520
 test-amd64-amd64-xl-qemuu-ws16-amd64 17 guest-stop            fail like 118520
 test-amd64-amd64-xl-pvhv2-intel 12 guest-start                 fail never pass
 test-amd64-amd64-xl-pvhv2-amd 12 guest-start                  fail  never pass
 test-amd64-amd64-libvirt-xsm 13 migrate-support-check        fail   never pass
 test-amd64-i386-libvirt-xsm  13 migrate-support-check        fail   never pass
 test-amd64-amd64-libvirt     13 migrate-support-check        fail   never pass
 test-amd64-i386-libvirt      13 migrate-support-check        fail   never pass
 test-arm64-arm64-xl-xsm      13 migrate-support-check        fail   never pass
 test-arm64-arm64-xl-xsm      14 saverestore-support-check    fail   never pass
 test-arm64-arm64-xl          13 migrate-support-check        fail   never pass
 test-arm64-arm64-xl          14 saverestore-support-check    fail   never pass
 test-arm64-arm64-xl-credit2  13 migrate-support-check        fail   never pass
 test-arm64-arm64-libvirt-xsm 13 migrate-support-check        fail   never pass
 test-arm64-arm64-libvirt-xsm 14 saverestore-support-check    fail   never pass
 test-arm64-arm64-xl-credit2  14 saverestore-support-check    fail   never pass
 test-amd64-i386-libvirt-qemuu-debianhvm-amd64-xsm 11 migrate-support-check 
fail never pass
 test-amd64-amd64-libvirt-qemuu-debianhvm-amd64-xsm 11 migrate-support-check 
fail never pass
 test-amd64-amd64-qemuu-nested-amd 17 debian-hvm-install/l1/l2  fail never pass
 test-armhf-armhf-xl-arndale  13 migrate-support-check        fail   never pass
 test-armhf-armhf-xl-arndale  14 saverestore-support-check    fail   never pass
 test-amd64-amd64-libvirt-vhd 12 migrate-support-check        fail   never pass
 test-armhf-armhf-xl-multivcpu 13 migrate-support-check        fail  never pass
 test-armhf-armhf-xl-multivcpu 14 saverestore-support-check    fail  never pass
 test-armhf-armhf-libvirt     13 migrate-support-check        fail   never pass
 test-armhf-armhf-libvirt     14 saverestore-support-check    fail   never pass
 test-armhf-armhf-xl-credit2  13 migrate-support-check        fail   never pass
 test-armhf-armhf-xl-credit2  14 saverestore-support-check    fail   never pass
 test-armhf-armhf-xl-cubietruck 13 migrate-support-check        fail never pass
 test-armhf-armhf-xl-xsm      13 migrate-support-check        fail   never pass
 test-armhf-armhf-xl-cubietruck 14 saverestore-support-check    fail never pass
 test-armhf-armhf-xl-xsm      14 saverestore-support-check    fail   never pass
 test-armhf-armhf-xl-rtds     13 migrate-support-check        fail   never pass
 test-armhf-armhf-xl-rtds     14 saverestore-support-check    fail   never pass
 test-armhf-armhf-xl          13 migrate-support-check        fail   never pass
 test-armhf-armhf-xl          14 saverestore-support-check    fail   never pass
 test-armhf-armhf-libvirt-xsm 13 migrate-support-check        fail   never pass
 test-armhf-armhf-libvirt-xsm 14 saverestore-support-check    fail   never pass
 test-amd64-amd64-xl-qemut-ws16-amd64 17 guest-stop             fail never pass
 test-amd64-i386-xl-qemut-ws16-amd64 17 guest-stop              fail never pass
 test-amd64-i386-xl-qemuu-ws16-amd64 17 guest-stop              fail never pass
 test-armhf-armhf-libvirt-raw 12 migrate-support-check        fail   never pass
 test-armhf-armhf-libvirt-raw 13 saverestore-support-check    fail   never pass
 test-armhf-armhf-xl-vhd      12 migrate-support-check        fail   never pass
 test-armhf-armhf-xl-vhd      13 saverestore-support-check    fail   never pass
 test-amd64-amd64-xl-qemuu-win10-i386 10 windows-install        fail never pass
 test-amd64-amd64-xl-qemut-win10-i386 10 windows-install        fail never pass
 test-amd64-i386-xl-qemuu-win10-i386 10 windows-install         fail never pass
 test-amd64-i386-xl-qemut-win10-i386 10 windows-install         fail never pass

version targeted for testing:
 linux                331b057d4f3ccf2290e6e651b5728db81e9249c6
baseline version:
 linux                6c6f924f9c6294944ee6efb1bbd8cdb853582e50

Last test of basis   118520  2018-02-01 22:20:45 Z    2 days
Testing same since   118552  2018-02-03 16:18:29 Z    0 days    1 attempts

------------------------------------------------------------
People who touched revisions under test:
  Aaron Armstrong Skomra <aaron.sko...@wacom.com>
  Aaron Armstrong Skomra <sko...@gmail.com>
  Aaron Brown <aaron.f.br...@intel.com>
  Abhishek Goel <hunt...@linux.vnet.ibm.com>
  Alban Bedel <al...@free.fr>
  Alex Deucher <alexander.deuc...@amd.com>
  Alexandre TORGUE <alexandre.tor...@st.com>
  Amit Pundir <amit.pun...@linaro.org>
  Andrew Elble <awe...@rit.edu>
  Andrew Morton <a...@linux-foundation.org>
  Andrey Gusakov <andrey.gusa...@cogentembedded.com>
  Andrzej Hajda <a.ha...@samsung.com>
  Anna Schumaker <anna.schuma...@netapp.com>
  Ard Biesheuvel <ard.biesheu...@linaro.org>
  Benjamin Herrenschmidt <b...@kernel.crashing.org>
  Boris Brezillon <boris.brezil...@free-electrons.com>
  Carlos Maiolino <cmaiol...@redhat.com>
  Catalin Marinas <catalin.mari...@arm.com>
  Christian König <christian.koe...@amd.com>
  Christophe JAILLET <christophe.jail...@wanadoo.fr>
  Chun-Yeow Yeoh <yeohchuny...@gmail.com>
  Colin Ian King <colin.k...@canonical.com>
  Darrick J. Wong <darrick.w...@oracle.com>
  Dave Chinner <dchin...@redhat.com>
  David S. Miller <da...@davemloft.net>
  David Sterba <dste...@suse.com>
  Dmitry Eremin <dmitry.ere...@intel.com>
  Dmitry Vyukov <dvyu...@google.com>
  Doug Ledford <dledf...@redhat.com>
  Eduardo Otubo <ot...@redhat.com>
  Emmanuel Grumbach <emmanuel.grumb...@intel.com>
  Eric Anholt <e...@anholt.net>
  Fabio Estevam <fabio.este...@nxp.com>
  Felipe Balbi <felipe.ba...@linux.intel.com>
  Felix Kuehling <felix.kuehl...@amd.com>
  Florian Fainelli <f.faine...@gmail.com>
  Fugang Duan <fugang.d...@nxp.com>
  Gaurav Kohli <gko...@codeaurora.org>
  Geert Uytterhoeven <geert+rene...@glider.be>
  Greg Kroah-Hartman <gre...@linuxfoundation.org>
  Guenter Roeck <li...@roeck-us.net>
  Guilherme G. Piccoli <gpicc...@linux.vnet.ibm.com>
  Gustavo A. R. Silva <garsi...@embeddedor.com>
  Hans de Goede <hdego...@redhat.com>
  Hauke Mehrtens <ha...@hauke-m.de>
  Hemant Kumar <hema...@codeaurora.org>
  Herbert Xu <herb...@gondor.apana.org.au>
  Hiroyuki Yamamoto <hyam...@allied-telesis.co.jp>
  Icenowy Zheng <icen...@aosc.io>
  J. Bruce Fields <bfie...@redhat.com>
  James Hogan <jho...@kernel.org>
  Jan Kara <j...@suse.cz>
  Jeff Kirsher <jeffrey.t.kirs...@intel.com>
  Jeff Layton <jlay...@redhat.com>
  Jens Axboe <ax...@kernel.dk>
  Jesse Chan <j...@linux.com>
  Jia-Ju Bai <baijiaju1...@gmail.com>
  Jiri Kosina <jkos...@suse.cz>
  Joel Stanley <j...@jms.id.au>
  Johan Hovold <jo...@kernel.org>
  Johannes Berg <johannes.b...@intel.com>
  Jon Mason <jon.ma...@broadcom.com>
  Josef Bacik <jba...@fb.com>
  Juergen Gross <jgr...@suse.com>
  Konrad Rzeszutek Wilk <konrad.w...@oracle.com>
  Larry Finger <larry.fin...@lwfinger.net>
  Leon Romanovsky <l...@kernel.org>
  Linus Torvalds <torva...@linux-foundation.org>
  Linus Walleij <linus.wall...@linaro.org>
  Liran Alon <liran.a...@oracle.com>
  Lubomir Rintel <lkund...@v3.sk>
  Luca Coelho <luciano.coe...@intel.com>
  Lyude Paul <ly...@redhat.com>
  Mark Brown <broo...@kernel.org>
  Martin K. Petersen <martin.peter...@oracle.com>
  Masahiro Yamada <yamada.masah...@socionext.com>
  Mauro Carvalho Chehab <mche...@s-opensource.com>
  Max Gurtovoy <m...@mellanox.com>
  Max Schulze <max.schu...@posteo.de>
  Michael Lyle <ml...@lyle.org>
  Michal Hocko <mho...@suse.com>
  Nikita Leshenko <nikita.leshche...@oracle.com>
  Oded Gabbay <oded.gab...@gmail.com>
  OKAMOTO Yoshiaki <yokam...@allied-telesis.co.jp>
  Oliver Neukum <oneu...@suse.com>
  Paolo Bonzini <pbonz...@redhat.com>
  Patrice Chotard <patrice.chot...@st.com>
  Pedro Fonseca <pfons...@cs.washington.edu>
  Philipp Zabel <p.za...@pengutronix.de>
  Pravin B Shelar <pshe...@ovn.org>
  Radim Krčmář <rkrc...@redhat.com>
  Rafael J. Wysocki <rafael.j.wyso...@intel.com>
  Randy Dunlap <rdun...@infradead.org>
  Robert Lippert <rlipp...@google.com>
  Robert Lippert <rob...@gmail.com>
  Sasha Levin <alexander.le...@microsoft.com>
  Sebastian Reichel <sebastian.reic...@collabora.co.uk>
  shaoyun liu <shaoyun....@amd.com>
  shaoyunl <shaoyun....@amd.com>
  Shuah Khan <shua...@osg.samsung.com>
  Stefan Agner <ste...@agner.ch>
  Stefan Schake <stsch...@gmail.com>
  Stefan Wahren <stefan.wah...@i2se.com>
  Stephan Mueller <smuel...@chronox.de>
  Tetsuo Handa <penguin-ker...@i-love.sakura.ne.jp>
  Thomas Meyer <tho...@m3y3r.de>
  Tomi Valkeinen <tomi.valkei...@ti.com>
  Trond Myklebust <trond.mykleb...@primarydata.com>
  Vasily Averin <v...@virtuozzo.com>
  Viresh Kumar <viresh.ku...@linaro.org>
  Wanpeng Li <kernel...@gmail.com>
  Wanpeng Li <wanpeng...@hotmail.com>
  Yisheng Xie <xieyishe...@huawei.com>
  Yoshiaki Okamoto <yokam...@allied-telesis.co.jp>
  zhangliping <zhanglipin...@baidu.com>

jobs:
 build-amd64-xsm                                              pass    
 build-arm64-xsm                                              pass    
 build-armhf-xsm                                              pass    
 build-i386-xsm                                               pass    
 build-amd64                                                  pass    
 build-arm64                                                  pass    
 build-armhf                                                  pass    
 build-i386                                                   pass    
 build-amd64-libvirt                                          pass    
 build-arm64-libvirt                                          pass    
 build-armhf-libvirt                                          pass    
 build-i386-libvirt                                           pass    
 build-amd64-pvops                                            pass    
 build-arm64-pvops                                            pass    
 build-armhf-pvops                                            pass    
 build-i386-pvops                                             pass    
 build-amd64-rumprun                                          pass    
 build-i386-rumprun                                           pass    
 test-amd64-amd64-xl                                          pass    
 test-arm64-arm64-xl                                          pass    
 test-armhf-armhf-xl                                          pass    
 test-amd64-i386-xl                                           pass    
 test-amd64-amd64-xl-qemut-debianhvm-amd64-xsm                pass    
 test-amd64-i386-xl-qemut-debianhvm-amd64-xsm                 pass    
 test-amd64-amd64-libvirt-qemuu-debianhvm-amd64-xsm           pass    
 test-amd64-i386-libvirt-qemuu-debianhvm-amd64-xsm            pass    
 test-amd64-amd64-xl-qemuu-debianhvm-amd64-xsm                pass    
 test-amd64-i386-xl-qemuu-debianhvm-amd64-xsm                 pass    
 test-amd64-amd64-xl-qemut-stubdom-debianhvm-amd64-xsm        pass    
 test-amd64-i386-xl-qemut-stubdom-debianhvm-amd64-xsm         pass    
 test-amd64-amd64-libvirt-xsm                                 pass    
 test-arm64-arm64-libvirt-xsm                                 pass    
 test-armhf-armhf-libvirt-xsm                                 pass    
 test-amd64-i386-libvirt-xsm                                  pass    
 test-amd64-amd64-xl-xsm                                      pass    
 test-arm64-arm64-xl-xsm                                      pass    
 test-armhf-armhf-xl-xsm                                      pass    
 test-amd64-i386-xl-xsm                                       pass    
 test-amd64-amd64-qemuu-nested-amd                            fail    
 test-amd64-amd64-xl-pvhv2-amd                                fail    
 test-amd64-i386-qemut-rhel6hvm-amd                           pass    
 test-amd64-i386-qemuu-rhel6hvm-amd                           pass    
 test-amd64-amd64-xl-qemut-debianhvm-amd64                    pass    
 test-amd64-i386-xl-qemut-debianhvm-amd64                     pass    
 test-amd64-amd64-xl-qemuu-debianhvm-amd64                    pass    
 test-amd64-i386-xl-qemuu-debianhvm-amd64                     pass    
 test-amd64-i386-freebsd10-amd64                              pass    
 test-amd64-amd64-xl-qemuu-ovmf-amd64                         pass    
 test-amd64-i386-xl-qemuu-ovmf-amd64                          pass    
 test-amd64-amd64-rumprun-amd64                               pass    
 test-amd64-amd64-xl-qemut-win7-amd64                         fail    
 test-amd64-i386-xl-qemut-win7-amd64                          fail    
 test-amd64-amd64-xl-qemuu-win7-amd64                         fail    
 test-amd64-i386-xl-qemuu-win7-amd64                          fail    
 test-amd64-amd64-xl-qemut-ws16-amd64                         fail    
 test-amd64-i386-xl-qemut-ws16-amd64                          fail    
 test-amd64-amd64-xl-qemuu-ws16-amd64                         fail    
 test-amd64-i386-xl-qemuu-ws16-amd64                          fail    
 test-armhf-armhf-xl-arndale                                  pass    
 test-amd64-amd64-xl-credit2                                  pass    
 test-arm64-arm64-xl-credit2                                  pass    
 test-armhf-armhf-xl-credit2                                  pass    
 test-armhf-armhf-xl-cubietruck                               pass    
 test-amd64-amd64-examine                                     pass    
 test-arm64-arm64-examine                                     pass    
 test-armhf-armhf-examine                                     pass    
 test-amd64-i386-examine                                      pass    
 test-amd64-i386-freebsd10-i386                               pass    
 test-amd64-i386-rumprun-i386                                 pass    
 test-amd64-amd64-xl-qemut-win10-i386                         fail    
 test-amd64-i386-xl-qemut-win10-i386                          fail    
 test-amd64-amd64-xl-qemuu-win10-i386                         fail    
 test-amd64-i386-xl-qemuu-win10-i386                          fail    
 test-amd64-amd64-qemuu-nested-intel                          pass    
 test-amd64-amd64-xl-pvhv2-intel                              fail    
 test-amd64-i386-qemut-rhel6hvm-intel                         pass    
 test-amd64-i386-qemuu-rhel6hvm-intel                         pass    
 test-amd64-amd64-libvirt                                     pass    
 test-armhf-armhf-libvirt                                     pass    
 test-amd64-i386-libvirt                                      pass    
 test-amd64-amd64-xl-multivcpu                                pass    
 test-armhf-armhf-xl-multivcpu                                pass    
 test-amd64-amd64-pair                                        pass    
 test-amd64-i386-pair                                         pass    
 test-amd64-amd64-libvirt-pair                                pass    
 test-amd64-i386-libvirt-pair                                 pass    
 test-amd64-amd64-amd64-pvgrub                                pass    
 test-amd64-amd64-i386-pvgrub                                 pass    
 test-amd64-amd64-pygrub                                      pass    
 test-amd64-amd64-xl-qcow2                                    pass    
 test-armhf-armhf-libvirt-raw                                 pass    
 test-amd64-i386-xl-raw                                       pass    
 test-amd64-amd64-xl-rtds                                     pass    
 test-armhf-armhf-xl-rtds                                     pass    
 test-amd64-amd64-libvirt-vhd                                 pass    
 test-armhf-armhf-xl-vhd                                      pass    


------------------------------------------------------------
sg-report-flight on osstest.test-lab.xenproject.org
logs: /home/logs/logs
images: /home/logs/images

Logs, config files, etc. are available at
    http://logs.test-lab.xenproject.org/osstest/logs

Explanation of these reports, and of osstest in general, is at
    http://xenbits.xen.org/gitweb/?p=osstest.git;a=blob;f=README.email;hb=master
    http://xenbits.xen.org/gitweb/?p=osstest.git;a=blob;f=README;hb=master

Test harness code can be found at
    http://xenbits.xen.org/gitweb?p=osstest.git;a=summary


Pushing revision :

To xenbits.xen.org:/home/xen/git/linux-pvops.git
   6c6f924f9c62..331b057d4f3c  331b057d4f3ccf2290e6e651b5728db81e9249c6 -> 
tested/linux-4.9

_______________________________________________
Xen-devel mailing list
Xen-devel@lists.xenproject.org
https://lists.xenproject.org/mailman/listinfo/xen-devel

Reply via email to