flight 118568 seabios real [real]
http://logs.test-lab.xenproject.org/osstest/logs/118568/

Regressions :-(

Tests which did not succeed and are blocking,
including tests which could not be run:
 test-amd64-amd64-xl-qemuu-ws16-amd64 17 guest-stop       fail REGR. vs. 115539

Tests which did not succeed, but are not blocking:
 test-amd64-i386-xl-qemuu-win7-amd64 17 guest-stop             fail like 115539
 test-amd64-amd64-xl-qemuu-win7-amd64 17 guest-stop            fail like 115539
 test-amd64-i386-xl-qemuu-ws16-amd64 17 guest-stop             fail like 115539
 test-amd64-amd64-libvirt-qemuu-debianhvm-amd64-xsm 11 migrate-support-check 
fail never pass
 test-amd64-i386-libvirt-qemuu-debianhvm-amd64-xsm 11 migrate-support-check 
fail never pass
 test-amd64-amd64-qemuu-nested-amd 17 debian-hvm-install/l1/l2  fail never pass
 test-amd64-amd64-xl-qemuu-win10-i386 10 windows-install        fail never pass
 test-amd64-i386-xl-qemuu-win10-i386 10 windows-install         fail never pass

version targeted for testing:
 seabios              14d91c353e19b7085fdbb7b2dcc43f3355665670
baseline version:
 seabios              0ca6d6277dfafc671a5b3718cbeb5c78e2a888ea

Last test of basis   115539  2017-11-03 20:48:58 Z   93 days
Failing since        115733  2017-11-10 17:19:59 Z   86 days  106 attempts
Testing same since   118140  2018-01-17 05:09:48 Z   18 days   27 attempts

------------------------------------------------------------
People who touched revisions under test:
  Kevin O'Connor <ke...@koconnor.net>
  Marcel Apfelbaum <mar...@redhat.com>
  Michael S. Tsirkin <m...@redhat.com>
  Paul Menzel <pmen...@molgen.mpg.de>
  Stefan Berger <stef...@linux.vnet.ibm.com>

jobs:
 build-amd64-xsm                                              pass    
 build-i386-xsm                                               pass    
 build-amd64                                                  pass    
 build-i386                                                   pass    
 build-amd64-libvirt                                          pass    
 build-i386-libvirt                                           pass    
 build-amd64-pvops                                            pass    
 build-i386-pvops                                             pass    
 test-amd64-amd64-libvirt-qemuu-debianhvm-amd64-xsm           pass    
 test-amd64-i386-libvirt-qemuu-debianhvm-amd64-xsm            pass    
 test-amd64-amd64-xl-qemuu-debianhvm-amd64-xsm                pass    
 test-amd64-i386-xl-qemuu-debianhvm-amd64-xsm                 pass    
 test-amd64-amd64-qemuu-nested-amd                            fail    
 test-amd64-i386-qemuu-rhel6hvm-amd                           pass    
 test-amd64-amd64-xl-qemuu-debianhvm-amd64                    pass    
 test-amd64-i386-xl-qemuu-debianhvm-amd64                     pass    
 test-amd64-amd64-xl-qemuu-win7-amd64                         fail    
 test-amd64-i386-xl-qemuu-win7-amd64                          fail    
 test-amd64-amd64-xl-qemuu-ws16-amd64                         fail    
 test-amd64-i386-xl-qemuu-ws16-amd64                          fail    
 test-amd64-amd64-xl-qemuu-win10-i386                         fail    
 test-amd64-i386-xl-qemuu-win10-i386                          fail    
 test-amd64-amd64-qemuu-nested-intel                          pass    
 test-amd64-i386-qemuu-rhel6hvm-intel                         pass    


------------------------------------------------------------
sg-report-flight on osstest.test-lab.xenproject.org
logs: /home/logs/logs
images: /home/logs/images

Logs, config files, etc. are available at
    http://logs.test-lab.xenproject.org/osstest/logs

Explanation of these reports, and of osstest in general, is at
    http://xenbits.xen.org/gitweb/?p=osstest.git;a=blob;f=README.email;hb=master
    http://xenbits.xen.org/gitweb/?p=osstest.git;a=blob;f=README;hb=master

Test harness code can be found at
    http://xenbits.xen.org/gitweb?p=osstest.git;a=summary


Not pushing.

------------------------------------------------------------
commit 14d91c353e19b7085fdbb7b2dcc43f3355665670
Author: Marcel Apfelbaum <mar...@redhat.com>
Date:   Thu Jan 11 22:15:12 2018 +0200

    pci: fix 'io hints' capability for RedHat PCI bridges
    
    Commit ec6cb17f (pci: enable RedHat PCI bridges to reserve additional
                     resources on PCI init)
    added a new vendor specific PCI capability for RedHat PCI bridges
    allowing them to reserve additional buses and/or IO/MEM space.
    
    When adding the IO hints PCI capability to the pcie-root-port
    without specifying a value for bus reservation, the subordinate bus
    computation is wrong and the guest kernel gets messed up.
    
    Fix it by returning to prev code if the value for bus
    reservation is not set.
    
    Removed also a wrong debug print "PCI: invalid QEMU resource reserve
    cap offset" which appears if the 'IO hints' capability is not present.
    
    Acked-by: Michael S. Tsirkin <m...@redhat.com>
    Signed-off-by: Marcel Apfelbaum <mar...@redhat.com>

commit 844b86464a5cbfffb62b87808632018ca250d867
Author: Paul Menzel <pmen...@molgen.mpg.de>
Date:   Mon Oct 2 08:13:13 2017 +0200

    docs/Download: Use more secure HTTPS URLs where possible
    
    Signed-off-by: Paul Menzel <pmen...@molgen.mpg.de>

commit df46d10c8a7b88eb82f3ceb2aa31782dee15593d
Author: Stefan Berger <stef...@linux.vnet.ibm.com>
Date:   Tue Nov 14 15:03:47 2017 -0500

    tpm: Add support for TPM2 ACPI table
    
    Add support for the TPM2 ACPI table. If we find it and its
    of the appropriate size, we can get the log_area_start_address
    and log_area_minimum_size from it.
    
    The latest version of the spec can be found here:
    
    https://trustedcomputinggroup.org/tcg-acpi-specification/
    
    Signed-off-by: Stefan Berger <stef...@linux.vnet.ibm.com>

commit 0541f2f0f246e77d7c726926976920e8072d1119
Author: Kevin O'Connor <ke...@koconnor.net>
Date:   Fri Nov 10 12:20:35 2017 -0500

    paravirt: Only enable sercon in NOGRAPHIC mode if no other console specified
    
    Signed-off-by: Kevin O'Connor <ke...@koconnor.net>

commit 9ce6778f08c632c52b25bc8f754291ef18710d53
Author: Kevin O'Connor <ke...@koconnor.net>
Date:   Fri Nov 10 12:16:36 2017 -0500

    docs: Add sercon-port to Runtime_config.md documentation
    
    Signed-off-by: Kevin O'Connor <ke...@koconnor.net>

commit 63451fca13c75870e1703eb3e20584d91179aebc
Author: Kevin O'Connor <ke...@koconnor.net>
Date:   Fri Nov 10 11:49:19 2017 -0500

    docs: Note v1.11.0 release
    
    Signed-off-by: Kevin O'Connor <ke...@koconnor.net>

_______________________________________________
Xen-devel mailing list
Xen-devel@lists.xenproject.org
https://lists.xenproject.org/mailman/listinfo/xen-devel

Reply via email to