flight 119010 linux-linus real [real]
http://logs.test-lab.xenproject.org/osstest/logs/119010/

Regressions :-(

Tests which did not succeed and are blocking,
including tests which could not be run:
 test-amd64-amd64-xl-qemuu-ovmf-amd64    <job status>                 broken
 test-amd64-i386-xl-xsm        7 xen-boot                 fail REGR. vs. 118324
 test-amd64-i386-libvirt       7 xen-boot                 fail REGR. vs. 118324
 test-amd64-i386-xl-qemuu-ovmf-amd64  7 xen-boot          fail REGR. vs. 118324
 test-amd64-i386-xl-qemut-stubdom-debianhvm-amd64-xsm 7 xen-boot fail REGR. vs. 
118324
 test-amd64-i386-xl-qemuu-win10-i386  7 xen-boot          fail REGR. vs. 118324
 test-amd64-i386-freebsd10-amd64  7 xen-boot              fail REGR. vs. 118324
 test-amd64-i386-xl-qemuu-debianhvm-amd64-xsm  7 xen-boot fail REGR. vs. 118324
 test-amd64-i386-xl-qemut-win7-amd64  7 xen-boot          fail REGR. vs. 118324
 test-amd64-i386-qemuu-rhel6hvm-amd  7 xen-boot           fail REGR. vs. 118324
 test-amd64-i386-xl-raw        7 xen-boot                 fail REGR. vs. 118324
 test-amd64-i386-xl-qemut-debianhvm-amd64  7 xen-boot     fail REGR. vs. 118324
 test-amd64-i386-qemut-rhel6hvm-amd  7 xen-boot           fail REGR. vs. 118324
 test-amd64-amd64-xl-pvhv2-intel 12 guest-start           fail REGR. vs. 118324
 test-amd64-amd64-xl-pvhv2-amd 12 guest-start             fail REGR. vs. 118324
 test-amd64-i386-examine       8 reboot                   fail REGR. vs. 118324
 test-amd64-i386-xl-qemut-ws16-amd64  7 xen-boot          fail REGR. vs. 118324
 test-amd64-i386-qemuu-rhel6hvm-intel  7 xen-boot         fail REGR. vs. 118324
 test-amd64-i386-pair         10 xen-boot/src_host        fail REGR. vs. 118324
 test-amd64-i386-libvirt-pair 10 xen-boot/src_host        fail REGR. vs. 118324
 test-amd64-i386-libvirt-pair 11 xen-boot/dst_host        fail REGR. vs. 118324
 test-amd64-i386-pair         11 xen-boot/dst_host        fail REGR. vs. 118324
 test-amd64-i386-qemut-rhel6hvm-intel  7 xen-boot         fail REGR. vs. 118324
 test-amd64-i386-xl-qemut-win10-i386  7 xen-boot          fail REGR. vs. 118324
 test-amd64-i386-rumprun-i386  7 xen-boot                 fail REGR. vs. 118324
 test-amd64-i386-xl-qemuu-win7-amd64  7 xen-boot          fail REGR. vs. 118324
 test-amd64-i386-freebsd10-i386  7 xen-boot               fail REGR. vs. 118324
 test-amd64-i386-xl-qemuu-debianhvm-amd64  7 xen-boot     fail REGR. vs. 118324
 test-amd64-i386-libvirt-xsm   7 xen-boot                 fail REGR. vs. 118324
 test-amd64-i386-xl            7 xen-boot                 fail REGR. vs. 118324
 test-amd64-i386-xl-qemuu-ws16-amd64  7 xen-boot          fail REGR. vs. 118324
 test-amd64-i386-libvirt-qemuu-debianhvm-amd64-xsm 7 xen-boot fail REGR. vs. 
118324
 test-amd64-i386-xl-qemut-debianhvm-amd64-xsm  7 xen-boot fail REGR. vs. 118324

Tests which are failing intermittently (not blocking):
 test-amd64-amd64-xl-qemuu-ovmf-amd64  4 host-install(4)  broken pass in 118968
 test-armhf-armhf-xl-rtds      6 xen-install                fail pass in 118968

Tests which did not succeed, but are not blocking:
 test-armhf-armhf-xl-rtds    13 migrate-support-check fail in 118968 never pass
 test-armhf-armhf-xl-rtds 14 saverestore-support-check fail in 118968 never pass
 test-armhf-armhf-libvirt-xsm 14 saverestore-support-check    fail  like 118324
 test-armhf-armhf-libvirt     14 saverestore-support-check    fail  like 118324
 test-amd64-amd64-xl-qemut-win7-amd64 17 guest-stop            fail like 118324
 test-amd64-amd64-xl-qemuu-win7-amd64 17 guest-stop            fail like 118324
 test-amd64-amd64-xl-qemuu-ws16-amd64 17 guest-stop            fail like 118324
 test-amd64-amd64-xl-qemut-ws16-amd64 17 guest-stop            fail like 118324
 test-armhf-armhf-libvirt-raw 13 saverestore-support-check    fail  like 118324
 test-amd64-amd64-libvirt-xsm 13 migrate-support-check        fail   never pass
 test-arm64-arm64-xl-xsm      13 migrate-support-check        fail   never pass
 test-arm64-arm64-xl-xsm      14 saverestore-support-check    fail   never pass
 test-arm64-arm64-xl          13 migrate-support-check        fail   never pass
 test-arm64-arm64-xl          14 saverestore-support-check    fail   never pass
 test-amd64-amd64-libvirt     13 migrate-support-check        fail   never pass
 test-amd64-amd64-libvirt-qemuu-debianhvm-amd64-xsm 11 migrate-support-check 
fail never pass
 test-amd64-amd64-qemuu-nested-amd 17 debian-hvm-install/l1/l2  fail never pass
 test-armhf-armhf-xl-arndale  13 migrate-support-check        fail   never pass
 test-armhf-armhf-xl-arndale  14 saverestore-support-check    fail   never pass
 test-amd64-amd64-libvirt-vhd 12 migrate-support-check        fail   never pass
 test-armhf-armhf-xl          13 migrate-support-check        fail   never pass
 test-armhf-armhf-xl-credit2  13 migrate-support-check        fail   never pass
 test-armhf-armhf-xl          14 saverestore-support-check    fail   never pass
 test-armhf-armhf-xl-credit2  14 saverestore-support-check    fail   never pass
 test-armhf-armhf-xl-cubietruck 13 migrate-support-check        fail never pass
 test-armhf-armhf-xl-cubietruck 14 saverestore-support-check    fail never pass
 test-armhf-armhf-libvirt-xsm 13 migrate-support-check        fail   never pass
 test-armhf-armhf-libvirt     13 migrate-support-check        fail   never pass
 test-arm64-arm64-xl-credit2  13 migrate-support-check        fail   never pass
 test-arm64-arm64-xl-credit2  14 saverestore-support-check    fail   never pass
 test-arm64-arm64-libvirt-xsm 13 migrate-support-check        fail   never pass
 test-arm64-arm64-libvirt-xsm 14 saverestore-support-check    fail   never pass
 test-armhf-armhf-xl-vhd      12 migrate-support-check        fail   never pass
 test-armhf-armhf-xl-vhd      13 saverestore-support-check    fail   never pass
 test-armhf-armhf-xl-multivcpu 13 migrate-support-check        fail  never pass
 test-armhf-armhf-xl-multivcpu 14 saverestore-support-check    fail  never pass
 test-amd64-amd64-xl-qemut-win10-i386 10 windows-install        fail never pass
 test-amd64-amd64-xl-qemuu-win10-i386 10 windows-install        fail never pass
 test-armhf-armhf-xl-xsm      13 migrate-support-check        fail   never pass
 test-armhf-armhf-xl-xsm      14 saverestore-support-check    fail   never pass
 test-armhf-armhf-libvirt-raw 12 migrate-support-check        fail   never pass

version targeted for testing:
 linux                7928b2cbe55b2a410a0f5c1f154610059c57b1b2
baseline version:
 linux                5b7d27967dabfb17c21b0d98b29153b9e3ee71e5

Last test of basis   118324  2018-01-25 07:31:24 Z   19 days
Failing since        118362  2018-01-26 16:56:17 Z   17 days   20 attempts
Testing same since   118968  2018-02-12 04:16:35 Z    1 days    2 attempts

------------------------------------------------------------
2155 people touched revisions under test,
not listing them all

jobs:
 build-amd64-xsm                                              pass    
 build-arm64-xsm                                              pass    
 build-armhf-xsm                                              pass    
 build-i386-xsm                                               pass    
 build-amd64                                                  pass    
 build-arm64                                                  pass    
 build-armhf                                                  pass    
 build-i386                                                   pass    
 build-amd64-libvirt                                          pass    
 build-arm64-libvirt                                          pass    
 build-armhf-libvirt                                          pass    
 build-i386-libvirt                                           pass    
 build-amd64-pvops                                            pass    
 build-arm64-pvops                                            pass    
 build-armhf-pvops                                            pass    
 build-i386-pvops                                             pass    
 build-amd64-rumprun                                          pass    
 build-i386-rumprun                                           pass    
 test-amd64-amd64-xl                                          pass    
 test-arm64-arm64-xl                                          pass    
 test-armhf-armhf-xl                                          pass    
 test-amd64-i386-xl                                           fail    
 test-amd64-amd64-xl-qemut-debianhvm-amd64-xsm                pass    
 test-amd64-i386-xl-qemut-debianhvm-amd64-xsm                 fail    
 test-amd64-amd64-libvirt-qemuu-debianhvm-amd64-xsm           pass    
 test-amd64-i386-libvirt-qemuu-debianhvm-amd64-xsm            fail    
 test-amd64-amd64-xl-qemuu-debianhvm-amd64-xsm                pass    
 test-amd64-i386-xl-qemuu-debianhvm-amd64-xsm                 fail    
 test-amd64-amd64-xl-qemut-stubdom-debianhvm-amd64-xsm        pass    
 test-amd64-i386-xl-qemut-stubdom-debianhvm-amd64-xsm         fail    
 test-amd64-amd64-libvirt-xsm                                 pass    
 test-arm64-arm64-libvirt-xsm                                 pass    
 test-armhf-armhf-libvirt-xsm                                 pass    
 test-amd64-i386-libvirt-xsm                                  fail    
 test-amd64-amd64-xl-xsm                                      pass    
 test-arm64-arm64-xl-xsm                                      pass    
 test-armhf-armhf-xl-xsm                                      pass    
 test-amd64-i386-xl-xsm                                       fail    
 test-amd64-amd64-qemuu-nested-amd                            fail    
 test-amd64-amd64-xl-pvhv2-amd                                fail    
 test-amd64-i386-qemut-rhel6hvm-amd                           fail    
 test-amd64-i386-qemuu-rhel6hvm-amd                           fail    
 test-amd64-amd64-xl-qemut-debianhvm-amd64                    pass    
 test-amd64-i386-xl-qemut-debianhvm-amd64                     fail    
 test-amd64-amd64-xl-qemuu-debianhvm-amd64                    pass    
 test-amd64-i386-xl-qemuu-debianhvm-amd64                     fail    
 test-amd64-i386-freebsd10-amd64                              fail    
 test-amd64-amd64-xl-qemuu-ovmf-amd64                         broken  
 test-amd64-i386-xl-qemuu-ovmf-amd64                          fail    
 test-amd64-amd64-rumprun-amd64                               pass    
 test-amd64-amd64-xl-qemut-win7-amd64                         fail    
 test-amd64-i386-xl-qemut-win7-amd64                          fail    
 test-amd64-amd64-xl-qemuu-win7-amd64                         fail    
 test-amd64-i386-xl-qemuu-win7-amd64                          fail    
 test-amd64-amd64-xl-qemut-ws16-amd64                         fail    
 test-amd64-i386-xl-qemut-ws16-amd64                          fail    
 test-amd64-amd64-xl-qemuu-ws16-amd64                         fail    
 test-amd64-i386-xl-qemuu-ws16-amd64                          fail    
 test-armhf-armhf-xl-arndale                                  pass    
 test-amd64-amd64-xl-credit2                                  pass    
 test-arm64-arm64-xl-credit2                                  pass    
 test-armhf-armhf-xl-credit2                                  pass    
 test-armhf-armhf-xl-cubietruck                               pass    
 test-amd64-amd64-examine                                     pass    
 test-arm64-arm64-examine                                     pass    
 test-armhf-armhf-examine                                     pass    
 test-amd64-i386-examine                                      fail    
 test-amd64-i386-freebsd10-i386                               fail    
 test-amd64-i386-rumprun-i386                                 fail    
 test-amd64-amd64-xl-qemut-win10-i386                         fail    
 test-amd64-i386-xl-qemut-win10-i386                          fail    
 test-amd64-amd64-xl-qemuu-win10-i386                         fail    
 test-amd64-i386-xl-qemuu-win10-i386                          fail    
 test-amd64-amd64-qemuu-nested-intel                          pass    
 test-amd64-amd64-xl-pvhv2-intel                              fail    
 test-amd64-i386-qemut-rhel6hvm-intel                         fail    
 test-amd64-i386-qemuu-rhel6hvm-intel                         fail    
 test-amd64-amd64-libvirt                                     pass    
 test-armhf-armhf-libvirt                                     pass    
 test-amd64-i386-libvirt                                      fail    
 test-amd64-amd64-xl-multivcpu                                pass    
 test-armhf-armhf-xl-multivcpu                                pass    
 test-amd64-amd64-pair                                        pass    
 test-amd64-i386-pair                                         fail    
 test-amd64-amd64-libvirt-pair                                pass    
 test-amd64-i386-libvirt-pair                                 fail    
 test-amd64-amd64-amd64-pvgrub                                pass    
 test-amd64-amd64-i386-pvgrub                                 pass    
 test-amd64-amd64-pygrub                                      pass    
 test-amd64-amd64-xl-qcow2                                    pass    
 test-armhf-armhf-libvirt-raw                                 pass    
 test-amd64-i386-xl-raw                                       fail    
 test-amd64-amd64-xl-rtds                                     pass    
 test-armhf-armhf-xl-rtds                                     fail    
 test-amd64-amd64-libvirt-vhd                                 pass    
 test-armhf-armhf-xl-vhd                                      pass    


------------------------------------------------------------
sg-report-flight on osstest.test-lab.xenproject.org
logs: /home/logs/logs
images: /home/logs/images

Logs, config files, etc. are available at
    http://logs.test-lab.xenproject.org/osstest/logs

Explanation of these reports, and of osstest in general, is at
    http://xenbits.xen.org/gitweb/?p=osstest.git;a=blob;f=README.email;hb=master
    http://xenbits.xen.org/gitweb/?p=osstest.git;a=blob;f=README;hb=master

Test harness code can be found at
    http://xenbits.xen.org/gitweb?p=osstest.git;a=summary

broken-job test-amd64-amd64-xl-qemuu-ovmf-amd64 broken
broken-step test-amd64-amd64-xl-qemuu-ovmf-amd64 host-install(4)

Not pushing.

(No revision log; it would be 240765 lines long.)

_______________________________________________
Xen-devel mailing list
Xen-devel@lists.xenproject.org
https://lists.xenproject.org/mailman/listinfo/xen-devel

Reply via email to