flight 119182 xen-4.7-testing real [real]
http://logs.test-lab.xenproject.org/osstest/logs/119182/

Regressions :-(

Tests which did not succeed and are blocking,
including tests which could not be run:
 build-i386-xsm                6 xen-build                fail REGR. vs. 118721
 build-amd64-xsm               6 xen-build                fail REGR. vs. 118721
 build-i386                    6 xen-build                fail REGR. vs. 118721
 build-amd64                   6 xen-build                fail REGR. vs. 118721

Tests which did not succeed, but are not blocking:
 build-amd64-rumprun           1 build-check(1)               blocked  n/a
 test-amd64-amd64-xl-multivcpu  1 build-check(1)               blocked  n/a
 test-amd64-i386-libvirt-pair  1 build-check(1)               blocked  n/a
 test-amd64-i386-rumprun-i386  1 build-check(1)               blocked  n/a
 test-amd64-amd64-xl-qemuu-win10-i386  1 build-check(1)             blocked n/a
 test-amd64-amd64-xl-qemuu-ws16-amd64  1 build-check(1)             blocked n/a
 test-amd64-i386-qemuu-rhel6hvm-intel  1 build-check(1)             blocked n/a
 test-amd64-i386-qemut-rhel6hvm-intel  1 build-check(1)             blocked n/a
 test-amd64-i386-xl-qemut-debianhvm-amd64  1 build-check(1)         blocked n/a
 test-amd64-amd64-migrupgrade  1 build-check(1)               blocked  n/a
 test-amd64-i386-xl            1 build-check(1)               blocked  n/a
 test-amd64-amd64-xl-qemut-win10-i386  1 build-check(1)             blocked n/a
 test-amd64-amd64-xl-rtds      1 build-check(1)               blocked  n/a
 test-amd64-amd64-xl           1 build-check(1)               blocked  n/a
 test-amd64-i386-pair          1 build-check(1)               blocked  n/a
 test-amd64-amd64-xl-qemut-ws16-amd64  1 build-check(1)             blocked n/a
 test-xtf-amd64-amd64-3        1 build-check(1)               blocked  n/a
 test-amd64-amd64-amd64-pvgrub  1 build-check(1)               blocked  n/a
 test-amd64-i386-xl-qemut-win7-amd64  1 build-check(1)              blocked n/a
 build-amd64-libvirt           1 build-check(1)               blocked  n/a
 test-amd64-i386-qemuu-rhel6hvm-amd  1 build-check(1)               blocked n/a
 test-amd64-i386-xl-qemuu-win7-amd64  1 build-check(1)              blocked n/a
 test-amd64-amd64-libvirt      1 build-check(1)               blocked  n/a
 test-amd64-i386-libvirt-qemuu-debianhvm-amd64-xsm 1 build-check(1) blocked n/a
 test-amd64-i386-qemut-rhel6hvm-amd  1 build-check(1)               blocked n/a
 test-amd64-i386-libvirt-xsm   1 build-check(1)               blocked  n/a
 test-amd64-i386-xl-qemuu-debianhvm-amd64-xsm  1 build-check(1)     blocked n/a
 test-xtf-amd64-amd64-1        1 build-check(1)               blocked  n/a
 build-i386-rumprun            1 build-check(1)               blocked  n/a
 test-amd64-amd64-qemuu-nested-intel  1 build-check(1)              blocked n/a
 test-amd64-amd64-libvirt-vhd  1 build-check(1)               blocked  n/a
 test-amd64-i386-xl-qemuu-win10-i386  1 build-check(1)              blocked n/a
 test-amd64-i386-xl-xsm        1 build-check(1)               blocked  n/a
 test-amd64-amd64-xl-qemuu-win7-amd64  1 build-check(1)             blocked n/a
 test-amd64-amd64-xl-qemut-stubdom-debianhvm-amd64-xsm 1 build-check(1) blocked 
n/a
 test-amd64-amd64-pygrub       1 build-check(1)               blocked  n/a
 test-amd64-i386-xl-qemut-win10-i386  1 build-check(1)              blocked n/a
 test-amd64-amd64-qemuu-nested-amd  1 build-check(1)               blocked  n/a
 test-amd64-amd64-xl-credit2   1 build-check(1)               blocked  n/a
 test-amd64-amd64-libvirt-pair  1 build-check(1)               blocked  n/a
 test-amd64-amd64-xl-qemuu-debianhvm-amd64  1 build-check(1)        blocked n/a
 test-amd64-i386-xl-qemut-debianhvm-amd64-xsm  1 build-check(1)     blocked n/a
 test-amd64-i386-xl-qemuu-debianhvm-amd64  1 build-check(1)         blocked n/a
 test-amd64-amd64-libvirt-xsm  1 build-check(1)               blocked  n/a
 test-amd64-amd64-xl-qemuu-debianhvm-amd64-xsm  1 build-check(1)    blocked n/a
 test-amd64-amd64-xl-qemuu-ovmf-amd64  1 build-check(1)             blocked n/a
 test-amd64-amd64-xl-qemut-debianhvm-amd64  1 build-check(1)        blocked n/a
 test-amd64-amd64-pair         1 build-check(1)               blocked  n/a
 test-amd64-i386-xl-qemuu-ovmf-amd64  1 build-check(1)              blocked n/a
 test-amd64-amd64-xl-qcow2     1 build-check(1)               blocked  n/a
 test-xtf-amd64-amd64-4        1 build-check(1)               blocked  n/a
 test-amd64-i386-xl-qemut-ws16-amd64  1 build-check(1)              blocked n/a
 build-i386-libvirt            1 build-check(1)               blocked  n/a
 test-amd64-i386-xl-raw        1 build-check(1)               blocked  n/a
 test-amd64-amd64-xl-qemut-win7-amd64  1 build-check(1)             blocked n/a
 test-amd64-i386-migrupgrade   1 build-check(1)               blocked  n/a
 test-amd64-amd64-rumprun-amd64  1 build-check(1)               blocked  n/a
 test-amd64-i386-freebsd10-i386  1 build-check(1)               blocked  n/a
 test-amd64-amd64-xl-xsm       1 build-check(1)               blocked  n/a
 test-amd64-i386-libvirt       1 build-check(1)               blocked  n/a
 test-amd64-amd64-xl-qemut-debianhvm-amd64-xsm  1 build-check(1)    blocked n/a
 test-amd64-amd64-libvirt-qemuu-debianhvm-amd64-xsm 1 build-check(1) blocked n/a
 test-amd64-i386-xl-qemuu-ws16-amd64  1 build-check(1)              blocked n/a
 test-amd64-amd64-i386-pvgrub  1 build-check(1)               blocked  n/a
 test-xtf-amd64-amd64-5        1 build-check(1)               blocked  n/a
 test-xtf-amd64-amd64-2        1 build-check(1)               blocked  n/a
 test-amd64-i386-freebsd10-amd64  1 build-check(1)               blocked  n/a
 test-amd64-i386-xl-qemut-stubdom-debianhvm-amd64-xsm 1 build-check(1) blocked 
n/a
 test-armhf-armhf-libvirt     14 saverestore-support-check    fail  like 118721
 test-armhf-armhf-libvirt-xsm 14 saverestore-support-check    fail  like 118721
 test-armhf-armhf-libvirt-raw 13 saverestore-support-check    fail  like 118721
 test-arm64-arm64-xl-credit2  13 migrate-support-check        fail   never pass
 test-arm64-arm64-xl          13 migrate-support-check        fail   never pass
 test-arm64-arm64-xl-credit2  14 saverestore-support-check    fail   never pass
 test-arm64-arm64-xl          14 saverestore-support-check    fail   never pass
 test-arm64-arm64-libvirt-xsm 13 migrate-support-check        fail   never pass
 test-arm64-arm64-libvirt-xsm 14 saverestore-support-check    fail   never pass
 test-armhf-armhf-xl-arndale  13 migrate-support-check        fail   never pass
 test-armhf-armhf-xl-arndale  14 saverestore-support-check    fail   never pass
 test-armhf-armhf-xl-rtds     13 migrate-support-check        fail   never pass
 test-armhf-armhf-xl-rtds     14 saverestore-support-check    fail   never pass
 test-armhf-armhf-xl-xsm      13 migrate-support-check        fail   never pass
 test-armhf-armhf-xl-xsm      14 saverestore-support-check    fail   never pass
 test-armhf-armhf-xl-credit2  13 migrate-support-check        fail   never pass
 test-armhf-armhf-xl-credit2  14 saverestore-support-check    fail   never pass
 test-armhf-armhf-libvirt     13 migrate-support-check        fail   never pass
 test-armhf-armhf-libvirt-xsm 13 migrate-support-check        fail   never pass
 test-armhf-armhf-xl-cubietruck 13 migrate-support-check        fail never pass
 test-armhf-armhf-xl-cubietruck 14 saverestore-support-check    fail never pass
 test-armhf-armhf-xl-multivcpu 13 migrate-support-check        fail  never pass
 test-armhf-armhf-xl-multivcpu 14 saverestore-support-check    fail  never pass
 test-armhf-armhf-libvirt-raw 12 migrate-support-check        fail   never pass
 test-arm64-arm64-xl-xsm      13 migrate-support-check        fail   never pass
 test-arm64-arm64-xl-xsm      14 saverestore-support-check    fail   never pass
 test-armhf-armhf-xl-vhd      12 migrate-support-check        fail   never pass
 test-armhf-armhf-xl-vhd      13 saverestore-support-check    fail   never pass
 test-armhf-armhf-xl          13 migrate-support-check        fail   never pass
 test-armhf-armhf-xl          14 saverestore-support-check    fail   never pass

version targeted for testing:
 xen                  aac4cbe3644738d485d38bd551046d63c00cc670
baseline version:
 xen                  f50ea840b9a860927c7aca5fa64eb34e14f17164

Last test of basis   118721  2018-02-09 03:44:03 Z    6 days
Testing same since   119182  2018-02-14 11:42:24 Z    0 days    1 attempts

------------------------------------------------------------
People who touched revisions under test:
  Andrew Cooper <andrew.coop...@citrix.com>
  Jan Beulich <jbeul...@suse.com>
  Roger Pau Monné <roger....@citrix.com>
  Wei Liu <wei.l...@citrix.com>

jobs:
 build-amd64-xsm                                              fail    
 build-arm64-xsm                                              pass    
 build-armhf-xsm                                              pass    
 build-i386-xsm                                               fail    
 build-amd64-xtf                                              pass    
 build-amd64                                                  fail    
 build-arm64                                                  pass    
 build-armhf                                                  pass    
 build-i386                                                   fail    
 build-amd64-libvirt                                          blocked 
 build-arm64-libvirt                                          pass    
 build-armhf-libvirt                                          pass    
 build-i386-libvirt                                           blocked 
 build-amd64-prev                                             pass    
 build-i386-prev                                              pass    
 build-amd64-pvops                                            pass    
 build-arm64-pvops                                            pass    
 build-armhf-pvops                                            pass    
 build-i386-pvops                                             pass    
 build-amd64-rumprun                                          blocked 
 build-i386-rumprun                                           blocked 
 test-xtf-amd64-amd64-1                                       blocked 
 test-xtf-amd64-amd64-2                                       blocked 
 test-xtf-amd64-amd64-3                                       blocked 
 test-xtf-amd64-amd64-4                                       blocked 
 test-xtf-amd64-amd64-5                                       blocked 
 test-amd64-amd64-xl                                          blocked 
 test-arm64-arm64-xl                                          pass    
 test-armhf-armhf-xl                                          pass    
 test-amd64-i386-xl                                           blocked 
 test-amd64-amd64-xl-qemut-debianhvm-amd64-xsm                blocked 
 test-amd64-i386-xl-qemut-debianhvm-amd64-xsm                 blocked 
 test-amd64-amd64-libvirt-qemuu-debianhvm-amd64-xsm           blocked 
 test-amd64-i386-libvirt-qemuu-debianhvm-amd64-xsm            blocked 
 test-amd64-amd64-xl-qemuu-debianhvm-amd64-xsm                blocked 
 test-amd64-i386-xl-qemuu-debianhvm-amd64-xsm                 blocked 
 test-amd64-amd64-xl-qemut-stubdom-debianhvm-amd64-xsm        blocked 
 test-amd64-i386-xl-qemut-stubdom-debianhvm-amd64-xsm         blocked 
 test-amd64-amd64-libvirt-xsm                                 blocked 
 test-arm64-arm64-libvirt-xsm                                 pass    
 test-armhf-armhf-libvirt-xsm                                 pass    
 test-amd64-i386-libvirt-xsm                                  blocked 
 test-amd64-amd64-xl-xsm                                      blocked 
 test-arm64-arm64-xl-xsm                                      pass    
 test-armhf-armhf-xl-xsm                                      pass    
 test-amd64-i386-xl-xsm                                       blocked 
 test-amd64-amd64-qemuu-nested-amd                            blocked 
 test-amd64-i386-qemut-rhel6hvm-amd                           blocked 
 test-amd64-i386-qemuu-rhel6hvm-amd                           blocked 
 test-amd64-amd64-xl-qemut-debianhvm-amd64                    blocked 
 test-amd64-i386-xl-qemut-debianhvm-amd64                     blocked 
 test-amd64-amd64-xl-qemuu-debianhvm-amd64                    blocked 
 test-amd64-i386-xl-qemuu-debianhvm-amd64                     blocked 
 test-amd64-i386-freebsd10-amd64                              blocked 
 test-amd64-amd64-xl-qemuu-ovmf-amd64                         blocked 
 test-amd64-i386-xl-qemuu-ovmf-amd64                          blocked 
 test-amd64-amd64-rumprun-amd64                               blocked 
 test-amd64-amd64-xl-qemut-win7-amd64                         blocked 
 test-amd64-i386-xl-qemut-win7-amd64                          blocked 
 test-amd64-amd64-xl-qemuu-win7-amd64                         blocked 
 test-amd64-i386-xl-qemuu-win7-amd64                          blocked 
 test-amd64-amd64-xl-qemut-ws16-amd64                         blocked 
 test-amd64-i386-xl-qemut-ws16-amd64                          blocked 
 test-amd64-amd64-xl-qemuu-ws16-amd64                         blocked 
 test-amd64-i386-xl-qemuu-ws16-amd64                          blocked 
 test-armhf-armhf-xl-arndale                                  pass    
 test-amd64-amd64-xl-credit2                                  blocked 
 test-arm64-arm64-xl-credit2                                  pass    
 test-armhf-armhf-xl-credit2                                  pass    
 test-armhf-armhf-xl-cubietruck                               pass    
 test-amd64-i386-freebsd10-i386                               blocked 
 test-amd64-i386-rumprun-i386                                 blocked 
 test-amd64-amd64-xl-qemut-win10-i386                         blocked 
 test-amd64-i386-xl-qemut-win10-i386                          blocked 
 test-amd64-amd64-xl-qemuu-win10-i386                         blocked 
 test-amd64-i386-xl-qemuu-win10-i386                          blocked 
 test-amd64-amd64-qemuu-nested-intel                          blocked 
 test-amd64-i386-qemut-rhel6hvm-intel                         blocked 
 test-amd64-i386-qemuu-rhel6hvm-intel                         blocked 
 test-amd64-amd64-libvirt                                     blocked 
 test-armhf-armhf-libvirt                                     pass    
 test-amd64-i386-libvirt                                      blocked 
 test-amd64-amd64-migrupgrade                                 blocked 
 test-amd64-i386-migrupgrade                                  blocked 
 test-amd64-amd64-xl-multivcpu                                blocked 
 test-armhf-armhf-xl-multivcpu                                pass    
 test-amd64-amd64-pair                                        blocked 
 test-amd64-i386-pair                                         blocked 
 test-amd64-amd64-libvirt-pair                                blocked 
 test-amd64-i386-libvirt-pair                                 blocked 
 test-amd64-amd64-amd64-pvgrub                                blocked 
 test-amd64-amd64-i386-pvgrub                                 blocked 
 test-amd64-amd64-pygrub                                      blocked 
 test-amd64-amd64-xl-qcow2                                    blocked 
 test-armhf-armhf-libvirt-raw                                 pass    
 test-amd64-i386-xl-raw                                       blocked 
 test-amd64-amd64-xl-rtds                                     blocked 
 test-armhf-armhf-xl-rtds                                     pass    
 test-amd64-amd64-libvirt-vhd                                 blocked 
 test-armhf-armhf-xl-vhd                                      pass    


------------------------------------------------------------
sg-report-flight on osstest.test-lab.xenproject.org
logs: /home/logs/logs
images: /home/logs/images

Logs, config files, etc. are available at
    http://logs.test-lab.xenproject.org/osstest/logs

Explanation of these reports, and of osstest in general, is at
    http://xenbits.xen.org/gitweb/?p=osstest.git;a=blob;f=README.email;hb=master
    http://xenbits.xen.org/gitweb/?p=osstest.git;a=blob;f=README;hb=master

Test harness code can be found at
    http://xenbits.xen.org/gitweb?p=osstest.git;a=summary


Not pushing.

(No revision log; it would be 585 lines long.)

_______________________________________________
Xen-devel mailing list
Xen-devel@lists.xenproject.org
https://lists.xenproject.org/mailman/listinfo/xen-devel

Reply via email to