flight 120277 libvirt real [real]
http://logs.test-lab.xenproject.org/osstest/logs/120277/

Failures :-/ but no regressions.

Tests which did not succeed, but are not blocking:
 test-armhf-armhf-libvirt-xsm 14 saverestore-support-check    fail  like 120188
 test-armhf-armhf-libvirt     14 saverestore-support-check    fail  like 120188
 test-armhf-armhf-libvirt-raw 13 saverestore-support-check    fail  like 120188
 test-amd64-amd64-libvirt-xsm 13 migrate-support-check        fail   never pass
 test-amd64-i386-libvirt      13 migrate-support-check        fail   never pass
 test-amd64-i386-libvirt-xsm  13 migrate-support-check        fail   never pass
 test-amd64-amd64-libvirt     13 migrate-support-check        fail   never pass
 test-arm64-arm64-libvirt-xsm 13 migrate-support-check        fail   never pass
 test-arm64-arm64-libvirt-xsm 14 saverestore-support-check    fail   never pass
 test-arm64-arm64-libvirt     13 migrate-support-check        fail   never pass
 test-arm64-arm64-libvirt     14 saverestore-support-check    fail   never pass
 test-amd64-amd64-libvirt-qemuu-debianhvm-amd64-xsm 11 migrate-support-check 
fail never pass
 test-amd64-amd64-libvirt-vhd 12 migrate-support-check        fail   never pass
 test-armhf-armhf-libvirt-xsm 13 migrate-support-check        fail   never pass
 test-armhf-armhf-libvirt     13 migrate-support-check        fail   never pass
 test-armhf-armhf-libvirt-raw 12 migrate-support-check        fail   never pass
 test-amd64-i386-libvirt-qemuu-debianhvm-amd64-xsm 11 migrate-support-check 
fail never pass
 test-arm64-arm64-libvirt-qcow2 12 migrate-support-check        fail never pass
 test-arm64-arm64-libvirt-qcow2 13 saverestore-support-check    fail never pass

version targeted for testing:
 libvirt              a32600f3ce7eb203e0c8d7e1be882180d7237edd
baseline version:
 libvirt              328b8dbe8bee9939c7108fdec4fda05fd02511f6

Last test of basis   120188  2018-03-03 07:31:56 Z    4 days
Testing same since   120277  2018-03-06 04:21:07 Z    1 days    1 attempts

------------------------------------------------------------
People who touched revisions under test:
  Andrea Bolognani <abolo...@redhat.com>
  Daniel P. Berrangé <berra...@redhat.com>
  Daniel Veillard <veill...@redhat.com>
  Daniel Veillard<veill...@redhat.com>
  Jan Palus <at...@pld-linux.org>
  Ján Tomko <jto...@redhat.com>
  Nikolay Shirokovskiy <nshirokovs...@virtuozzo.com>

jobs:
 build-amd64-xsm                                              pass    
 build-arm64-xsm                                              pass    
 build-armhf-xsm                                              pass    
 build-i386-xsm                                               pass    
 build-amd64                                                  pass    
 build-arm64                                                  pass    
 build-armhf                                                  pass    
 build-i386                                                   pass    
 build-amd64-libvirt                                          pass    
 build-arm64-libvirt                                          pass    
 build-armhf-libvirt                                          pass    
 build-i386-libvirt                                           pass    
 build-amd64-pvops                                            pass    
 build-arm64-pvops                                            pass    
 build-armhf-pvops                                            pass    
 build-i386-pvops                                             pass    
 test-amd64-amd64-libvirt-qemuu-debianhvm-amd64-xsm           pass    
 test-amd64-i386-libvirt-qemuu-debianhvm-amd64-xsm            pass    
 test-amd64-amd64-libvirt-xsm                                 pass    
 test-arm64-arm64-libvirt-xsm                                 pass    
 test-armhf-armhf-libvirt-xsm                                 pass    
 test-amd64-i386-libvirt-xsm                                  pass    
 test-amd64-amd64-libvirt                                     pass    
 test-arm64-arm64-libvirt                                     pass    
 test-armhf-armhf-libvirt                                     pass    
 test-amd64-i386-libvirt                                      pass    
 test-amd64-amd64-libvirt-pair                                pass    
 test-amd64-i386-libvirt-pair                                 pass    
 test-arm64-arm64-libvirt-qcow2                               pass    
 test-armhf-armhf-libvirt-raw                                 pass    
 test-amd64-amd64-libvirt-vhd                                 pass    


------------------------------------------------------------
sg-report-flight on osstest.test-lab.xenproject.org
logs: /home/logs/logs
images: /home/logs/images

Logs, config files, etc. are available at
    http://logs.test-lab.xenproject.org/osstest/logs

Explanation of these reports, and of osstest in general, is at
    http://xenbits.xen.org/gitweb/?p=osstest.git;a=blob;f=README.email;hb=master
    http://xenbits.xen.org/gitweb/?p=osstest.git;a=blob;f=README;hb=master

Test harness code can be found at
    http://xenbits.xen.org/gitweb?p=osstest.git;a=summary


Pushing revision :

To xenbits.xen.org:/home/xen/git/libvirt.git
   328b8dbe8b..a32600f3ce  a32600f3ce7eb203e0c8d7e1be882180d7237edd -> 
xen-tested-master

_______________________________________________
Xen-devel mailing list
Xen-devel@lists.xenproject.org
https://lists.xenproject.org/mailman/listinfo/xen-devel

Reply via email to