flight 120514 seabios real [real]
http://logs.test-lab.xenproject.org/osstest/logs/120514/

Regressions :-(

Tests which did not succeed and are blocking,
including tests which could not be run:
 test-amd64-amd64-xl-qemuu-ws16-amd64 17 guest-stop       fail REGR. vs. 115539

Tests which are failing intermittently (not blocking):
 test-amd64-i386-qemuu-rhel6hvm-intel 10 redhat-install     fail pass in 120393
 test-amd64-i386-xl-qemuu-win7-amd64 10 windows-install     fail pass in 120393
 test-amd64-amd64-xl-qemuu-win7-amd64 10 windows-install    fail pass in 120393

Tests which did not succeed, but are not blocking:
 test-amd64-i386-xl-qemuu-win7-amd64 17 guest-stop   fail in 120393 like 115539
 test-amd64-amd64-xl-qemuu-win7-amd64 17 guest-stop  fail in 120393 like 115539
 test-amd64-i386-xl-qemuu-ws16-amd64 17 guest-stop             fail like 115539
 test-amd64-amd64-libvirt-qemuu-debianhvm-amd64-xsm 11 migrate-support-check 
fail never pass
 test-amd64-i386-libvirt-qemuu-debianhvm-amd64-xsm 11 migrate-support-check 
fail never pass
 test-amd64-amd64-qemuu-nested-amd 17 debian-hvm-install/l1/l2  fail never pass
 test-amd64-amd64-xl-qemuu-win10-i386 10 windows-install        fail never pass
 test-amd64-i386-xl-qemuu-win10-i386 10 windows-install         fail never pass

version targeted for testing:
 seabios              5adc8bdea6a77bdb457d9cbca9a49a7d01cc25cd
baseline version:
 seabios              0ca6d6277dfafc671a5b3718cbeb5c78e2a888ea

Last test of basis   115539  2017-11-03 20:48:58 Z  129 days
Failing since        115733  2017-11-10 17:19:59 Z  122 days  146 attempts
Testing same since   120197  2018-03-03 11:37:53 Z    9 days    6 attempts

------------------------------------------------------------
People who touched revisions under test:
  Kevin O'Connor <ke...@koconnor.net>
  Marc-André Lureau <marcandre.lur...@redhat.com>
  Marcel Apfelbaum <mar...@redhat.com>
  Michael S. Tsirkin <m...@redhat.com>
  Nikolay Nikolov <nick...@users.sourceforge.net>
  Paul Menzel <pmen...@molgen.mpg.de>
  Stefan Berger <stef...@linux.vnet.ibm.com>
  Stephen Douthit <steph...@silicom-usa.com>

jobs:
 build-amd64-xsm                                              pass    
 build-i386-xsm                                               pass    
 build-amd64                                                  pass    
 build-i386                                                   pass    
 build-amd64-libvirt                                          pass    
 build-i386-libvirt                                           pass    
 build-amd64-pvops                                            pass    
 build-i386-pvops                                             pass    
 test-amd64-amd64-libvirt-qemuu-debianhvm-amd64-xsm           pass    
 test-amd64-i386-libvirt-qemuu-debianhvm-amd64-xsm            pass    
 test-amd64-amd64-xl-qemuu-debianhvm-amd64-xsm                pass    
 test-amd64-i386-xl-qemuu-debianhvm-amd64-xsm                 pass    
 test-amd64-amd64-qemuu-nested-amd                            fail    
 test-amd64-i386-qemuu-rhel6hvm-amd                           pass    
 test-amd64-amd64-xl-qemuu-debianhvm-amd64                    pass    
 test-amd64-i386-xl-qemuu-debianhvm-amd64                     pass    
 test-amd64-amd64-xl-qemuu-win7-amd64                         fail    
 test-amd64-i386-xl-qemuu-win7-amd64                          fail    
 test-amd64-amd64-xl-qemuu-ws16-amd64                         fail    
 test-amd64-i386-xl-qemuu-ws16-amd64                          fail    
 test-amd64-amd64-xl-qemuu-win10-i386                         fail    
 test-amd64-i386-xl-qemuu-win10-i386                          fail    
 test-amd64-amd64-qemuu-nested-intel                          pass    
 test-amd64-i386-qemuu-rhel6hvm-intel                         fail    


------------------------------------------------------------
sg-report-flight on osstest.test-lab.xenproject.org
logs: /home/logs/logs
images: /home/logs/images

Logs, config files, etc. are available at
    http://logs.test-lab.xenproject.org/osstest/logs

Explanation of these reports, and of osstest in general, is at
    http://xenbits.xen.org/gitweb/?p=osstest.git;a=blob;f=README.email;hb=master
    http://xenbits.xen.org/gitweb/?p=osstest.git;a=blob;f=README;hb=master

Test harness code can be found at
    http://xenbits.xen.org/gitweb?p=osstest.git;a=summary


Not pushing.

(No revision log; it would be 336 lines long.)

_______________________________________________
Xen-devel mailing list
Xen-devel@lists.xenproject.org
https://lists.xenproject.org/mailman/listinfo/xen-devel

Reply via email to