flight 120544 xen-4.8-testing real [real]
http://logs.test-lab.xenproject.org/osstest/logs/120544/

Regressions :-(

Tests which did not succeed and are blocking,
including tests which could not be run:
 test-xtf-amd64-amd64-5 50 xtf/test-hvm64-lbr-tsx-vmentry fail REGR. vs. 120116
 build-armhf                   6 xen-build                fail REGR. vs. 120116

Tests which are failing intermittently (not blocking):
 test-xtf-amd64-amd64-4 50 xtf/test-hvm64-lbr-tsx-vmentry fail in 120391 pass 
in 120544
 test-xtf-amd64-amd64-2   50 xtf/test-hvm64-lbr-tsx-vmentry fail pass in 120391
 test-xtf-amd64-amd64-3   50 xtf/test-hvm64-lbr-tsx-vmentry fail pass in 120391
 test-amd64-amd64-xl-qemut-win7-amd64 10 windows-install    fail pass in 120391
 test-amd64-amd64-rumprun-amd64 17 rumprun-demo-xenstorels/xenstorels.repeat 
fail pass in 120391

Regressions which are regarded as allowable (not blocking):
 test-armhf-armhf-xl-rtds 16 guest-start/debian.repeat fail in 120391 REGR. vs. 
120116

Tests which did not succeed, but are not blocking:
 test-armhf-armhf-libvirt-raw  1 build-check(1)               blocked  n/a
 test-armhf-armhf-xl-multivcpu  1 build-check(1)               blocked  n/a
 test-armhf-armhf-xl-credit2   1 build-check(1)               blocked  n/a
 build-armhf-libvirt           1 build-check(1)               blocked  n/a
 test-armhf-armhf-xl-cubietruck  1 build-check(1)               blocked  n/a
 test-armhf-armhf-xl-arndale   1 build-check(1)               blocked  n/a
 test-armhf-armhf-xl           1 build-check(1)               blocked  n/a
 test-armhf-armhf-libvirt-xsm  1 build-check(1)               blocked  n/a
 test-armhf-armhf-libvirt      1 build-check(1)               blocked  n/a
 test-armhf-armhf-xl-rtds      1 build-check(1)               blocked  n/a
 test-armhf-armhf-xl-vhd       1 build-check(1)               blocked  n/a
 test-amd64-amd64-xl-qemut-win7-amd64 17 guest-stop  fail in 120391 like 120116
 test-armhf-armhf-xl-arndale 13 migrate-support-check fail in 120391 never pass
 test-armhf-armhf-xl-arndale 14 saverestore-support-check fail in 120391 never 
pass
 test-armhf-armhf-xl-rtds    13 migrate-support-check fail in 120391 never pass
 test-armhf-armhf-xl-rtds 14 saverestore-support-check fail in 120391 never pass
 test-armhf-armhf-xl         13 migrate-support-check fail in 120391 never pass
 test-armhf-armhf-xl     14 saverestore-support-check fail in 120391 never pass
 test-armhf-armhf-xl-cubietruck 13 migrate-support-check fail in 120391 never 
pass
 test-armhf-armhf-xl-cubietruck 14 saverestore-support-check fail in 120391 
never pass
 test-armhf-armhf-xl-multivcpu 13 migrate-support-check fail in 120391 never 
pass
 test-armhf-armhf-xl-credit2 13 migrate-support-check fail in 120391 never pass
 test-armhf-armhf-libvirt-xsm 13 migrate-support-check fail in 120391 never pass
 test-armhf-armhf-xl-multivcpu 14 saverestore-support-check fail in 120391 
never pass
 test-armhf-armhf-xl-credit2 14 saverestore-support-check fail in 120391 never 
pass
 test-armhf-armhf-libvirt-xsm 14 saverestore-support-check fail in 120391 never 
pass
 test-armhf-armhf-libvirt    13 migrate-support-check fail in 120391 never pass
 test-armhf-armhf-libvirt 14 saverestore-support-check fail in 120391 never pass
 test-armhf-armhf-libvirt-raw 12 migrate-support-check fail in 120391 never pass
 test-armhf-armhf-libvirt-raw 13 saverestore-support-check fail in 120391 never 
pass
 test-armhf-armhf-xl-vhd     12 migrate-support-check fail in 120391 never pass
 test-armhf-armhf-xl-vhd 13 saverestore-support-check fail in 120391 never pass
 test-amd64-i386-xl-qemut-win7-amd64 17 guest-stop             fail like 120116
 test-amd64-i386-xl-qemuu-win7-amd64 17 guest-stop             fail like 120116
 test-amd64-amd64-xl-qemuu-win7-amd64 17 guest-stop            fail like 120116
 test-amd64-i386-xl-qemuu-ws16-amd64 17 guest-stop             fail like 120116
 test-amd64-i386-xl-qemut-ws16-amd64 17 guest-stop             fail like 120116
 test-amd64-amd64-xl-qemut-ws16-amd64 17 guest-stop            fail like 120116
 test-amd64-amd64-xl-qemuu-ws16-amd64 17 guest-stop            fail like 120116
 test-xtf-amd64-amd64-1       52 xtf/test-hvm64-memop-seg     fail   never pass
 test-xtf-amd64-amd64-2       52 xtf/test-hvm64-memop-seg     fail   never pass
 test-xtf-amd64-amd64-3       52 xtf/test-hvm64-memop-seg     fail   never pass
 test-xtf-amd64-amd64-5       52 xtf/test-hvm64-memop-seg     fail   never pass
 test-xtf-amd64-amd64-4       52 xtf/test-hvm64-memop-seg     fail   never pass
 test-amd64-i386-libvirt      13 migrate-support-check        fail   never pass
 test-amd64-amd64-libvirt-xsm 13 migrate-support-check        fail   never pass
 build-amd64-prev              7 xen-build/dist-test          fail   never pass
 test-amd64-amd64-libvirt     13 migrate-support-check        fail   never pass
 test-amd64-i386-libvirt-xsm  13 migrate-support-check        fail   never pass
 test-arm64-arm64-xl-xsm      13 migrate-support-check        fail   never pass
 test-arm64-arm64-xl-xsm      14 saverestore-support-check    fail   never pass
 test-arm64-arm64-xl          13 migrate-support-check        fail   never pass
 test-arm64-arm64-xl-credit2  13 migrate-support-check        fail   never pass
 test-arm64-arm64-xl-credit2  14 saverestore-support-check    fail   never pass
 test-arm64-arm64-xl          14 saverestore-support-check    fail   never pass
 test-arm64-arm64-libvirt-xsm 13 migrate-support-check        fail   never pass
 test-arm64-arm64-libvirt-xsm 14 saverestore-support-check    fail   never pass
 build-i386-prev               7 xen-build/dist-test          fail   never pass
 test-amd64-i386-libvirt-qemuu-debianhvm-amd64-xsm 11 migrate-support-check 
fail never pass
 test-amd64-amd64-libvirt-qemuu-debianhvm-amd64-xsm 11 migrate-support-check 
fail never pass
 test-amd64-amd64-qemuu-nested-amd 17 debian-hvm-install/l1/l2  fail never pass
 test-amd64-amd64-libvirt-vhd 12 migrate-support-check        fail   never pass
 test-armhf-armhf-xl-xsm      13 migrate-support-check        fail   never pass
 test-armhf-armhf-xl-xsm      14 saverestore-support-check    fail   never pass
 test-amd64-amd64-xl-qemut-win10-i386 10 windows-install        fail never pass
 test-amd64-i386-xl-qemut-win10-i386 10 windows-install         fail never pass
 test-amd64-amd64-xl-qemuu-win10-i386 10 windows-install        fail never pass
 test-amd64-i386-xl-qemuu-win10-i386 10 windows-install         fail never pass

version targeted for testing:
 xen                  a2700ca14e147ed07cb976ed787e720898043a34
baseline version:
 xen                  03f947472fde01f438ec057439d8d30456210a1c

Last test of basis   120116  2018-03-01 05:08:17 Z   12 days
Failing since        120178  2018-03-03 00:26:07 Z   10 days    6 attempts
Testing same since   120350  2018-03-08 12:15:56 Z    5 days    3 attempts

------------------------------------------------------------
People who touched revisions under test:
  Andrew Cooper <andrew.coop...@citrix.com>
  Daniel Sabogal <dsaboga...@gmail.com>
  George Dunlap <george.dun...@citrix.com>
  Haozhong Zhang <haozhong.zh...@intel.com>
  Igor Druzhinin <igor.druzhi...@citrix.com>
  Jan Beulich <jbeul...@suse.com>
  Julien Grall <julien.gr...@arm.com>
  Stefano Stabellini <sstabell...@kernel.org>
  Wei Liu <wei.l...@citrix.com>

jobs:
 build-amd64-xsm                                              pass    
 build-arm64-xsm                                              pass    
 build-armhf-xsm                                              pass    
 build-i386-xsm                                               pass    
 build-amd64-xtf                                              pass    
 build-amd64                                                  pass    
 build-arm64                                                  pass    
 build-armhf                                                  fail    
 build-i386                                                   pass    
 build-amd64-libvirt                                          pass    
 build-arm64-libvirt                                          pass    
 build-armhf-libvirt                                          blocked 
 build-i386-libvirt                                           pass    
 build-amd64-prev                                             pass    
 build-i386-prev                                              pass    
 build-amd64-pvops                                            pass    
 build-arm64-pvops                                            pass    
 build-armhf-pvops                                            pass    
 build-i386-pvops                                             pass    
 build-amd64-rumprun                                          pass    
 build-i386-rumprun                                           pass    
 test-xtf-amd64-amd64-1                                       pass    
 test-xtf-amd64-amd64-2                                       pass    
 test-xtf-amd64-amd64-3                                       pass    
 test-xtf-amd64-amd64-4                                       pass    
 test-xtf-amd64-amd64-5                                       pass    
 test-amd64-amd64-xl                                          pass    
 test-arm64-arm64-xl                                          pass    
 test-armhf-armhf-xl                                          blocked 
 test-amd64-i386-xl                                           pass    
 test-amd64-amd64-xl-qemut-debianhvm-amd64-xsm                pass    
 test-amd64-i386-xl-qemut-debianhvm-amd64-xsm                 pass    
 test-amd64-amd64-libvirt-qemuu-debianhvm-amd64-xsm           pass    
 test-amd64-i386-libvirt-qemuu-debianhvm-amd64-xsm            pass    
 test-amd64-amd64-xl-qemuu-debianhvm-amd64-xsm                pass    
 test-amd64-i386-xl-qemuu-debianhvm-amd64-xsm                 pass    
 test-amd64-amd64-xl-qemut-stubdom-debianhvm-amd64-xsm        pass    
 test-amd64-i386-xl-qemut-stubdom-debianhvm-amd64-xsm         pass    
 test-amd64-amd64-libvirt-xsm                                 pass    
 test-arm64-arm64-libvirt-xsm                                 pass    
 test-armhf-armhf-libvirt-xsm                                 blocked 
 test-amd64-i386-libvirt-xsm                                  pass    
 test-amd64-amd64-xl-xsm                                      pass    
 test-arm64-arm64-xl-xsm                                      pass    
 test-armhf-armhf-xl-xsm                                      pass    
 test-amd64-i386-xl-xsm                                       pass    
 test-amd64-amd64-qemuu-nested-amd                            fail    
 test-amd64-i386-qemut-rhel6hvm-amd                           pass    
 test-amd64-i386-qemuu-rhel6hvm-amd                           pass    
 test-amd64-amd64-xl-qemut-debianhvm-amd64                    pass    
 test-amd64-i386-xl-qemut-debianhvm-amd64                     pass    
 test-amd64-amd64-xl-qemuu-debianhvm-amd64                    pass    
 test-amd64-i386-xl-qemuu-debianhvm-amd64                     pass    
 test-amd64-i386-freebsd10-amd64                              pass    
 test-amd64-amd64-xl-qemuu-ovmf-amd64                         pass    
 test-amd64-i386-xl-qemuu-ovmf-amd64                          pass    
 test-amd64-amd64-rumprun-amd64                               fail    
 test-amd64-amd64-xl-qemut-win7-amd64                         fail    
 test-amd64-i386-xl-qemut-win7-amd64                          fail    
 test-amd64-amd64-xl-qemuu-win7-amd64                         fail    
 test-amd64-i386-xl-qemuu-win7-amd64                          fail    
 test-amd64-amd64-xl-qemut-ws16-amd64                         fail    
 test-amd64-i386-xl-qemut-ws16-amd64                          fail    
 test-amd64-amd64-xl-qemuu-ws16-amd64                         fail    
 test-amd64-i386-xl-qemuu-ws16-amd64                          fail    
 test-armhf-armhf-xl-arndale                                  blocked 
 test-amd64-amd64-xl-credit2                                  pass    
 test-arm64-arm64-xl-credit2                                  pass    
 test-armhf-armhf-xl-credit2                                  blocked 
 test-armhf-armhf-xl-cubietruck                               blocked 
 test-amd64-i386-freebsd10-i386                               pass    
 test-amd64-i386-rumprun-i386                                 pass    
 test-amd64-amd64-xl-qemut-win10-i386                         fail    
 test-amd64-i386-xl-qemut-win10-i386                          fail    
 test-amd64-amd64-xl-qemuu-win10-i386                         fail    
 test-amd64-i386-xl-qemuu-win10-i386                          fail    
 test-amd64-amd64-qemuu-nested-intel                          pass    
 test-amd64-i386-qemut-rhel6hvm-intel                         pass    
 test-amd64-i386-qemuu-rhel6hvm-intel                         pass    
 test-amd64-amd64-libvirt                                     pass    
 test-armhf-armhf-libvirt                                     blocked 
 test-amd64-i386-libvirt                                      pass    
 test-amd64-amd64-livepatch                                   pass    
 test-amd64-i386-livepatch                                    pass    
 test-amd64-amd64-migrupgrade                                 pass    
 test-amd64-i386-migrupgrade                                  pass    
 test-amd64-amd64-xl-multivcpu                                pass    
 test-armhf-armhf-xl-multivcpu                                blocked 
 test-amd64-amd64-pair                                        pass    
 test-amd64-i386-pair                                         pass    
 test-amd64-amd64-libvirt-pair                                pass    
 test-amd64-i386-libvirt-pair                                 pass    
 test-amd64-amd64-amd64-pvgrub                                pass    
 test-amd64-amd64-i386-pvgrub                                 pass    
 test-amd64-amd64-pygrub                                      pass    
 test-amd64-amd64-xl-qcow2                                    pass    
 test-armhf-armhf-libvirt-raw                                 blocked 
 test-amd64-i386-xl-raw                                       pass    
 test-amd64-amd64-xl-rtds                                     pass    
 test-armhf-armhf-xl-rtds                                     blocked 
 test-amd64-amd64-libvirt-vhd                                 pass    
 test-armhf-armhf-xl-vhd                                      blocked 


------------------------------------------------------------
sg-report-flight on osstest.test-lab.xenproject.org
logs: /home/logs/logs
images: /home/logs/images

Logs, config files, etc. are available at
    http://logs.test-lab.xenproject.org/osstest/logs

Explanation of these reports, and of osstest in general, is at
    http://xenbits.xen.org/gitweb/?p=osstest.git;a=blob;f=README.email;hb=master
    http://xenbits.xen.org/gitweb/?p=osstest.git;a=blob;f=README;hb=master

Test harness code can be found at
    http://xenbits.xen.org/gitweb?p=osstest.git;a=summary


Not pushing.

(No revision log; it would be 324 lines long.)

_______________________________________________
Xen-devel mailing list
Xen-devel@lists.xenproject.org
https://lists.xenproject.org/mailman/listinfo/xen-devel

Reply via email to