flight 120709 xen-unstable-smoke real [real]
http://logs.test-lab.xenproject.org/osstest/logs/120709/

Regressions :-(

Tests which did not succeed and are blocking,
including tests which could not be run:
 build-arm64-xsm               6 xen-build                fail REGR. vs. 120679
 build-armhf                   6 xen-build                fail REGR. vs. 120679

Tests which did not succeed, but are not blocking:
 test-armhf-armhf-xl           1 build-check(1)               blocked  n/a
 test-arm64-arm64-xl-xsm       1 build-check(1)               blocked  n/a
 test-amd64-amd64-libvirt     13 migrate-support-check        fail   never pass

version targeted for testing:
 xen                  a7313da7f7767984172873adf645eff9bd667bda
baseline version:
 xen                  eef83fd2af0d4c78afec34c199c977fc97d8a0b3

Last test of basis   120679  2018-03-13 12:06:56 Z    0 days
Testing same since   120685  2018-03-13 17:01:17 Z    0 days    4 attempts

------------------------------------------------------------
People who touched revisions under test:
  Doug Goldstein <car...@cardoe.com>
  Michael Young <m.a.yo...@durham.ac.uk>
  Wei Liu <wei.l...@citrix.com>

jobs:
 build-arm64-xsm                                              fail    
 build-amd64                                                  pass    
 build-armhf                                                  fail    
 build-amd64-libvirt                                          pass    
 test-armhf-armhf-xl                                          blocked 
 test-arm64-arm64-xl-xsm                                      blocked 
 test-amd64-amd64-xl-qemuu-debianhvm-i386                     pass    
 test-amd64-amd64-libvirt                                     pass    


------------------------------------------------------------
sg-report-flight on osstest.test-lab.xenproject.org
logs: /home/logs/logs
images: /home/logs/images

Logs, config files, etc. are available at
    http://logs.test-lab.xenproject.org/osstest/logs

Explanation of these reports, and of osstest in general, is at
    http://xenbits.xen.org/gitweb/?p=osstest.git;a=blob;f=README.email;hb=master
    http://xenbits.xen.org/gitweb/?p=osstest.git;a=blob;f=README;hb=master

Test harness code can be found at
    http://xenbits.xen.org/gitweb?p=osstest.git;a=summary


Not pushing.

------------------------------------------------------------
commit a7313da7f7767984172873adf645eff9bd667bda
Author: Doug Goldstein <car...@cardoe.com>
Date:   Tue Mar 13 11:25:29 2018 -0500

    tools/xl: fix uninitialized variable in xl_vdispl
    
    The code added in 7a48622a78a0b452e8afa55b8442c958abd226a7 could use rc
    uninitialized in main_vdisplattach().
    
    Signed-off-by: Doug Goldstein <car...@cardoe.com>
    Acked-by: Wei Liu <wei.l...@citrix.com>

commit 9f3b40e8fe083e0d6d184c105f96ad9b9617f038
Author: Michael Young <m.a.yo...@durham.ac.uk>
Date:   Mon Mar 12 18:49:29 2018 +0000

    make xen ocaml safe-strings compliant
    
    Xen built with ocaml 4.06 gives errors such as
    Error: This expression has type bytes but an expression was
            expected of type string
    as Byte and safe-strings which were introduced in 4.02 are the
    default in 4.06.
    This patch which is partly by Richard W.M. Jones of Red Hat
    from https://bugzilla.redhat.com/show_bug.cgi?id=1526703
    fixes these issues.
    
    Signed-off-by: Michael Young <m.a.yo...@durham.ac.uk>
    Reviewed-by: Christian Lindig<christian.lin...@citrix.com>

commit b43501451733193b265de30fd79a764363a2a473
Author: Doug Goldstein <car...@cardoe.com>
Date:   Mon Mar 12 23:06:51 2018 -0500

    tools: detect appropriate debug optimization level
    
    When building debug use -Og as the optimization level if its available,
    otherwise retain the use of -O0. -Og has been added by GCC to enable all
    optimizations that to not affect debugging while retaining full
    debugability.
    
    Signed-off-by: Doug Goldstein <car...@cardoe.com>
    Acked-by: Wei Liu <wei.l...@citrix.com>
(qemu changes not included)

_______________________________________________
Xen-devel mailing list
Xen-devel@lists.xenproject.org
https://lists.xenproject.org/mailman/listinfo/xen-devel

Reply via email to