flight 163844 linux-5.4 real [real]
http://logs.test-lab.xenproject.org/osstest/logs/163844/

Failures :-/ but no regressions.

Regressions which are regarded as allowable (not blocking):
 test-armhf-armhf-xl-rtds    18 guest-start/debian.repeat fail REGR. vs. 163800

Tests which did not succeed, but are not blocking:
 test-amd64-amd64-xl-qemuu-win7-amd64 19 guest-stop            fail like 163800
 test-amd64-i386-xl-qemut-win7-amd64 19 guest-stop             fail like 163800
 test-amd64-amd64-xl-qemut-win7-amd64 19 guest-stop            fail like 163800
 test-armhf-armhf-libvirt     16 saverestore-support-check    fail  like 163800
 test-amd64-amd64-qemuu-nested-amd 20 debian-hvm-install/l1/l2 fail like 163800
 test-amd64-amd64-xl-qemuu-ws16-amd64 19 guest-stop            fail like 163800
 test-amd64-amd64-xl-qemut-ws16-amd64 19 guest-stop            fail like 163800
 test-amd64-i386-xl-qemuu-win7-amd64 19 guest-stop             fail like 163800
 test-amd64-i386-xl-qemut-ws16-amd64 19 guest-stop             fail like 163800
 test-armhf-armhf-libvirt-raw 15 saverestore-support-check    fail  like 163800
 test-amd64-i386-xl-qemuu-ws16-amd64 19 guest-stop             fail like 163800
 test-amd64-i386-xl-pvshim    14 guest-start                  fail   never pass
 test-arm64-arm64-xl-seattle  15 migrate-support-check        fail   never pass
 test-arm64-arm64-xl-seattle  16 saverestore-support-check    fail   never pass
 test-amd64-amd64-libvirt     15 migrate-support-check        fail   never pass
 test-amd64-i386-libvirt-xsm  15 migrate-support-check        fail   never pass
 test-amd64-amd64-libvirt-xsm 15 migrate-support-check        fail   never pass
 test-amd64-amd64-libvirt-qemuu-debianhvm-amd64-xsm 13 migrate-support-check 
fail never pass
 test-arm64-arm64-libvirt-xsm 15 migrate-support-check        fail   never pass
 test-arm64-arm64-libvirt-xsm 16 saverestore-support-check    fail   never pass
 test-arm64-arm64-xl          15 migrate-support-check        fail   never pass
 test-arm64-arm64-xl-credit2  15 migrate-support-check        fail   never pass
 test-arm64-arm64-xl          16 saverestore-support-check    fail   never pass
 test-arm64-arm64-xl-credit2  16 saverestore-support-check    fail   never pass
 test-arm64-arm64-xl-credit1  15 migrate-support-check        fail   never pass
 test-arm64-arm64-xl-credit1  16 saverestore-support-check    fail   never pass
 test-arm64-arm64-xl-xsm      15 migrate-support-check        fail   never pass
 test-arm64-arm64-xl-xsm      16 saverestore-support-check    fail   never pass
 test-arm64-arm64-xl-thunderx 15 migrate-support-check        fail   never pass
 test-arm64-arm64-xl-thunderx 16 saverestore-support-check    fail   never pass
 test-armhf-armhf-xl-arndale  15 migrate-support-check        fail   never pass
 test-armhf-armhf-xl-arndale  16 saverestore-support-check    fail   never pass
 test-amd64-i386-libvirt-qemuu-debianhvm-amd64-xsm 13 migrate-support-check 
fail never pass
 test-amd64-amd64-libvirt-vhd 14 migrate-support-check        fail   never pass
 test-armhf-armhf-xl-multivcpu 15 migrate-support-check        fail  never pass
 test-armhf-armhf-xl-multivcpu 16 saverestore-support-check    fail  never pass
 test-armhf-armhf-xl-credit2  15 migrate-support-check        fail   never pass
 test-armhf-armhf-xl-credit2  16 saverestore-support-check    fail   never pass
 test-armhf-armhf-xl          15 migrate-support-check        fail   never pass
 test-armhf-armhf-xl          16 saverestore-support-check    fail   never pass
 test-armhf-armhf-xl-credit1  15 migrate-support-check        fail   never pass
 test-armhf-armhf-xl-credit1  16 saverestore-support-check    fail   never pass
 test-armhf-armhf-libvirt     15 migrate-support-check        fail   never pass
 test-armhf-armhf-xl-rtds     15 migrate-support-check        fail   never pass
 test-armhf-armhf-xl-rtds     16 saverestore-support-check    fail   never pass
 test-armhf-armhf-xl-cubietruck 15 migrate-support-check        fail never pass
 test-armhf-armhf-xl-cubietruck 16 saverestore-support-check    fail never pass
 test-armhf-armhf-xl-vhd      14 migrate-support-check        fail   never pass
 test-armhf-armhf-xl-vhd      15 saverestore-support-check    fail   never pass
 test-amd64-i386-libvirt      15 migrate-support-check        fail   never pass
 test-armhf-armhf-libvirt-raw 14 migrate-support-check        fail   never pass

version targeted for testing:
 linux                9afc0c209685bc239e45b6ca1ea07186b78c7437
baseline version:
 linux                795e84798fa7f6c753ded1a95037b4cf08db85d4

Last test of basis   163800  2021-07-19 07:11:17 Z    1 days
Testing same since   163844  2021-07-20 14:40:23 Z    0 days    1 attempts

------------------------------------------------------------
People who touched revisions under test:
  Alexander Shishkin <[email protected]>
  Alexandre Belloni <[email protected]>
  Andrew Morton <[email protected]>
  [email protected]
  Arnd Bergmann <[email protected]>
  Aswath Govindraju <[email protected]>
  Athira Rajeev <[email protected]>
  Bartosz Golaszewski <[email protected]>
  Benjamin Herrenschmidt <[email protected]>
  Bixuan Cui <[email protected]>
  Bjorn Helgaas <[email protected]>
  Borislav Petkov <[email protected]>
  Brian Cain <[email protected]>
  Chandrakanth Patil <[email protected]>
  Chang S. Bae <[email protected]>
  Chao Yu <[email protected]>
  Christian Borntraeger <[email protected]>
  Christian Brauner <[email protected]>
  Christoph Hellwig <[email protected]>
  Christoph Niedermaier <[email protected]>
  Christophe JAILLET <[email protected]>
  Corentin Labbe <[email protected]>
  Cristian Marussi <[email protected]>
  Dan Carpenter <[email protected]>
  Daniel Lezcano <[email protected]>
  Daniel Mack <[email protected]>
  Daniel Vetter <[email protected]>
  Dave Kleikamp <[email protected]>
  David S. Miller <[email protected]>
  Dimitri John Ledkov <[email protected]>
  Dmitry Torokhov <[email protected]>
  Eric Sandeen <[email protected]>
  Fabio Aiuto <[email protected]>
  Florian Fainelli <[email protected]>
  Frederic Weisbecker <[email protected]>
  Gao Xiang <[email protected]>
  Geert Uytterhoeven <[email protected]>
  Geoff Levand <[email protected]>
  Geoffrey D. Bennett <[email protected]>
  Greg Kroah-Hartman <[email protected]>
  Gregory CLEMENT <[email protected]>
  Guenter Roeck <[email protected]>
  Hannes Reinecke <[email protected]>
  Hans de Goede <[email protected]>
  Heiko Carstens <[email protected]>
  Ilya Dryomov <[email protected]>
  Jaegeuk Kim <[email protected]>
  James Smart <[email protected]>
  Jan Kiszka <[email protected]>
  Jason Wang <[email protected]>
  Jeff Layton <[email protected]>
  Jiajun Cao <[email protected]>
  Jiapeng Chong <[email protected]>
  John Garry <[email protected]>
  Jon Hunter <[email protected]>
  Jonathan Cameron <[email protected]>
  Justin Tee <[email protected]>
  Kashyap Desai <[email protected]>
  Kefeng Wang <[email protected]>
  Krzysztof Kozlowski <[email protected]>
  Krzysztof Kozlowski <[email protected]>
  Krzysztof Wilczyński <[email protected]>
  Lai Jiangshan <[email protected]>
  Lee Jones <[email protected]>
  Liguang Zhang <[email protected]>
  Linus Torvalds <[email protected]>
  Linus Walleij <[email protected]>
  Logan Gunthorpe <[email protected]>
  Lorenzo Pieralisi <[email protected]>
  Luiz Sampaio <[email protected]>
  Lv Yunlong <[email protected]>
  Marc Zyngier <[email protected]>
  Marek Behún <[email protected]>
  Mark Brown <[email protected]>
  Martin Fäcknitz <[email protected]>
  Martin K. Petersen <[email protected]>
  Maurizio Lombardi <[email protected]>
  Michael Ellerman <[email protected]>
  Michael S. Tsirkin <[email protected]>
  Mike Christie <[email protected]>
  Mike Marshall <[email protected]>
  Nageswara R Sastry <[email protected] <mailto:[email protected]>>
  Namhyung Kim <[email protected]>
  Nathan Chancellor <[email protected]>
  Nicholas Piggin <[email protected]>
  Nick Desaulniers <[email protected]>
  Niklas Söderlund <[email protected]>
  Pali Rohár <[email protected]>
  Paolo Bonzini <[email protected]>
  Paul E. McKenney <[email protected]>
  Paul Mackerras <[email protected]>
  Peter Robinson <[email protected]>
  Philipp Zabel <[email protected]>
  Pierre-Louis Bossart <[email protected]>
  Po-Hsu Lin <[email protected]>
  Rafael J. Wysocki <[email protected]>
  Rafał Miłecki <[email protected]>
  Randy Dunlap <[email protected]>
  Ray Jui <[email protected]>
  Richard Weinberger <[email protected]>
  Robin Gong <[email protected]>
  Ruslan Bilovol <[email protected]>
  Russell King <[email protected]>
  Sandor Bodo-Merle <[email protected]>
  Sasha Levin <[email protected]>
  Sean Christopherson <[email protected]>
  Sebastian Reichel <[email protected]>
  Sergey Shtylyov <[email protected]>
  Shawn Guo <[email protected]>
  Sherry Sun <[email protected]>
  Shuah Khan <[email protected]>
  Srinivas Neeli <[email protected]>
  Stefan Eichenberger <[email protected]>
  Stephan Gerhold <[email protected]>
  Stephen Boyd <[email protected]>
  Steven Rostedt (VMware) <[email protected]>
  Sudeep Holla <[email protected]>
  Sudip Mukherjee <[email protected]>
  Sumit Saxena <[email protected]>
  Takashi Iwai <[email protected]>
  Takashi Sakamoto <[email protected]>
  Tao Ren <[email protected]>
  Thierry Reding <[email protected]>
  Thierry Reding <[email protected]>
  Thomas Bogendoerfer <[email protected]>
  Thomas Gleixner <[email protected]>
  Tom Zanussi <[email protected]>
  Tong Zhang <[email protected]>
  Tony Lindgren <[email protected]>
  Trond Myklebust <[email protected]>
  Tyrel Datwyler <[email protected]>
  Uwe Kleine-König <[email protected]>
  Valentin Vidic <[email protected]>
  Valentine Barshak <[email protected]>
  Vasily Gorbik <[email protected]>
  Vinod Koul <[email protected]>
  Vladimir Zapolskiy <[email protected]>
  Will Deacon <[email protected]>
  Wim Van Sebroeck <[email protected]>
  Wolfram Sang <[email protected]>
  Xie Yongji <[email protected]>
  Xin Tan <[email protected]>
  Xiyu Yang <[email protected]>
  Yang Yingliang <[email protected]>
  Yizhuo <[email protected]>
  Yizhuo Zhai <[email protected]>
  Yufen Yu <[email protected]>
  Zhen Lei <[email protected]>
  Zhihao Cheng <[email protected]>
  Zou Wei <[email protected]>

jobs:
 build-amd64-xsm                                              pass    
 build-arm64-xsm                                              pass    
 build-i386-xsm                                               pass    
 build-amd64                                                  pass    
 build-arm64                                                  pass    
 build-armhf                                                  pass    
 build-i386                                                   pass    
 build-amd64-libvirt                                          pass    
 build-arm64-libvirt                                          pass    
 build-armhf-libvirt                                          pass    
 build-i386-libvirt                                           pass    
 build-amd64-pvops                                            pass    
 build-arm64-pvops                                            pass    
 build-armhf-pvops                                            pass    
 build-i386-pvops                                             pass    
 test-amd64-amd64-xl                                          pass    
 test-amd64-coresched-amd64-xl                                pass    
 test-arm64-arm64-xl                                          pass    
 test-armhf-armhf-xl                                          pass    
 test-amd64-i386-xl                                           pass    
 test-amd64-coresched-i386-xl                                 pass    
 test-amd64-amd64-libvirt-qemuu-debianhvm-amd64-xsm           pass    
 test-amd64-i386-libvirt-qemuu-debianhvm-amd64-xsm            pass    
 test-amd64-amd64-xl-qemut-stubdom-debianhvm-amd64-xsm        pass    
 test-amd64-i386-xl-qemut-stubdom-debianhvm-amd64-xsm         pass    
 test-amd64-amd64-xl-qemut-debianhvm-i386-xsm                 pass    
 test-amd64-i386-xl-qemut-debianhvm-i386-xsm                  pass    
 test-amd64-amd64-xl-qemuu-debianhvm-i386-xsm                 pass    
 test-amd64-i386-xl-qemuu-debianhvm-i386-xsm                  pass    
 test-amd64-amd64-libvirt-xsm                                 pass    
 test-arm64-arm64-libvirt-xsm                                 pass    
 test-amd64-i386-libvirt-xsm                                  pass    
 test-amd64-amd64-xl-xsm                                      pass    
 test-arm64-arm64-xl-xsm                                      pass    
 test-amd64-i386-xl-xsm                                       pass    
 test-amd64-amd64-qemuu-nested-amd                            fail    
 test-amd64-amd64-xl-pvhv2-amd                                pass    
 test-amd64-i386-qemut-rhel6hvm-amd                           pass    
 test-amd64-i386-qemuu-rhel6hvm-amd                           pass    
 test-amd64-amd64-dom0pvh-xl-amd                              pass    
 test-amd64-amd64-xl-qemut-debianhvm-amd64                    pass    
 test-amd64-i386-xl-qemut-debianhvm-amd64                     pass    
 test-amd64-amd64-xl-qemuu-debianhvm-amd64                    pass    
 test-amd64-i386-xl-qemuu-debianhvm-amd64                     pass    
 test-amd64-i386-freebsd10-amd64                              pass    
 test-amd64-amd64-qemuu-freebsd11-amd64                       pass    
 test-amd64-amd64-qemuu-freebsd12-amd64                       pass    
 test-amd64-amd64-xl-qemuu-ovmf-amd64                         pass    
 test-amd64-i386-xl-qemuu-ovmf-amd64                          pass    
 test-amd64-amd64-xl-qemut-win7-amd64                         fail    
 test-amd64-i386-xl-qemut-win7-amd64                          fail    
 test-amd64-amd64-xl-qemuu-win7-amd64                         fail    
 test-amd64-i386-xl-qemuu-win7-amd64                          fail    
 test-amd64-amd64-xl-qemut-ws16-amd64                         fail    
 test-amd64-i386-xl-qemut-ws16-amd64                          fail    
 test-amd64-amd64-xl-qemuu-ws16-amd64                         fail    
 test-amd64-i386-xl-qemuu-ws16-amd64                          fail    
 test-armhf-armhf-xl-arndale                                  pass    
 test-amd64-amd64-xl-credit1                                  pass    
 test-arm64-arm64-xl-credit1                                  pass    
 test-armhf-armhf-xl-credit1                                  pass    
 test-amd64-amd64-xl-credit2                                  pass    
 test-arm64-arm64-xl-credit2                                  pass    
 test-armhf-armhf-xl-credit2                                  pass    
 test-armhf-armhf-xl-cubietruck                               pass    
 test-amd64-amd64-xl-qemuu-dmrestrict-amd64-dmrestrict        pass    
 test-amd64-i386-xl-qemuu-dmrestrict-amd64-dmrestrict         pass    
 test-amd64-amd64-examine                                     pass    
 test-arm64-arm64-examine                                     pass    
 test-armhf-armhf-examine                                     pass    
 test-amd64-i386-examine                                      pass    
 test-amd64-i386-freebsd10-i386                               pass    
 test-amd64-amd64-qemuu-nested-intel                          pass    
 test-amd64-amd64-xl-pvhv2-intel                              pass    
 test-amd64-i386-qemut-rhel6hvm-intel                         pass    
 test-amd64-i386-qemuu-rhel6hvm-intel                         pass    
 test-amd64-amd64-dom0pvh-xl-intel                            pass    
 test-amd64-amd64-libvirt                                     pass    
 test-armhf-armhf-libvirt                                     pass    
 test-amd64-i386-libvirt                                      pass    
 test-amd64-amd64-xl-multivcpu                                pass    
 test-armhf-armhf-xl-multivcpu                                pass    
 test-amd64-amd64-pair                                        pass    
 test-amd64-i386-pair                                         pass    
 test-amd64-amd64-libvirt-pair                                pass    
 test-amd64-i386-libvirt-pair                                 pass    
 test-amd64-amd64-amd64-pvgrub                                pass    
 test-amd64-amd64-i386-pvgrub                                 pass    
 test-amd64-amd64-xl-pvshim                                   pass    
 test-amd64-i386-xl-pvshim                                    fail    
 test-amd64-amd64-pygrub                                      pass    
 test-amd64-amd64-xl-qcow2                                    pass    
 test-armhf-armhf-libvirt-raw                                 pass    
 test-amd64-i386-xl-raw                                       pass    
 test-amd64-amd64-xl-rtds                                     pass    
 test-armhf-armhf-xl-rtds                                     fail    
 test-arm64-arm64-xl-seattle                                  pass    
 test-amd64-amd64-xl-qemuu-debianhvm-amd64-shadow             pass    
 test-amd64-i386-xl-qemuu-debianhvm-amd64-shadow              pass    
 test-amd64-amd64-xl-shadow                                   pass    
 test-amd64-i386-xl-shadow                                    pass    
 test-arm64-arm64-xl-thunderx                                 pass    
 test-amd64-amd64-libvirt-vhd                                 pass    
 test-armhf-armhf-xl-vhd                                      pass    


------------------------------------------------------------
sg-report-flight on osstest.test-lab.xenproject.org
logs: /home/logs/logs
images: /home/logs/images

Logs, config files, etc. are available at
    http://logs.test-lab.xenproject.org/osstest/logs

Explanation of these reports, and of osstest in general, is at
    http://xenbits.xen.org/gitweb/?p=osstest.git;a=blob;f=README.email;hb=master
    http://xenbits.xen.org/gitweb/?p=osstest.git;a=blob;f=README;hb=master

Test harness code can be found at
    http://xenbits.xen.org/gitweb?p=osstest.git;a=summary


Pushing revision :

hint: The 'hooks/update' hook was ignored because it's not set as executable.
hint: You can disable this warning with `git config advice.ignoredHook false`.
hint: The 'hooks/post-receive' hook was ignored because it's not set as 
executable.
hint: You can disable this warning with `git config advice.ignoredHook false`.
hint: The 'hooks/post-update' hook was ignored because it's not set as 
executable.
hint: You can disable this warning with `git config advice.ignoredHook false`.
To xenbits.xen.org:/home/xen/git/linux-pvops.git
   795e84798fa7..9afc0c209685  9afc0c209685bc239e45b6ca1ea07186b78c7437 -> 
tested/linux-5.4

Reply via email to