flight 163880 qemu-mainline real [real] http://logs.test-lab.xenproject.org/osstest/logs/163880/
Regressions :-( Tests which did not succeed and are blocking, including tests which could not be run: test-amd64-i386-xl-qemuu-dmrestrict-amd64-dmrestrict 12 debian-hvm-install fail REGR. vs. 163321 test-amd64-i386-xl-qemuu-debianhvm-amd64 12 debian-hvm-install fail REGR. vs. 163321 test-amd64-amd64-xl-qemuu-win7-amd64 12 windows-install fail REGR. vs. 163321 test-amd64-amd64-xl-qcow2 12 debian-di-install fail REGR. vs. 163321 test-amd64-amd64-xl-qemuu-debianhvm-i386-xsm 12 debian-hvm-install fail REGR. vs. 163321 test-amd64-amd64-xl-qemuu-debianhvm-amd64-shadow 12 debian-hvm-install fail REGR. vs. 163321 test-amd64-amd64-xl-qemuu-dmrestrict-amd64-dmrestrict 12 debian-hvm-install fail REGR. vs. 163321 test-amd64-amd64-xl-qemuu-debianhvm-amd64 12 debian-hvm-install fail REGR. vs. 163321 test-amd64-i386-qemuu-rhel6hvm-intel 12 redhat-install fail REGR. vs. 163321 test-amd64-amd64-xl-qemuu-ovmf-amd64 12 debian-hvm-install fail REGR. vs. 163321 test-amd64-i386-xl-qemuu-win7-amd64 12 windows-install fail REGR. vs. 163321 test-amd64-amd64-libvirt 14 guest-start fail REGR. vs. 163321 test-amd64-amd64-qemuu-nested-intel 12 debian-hvm-install fail REGR. vs. 163321 test-amd64-amd64-libvirt-xsm 14 guest-start fail REGR. vs. 163321 test-amd64-amd64-qemuu-freebsd11-amd64 13 guest-start fail REGR. vs. 163321 test-amd64-amd64-qemuu-nested-amd 12 debian-hvm-install fail REGR. vs. 163321 test-amd64-amd64-libvirt-vhd 12 debian-di-install fail REGR. vs. 163321 test-amd64-amd64-qemuu-freebsd12-amd64 13 guest-start fail REGR. vs. 163321 test-amd64-i386-libvirt-pair 25 guest-start/debian fail REGR. vs. 163321 test-amd64-i386-qemuu-rhel6hvm-amd 12 redhat-install fail REGR. vs. 163321 test-amd64-amd64-libvirt-qemuu-debianhvm-amd64-xsm 12 debian-hvm-install fail REGR. vs. 163321 test-amd64-i386-xl-qemuu-debianhvm-amd64-shadow 12 debian-hvm-install fail REGR. vs. 163321 test-amd64-i386-xl-qemuu-ws16-amd64 12 windows-install fail REGR. vs. 163321 test-amd64-i386-xl-qemuu-ovmf-amd64 12 debian-hvm-install fail REGR. vs. 163321 test-amd64-amd64-xl-qemuu-ws16-amd64 12 windows-install fail REGR. vs. 163321 test-amd64-i386-xl-qemuu-debianhvm-i386-xsm 12 debian-hvm-install fail REGR. vs. 163321 test-amd64-i386-libvirt-qemuu-debianhvm-amd64-xsm 12 debian-hvm-install fail REGR. vs. 163321 test-amd64-i386-freebsd10-i386 13 guest-start fail REGR. vs. 163321 test-amd64-i386-freebsd10-amd64 13 guest-start fail REGR. vs. 163321 test-amd64-amd64-libvirt-pair 25 guest-start/debian fail REGR. vs. 163321 test-arm64-arm64-libvirt-xsm 14 guest-start fail REGR. vs. 163321 test-armhf-armhf-xl-vhd 12 debian-di-install fail REGR. vs. 163321 test-amd64-i386-libvirt 14 guest-start fail REGR. vs. 163321 test-amd64-i386-libvirt-xsm 14 guest-start fail REGR. vs. 163321 test-armhf-armhf-libvirt 14 guest-start fail REGR. vs. 163321 test-armhf-armhf-libvirt-raw 12 debian-di-install fail REGR. vs. 163321 Tests which did not succeed, but are not blocking: test-amd64-i386-xl-pvshim 14 guest-start fail never pass test-arm64-arm64-xl-seattle 15 migrate-support-check fail never pass test-arm64-arm64-xl-seattle 16 saverestore-support-check fail never pass test-arm64-arm64-xl 15 migrate-support-check fail never pass test-arm64-arm64-xl 16 saverestore-support-check fail never pass test-arm64-arm64-xl-xsm 15 migrate-support-check fail never pass test-arm64-arm64-xl-xsm 16 saverestore-support-check fail never pass test-arm64-arm64-xl-credit1 15 migrate-support-check fail never pass test-arm64-arm64-xl-credit1 16 saverestore-support-check fail never pass test-arm64-arm64-xl-thunderx 15 migrate-support-check fail never pass test-arm64-arm64-xl-thunderx 16 saverestore-support-check fail never pass test-armhf-armhf-xl-arndale 15 migrate-support-check fail never pass test-armhf-armhf-xl-arndale 16 saverestore-support-check fail never pass test-arm64-arm64-xl-credit2 15 migrate-support-check fail never pass test-arm64-arm64-xl-credit2 16 saverestore-support-check fail never pass test-armhf-armhf-xl-credit2 15 migrate-support-check fail never pass test-armhf-armhf-xl-credit2 16 saverestore-support-check fail never pass test-armhf-armhf-xl-multivcpu 15 migrate-support-check fail never pass test-armhf-armhf-xl-multivcpu 16 saverestore-support-check fail never pass test-armhf-armhf-xl 15 migrate-support-check fail never pass test-armhf-armhf-xl 16 saverestore-support-check fail never pass test-armhf-armhf-xl-credit1 15 migrate-support-check fail never pass test-armhf-armhf-xl-credit1 16 saverestore-support-check fail never pass test-armhf-armhf-xl-cubietruck 15 migrate-support-check fail never pass test-armhf-armhf-xl-cubietruck 16 saverestore-support-check fail never pass test-armhf-armhf-xl-rtds 15 migrate-support-check fail never pass test-armhf-armhf-xl-rtds 16 saverestore-support-check fail never pass version targeted for testing: qemuu e77c8b8b8e933414ef07dbed04e02973fccffeb0 baseline version: qemuu 9bef7ea9d93ee6b6297a5be6cb5a557f7d1764c9 Last test of basis 163321 2021-07-06 00:39:14 Z 16 days Failing since 163327 2021-07-06 12:39:04 Z 15 days 27 attempts Testing same since 163880 2021-07-21 18:08:23 Z 0 days 1 attempts ------------------------------------------------------------ People who touched revisions under test: Akihiko Odaki <[email protected]> Alberto Garcia <[email protected]> Alex Bennée <[email protected]> Alex Williamson <[email protected]> Alexandre Iooss <[email protected]> Alexey Kardashevskiy <[email protected]> Alistair Francis <[email protected]> Andreas Schwab <[email protected]> Andrew Melnychenko <[email protected]> Arseny Krasnov <[email protected]> BALATON Zoltan <[email protected]> Bharata B Rao <[email protected]> Bin Meng <[email protected]> Bin Meng <[email protected]> Brad Smith <[email protected]> Bruno Larsen (billionai) <[email protected]> Cai Huoqing <[email protected]> Cho, Yu-Chen <[email protected]> Christian Borntraeger <[email protected]> Claudio Fontana <[email protected]> Cleber Rosa <[email protected]> Connor Kuehl <[email protected]> Corey Minyard <[email protected]> Cornelia Huck <[email protected]> Cédric Le Goater <[email protected]> Daniel P. Berrangé <[email protected]> David Edmondson <[email protected]> David Gibson <[email protected]> David Hildenbrand <[email protected]> Dmitry Voronetskiy <[email protected]> Dov Murik <[email protected]> Dr. David Alan Gilbert <[email protected]> Eduardo Habkost <[email protected]> Eduardo Otubo <[email protected]> Emanuele Giuseppe Esposito <[email protected]> Eric Auger <[email protected]> Eric Blake <[email protected]> Fabiano Rosas <[email protected]> Finn Thain <[email protected]> Gerd Hoffmann <[email protected]> Greg Kurz <[email protected]> Heinrich Schuchardt <[email protected]> [email protected] <[email protected]> Hubert Jasudowicz <[email protected]> Hyman <[email protected]> Igor Mammedov <[email protected]> Ilya Dryomov <[email protected]> Jinhua Cao <[email protected]> John Arbuckle <[email protected]> John Snow <[email protected]> John Sucaet <[email protected]> Jose Martins <[email protected]> Jose R. Ziviani <[email protected]> Julia Suvorova <[email protected]> Kevin Wolf <[email protected]> Kito Cheng <[email protected]> Kostiantyn Kostiuk <[email protected]> Lara Lazier <[email protected]> Laszlo Ersek <[email protected]> Laurent Vivier <[email protected]> Laurent Vivier <[email protected]> Li Zhijian <[email protected]> Liren Wei <[email protected]> Lucas Mateus Castro (alqotel) <[email protected]> Lukas Straub <[email protected]> Maciej S. Szmigiero <[email protected]> Mahmoud Mandour <[email protected]> Marcel Apfelbaum <[email protected]> Mark Cave-Ayland <[email protected]> Mark Nelson <[email protected]> Markus Armbruster <[email protected]> Mathieu Poirier <[email protected]> Max Filippov <[email protected]> Max Reitz <[email protected]> Michael Roth <[email protected]> Michael S. Tsirkin <[email protected]> Michal Privoznik <[email protected]> Miroslav Rezanina <[email protected]> Nicholas Piggin <[email protected]> Nick Hudson <[email protected]> Olaf Hering <[email protected]> Or Ozeri <[email protected]> Owen Anderson <[email protected]> Paolo Bonzini <[email protected]> Pavel Dovgalyuk <[email protected]> Peter Lieven <[email protected]> Peter Maydell <[email protected]> Peter Xu <[email protected]> Philippe Mathieu-Daudé <[email protected]> Philippe Mathieu-Daudé <[email protected]> Rebecca Cran <[email protected]> Ricardo Koller <[email protected]> Richard Henderson <[email protected]> Stefan Hajnoczi <[email protected]> Stefano Garzarella <[email protected]> Thomas Huth <[email protected]> Titus Rwantare <[email protected]> Ulrich Weigand <[email protected]> Viktor Ashirov <[email protected]> Vincent Bernat <[email protected]> Viresh Kumar <[email protected]> Vitaly Kuznetsov <[email protected]> Vladimir Sementsov-Ogievskiy <[email protected]> Wainer dos Santos Moschetta <[email protected]> Willian Rampazzo <[email protected]> Xingang Wang <[email protected]> Yang Zhong <[email protected]> zhenwei pi <[email protected]> Ziqiao Kong <[email protected]> jobs: build-amd64-xsm pass build-arm64-xsm pass build-i386-xsm pass build-amd64 pass build-arm64 pass build-armhf pass build-i386 pass build-amd64-libvirt pass build-arm64-libvirt pass build-armhf-libvirt pass build-i386-libvirt pass build-amd64-pvops pass build-arm64-pvops pass build-armhf-pvops pass build-i386-pvops pass test-amd64-amd64-xl pass test-amd64-coresched-amd64-xl pass test-arm64-arm64-xl pass test-armhf-armhf-xl pass test-amd64-i386-xl pass test-amd64-coresched-i386-xl pass test-amd64-amd64-libvirt-qemuu-debianhvm-amd64-xsm fail test-amd64-i386-libvirt-qemuu-debianhvm-amd64-xsm fail test-amd64-amd64-xl-qemuu-debianhvm-i386-xsm fail test-amd64-i386-xl-qemuu-debianhvm-i386-xsm fail test-amd64-amd64-libvirt-xsm fail test-arm64-arm64-libvirt-xsm fail test-amd64-i386-libvirt-xsm fail test-amd64-amd64-xl-xsm pass test-arm64-arm64-xl-xsm pass test-amd64-i386-xl-xsm pass test-amd64-amd64-qemuu-nested-amd fail test-amd64-amd64-xl-pvhv2-amd pass test-amd64-i386-qemuu-rhel6hvm-amd fail test-amd64-amd64-dom0pvh-xl-amd pass test-amd64-amd64-xl-qemuu-debianhvm-amd64 fail test-amd64-i386-xl-qemuu-debianhvm-amd64 fail test-amd64-i386-freebsd10-amd64 fail test-amd64-amd64-qemuu-freebsd11-amd64 fail test-amd64-amd64-qemuu-freebsd12-amd64 fail test-amd64-amd64-xl-qemuu-ovmf-amd64 fail test-amd64-i386-xl-qemuu-ovmf-amd64 fail test-amd64-amd64-xl-qemuu-win7-amd64 fail test-amd64-i386-xl-qemuu-win7-amd64 fail test-amd64-amd64-xl-qemuu-ws16-amd64 fail test-amd64-i386-xl-qemuu-ws16-amd64 fail test-armhf-armhf-xl-arndale pass test-amd64-amd64-xl-credit1 pass test-arm64-arm64-xl-credit1 pass test-armhf-armhf-xl-credit1 pass test-amd64-amd64-xl-credit2 pass test-arm64-arm64-xl-credit2 pass test-armhf-armhf-xl-credit2 pass test-armhf-armhf-xl-cubietruck pass test-amd64-amd64-xl-qemuu-dmrestrict-amd64-dmrestrict fail test-amd64-i386-xl-qemuu-dmrestrict-amd64-dmrestrict fail test-amd64-i386-freebsd10-i386 fail test-amd64-amd64-qemuu-nested-intel fail test-amd64-amd64-xl-pvhv2-intel pass test-amd64-i386-qemuu-rhel6hvm-intel fail test-amd64-amd64-dom0pvh-xl-intel pass test-amd64-amd64-libvirt fail test-armhf-armhf-libvirt fail test-amd64-i386-libvirt fail test-amd64-amd64-xl-multivcpu pass test-armhf-armhf-xl-multivcpu pass test-amd64-amd64-pair pass test-amd64-i386-pair pass test-amd64-amd64-libvirt-pair fail test-amd64-i386-libvirt-pair fail test-amd64-amd64-amd64-pvgrub pass test-amd64-amd64-i386-pvgrub pass test-amd64-amd64-xl-pvshim pass test-amd64-i386-xl-pvshim fail test-amd64-amd64-pygrub pass test-amd64-amd64-xl-qcow2 fail test-armhf-armhf-libvirt-raw fail test-amd64-i386-xl-raw pass test-amd64-amd64-xl-rtds pass test-armhf-armhf-xl-rtds pass test-arm64-arm64-xl-seattle pass test-amd64-amd64-xl-qemuu-debianhvm-amd64-shadow fail test-amd64-i386-xl-qemuu-debianhvm-amd64-shadow fail test-amd64-amd64-xl-shadow pass test-amd64-i386-xl-shadow pass test-arm64-arm64-xl-thunderx pass test-amd64-amd64-libvirt-vhd fail test-armhf-armhf-xl-vhd fail ------------------------------------------------------------ sg-report-flight on osstest.test-lab.xenproject.org logs: /home/logs/logs images: /home/logs/images Logs, config files, etc. are available at http://logs.test-lab.xenproject.org/osstest/logs Explanation of these reports, and of osstest in general, is at http://xenbits.xen.org/gitweb/?p=osstest.git;a=blob;f=README.email;hb=master http://xenbits.xen.org/gitweb/?p=osstest.git;a=blob;f=README;hb=master Test harness code can be found at http://xenbits.xen.org/gitweb?p=osstest.git;a=summary Not pushing. (No revision log; it would be 11842 lines long.)
