flight 164993 linux-5.4 real [real]
http://logs.test-lab.xenproject.org/osstest/logs/164993/

Failures :-/ but no regressions.

Tests which did not succeed, but are not blocking:
 test-amd64-amd64-xl-qemuu-win7-amd64 19 guest-stop            fail like 164960
 test-amd64-i386-xl-qemut-win7-amd64 19 guest-stop             fail like 164960
 test-amd64-amd64-xl-qemut-win7-amd64 19 guest-stop            fail like 164960
 test-armhf-armhf-libvirt-qcow2 15 saverestore-support-check   fail like 164960
 test-armhf-armhf-libvirt     16 saverestore-support-check    fail  like 164960
 test-amd64-amd64-qemuu-nested-amd 20 debian-hvm-install/l1/l2 fail like 164960
 test-amd64-amd64-xl-qemuu-ws16-amd64 19 guest-stop            fail like 164960
 test-amd64-amd64-xl-qemut-ws16-amd64 19 guest-stop            fail like 164960
 test-amd64-i386-xl-qemuu-win7-amd64 19 guest-stop             fail like 164960
 test-amd64-i386-xl-qemut-ws16-amd64 19 guest-stop             fail like 164960
 test-armhf-armhf-libvirt-raw 15 saverestore-support-check    fail  like 164960
 test-amd64-i386-xl-qemuu-ws16-amd64 19 guest-stop             fail like 164960
 test-amd64-i386-libvirt-xsm  15 migrate-support-check        fail   never pass
 test-amd64-i386-xl-pvshim    14 guest-start                  fail   never pass
 test-arm64-arm64-xl-seattle  15 migrate-support-check        fail   never pass
 test-arm64-arm64-xl-seattle  16 saverestore-support-check    fail   never pass
 test-amd64-amd64-libvirt     15 migrate-support-check        fail   never pass
 test-amd64-amd64-libvirt-xsm 15 migrate-support-check        fail   never pass
 test-amd64-i386-libvirt      15 migrate-support-check        fail   never pass
 test-amd64-i386-libvirt-raw  14 migrate-support-check        fail   never pass
 test-arm64-arm64-xl          15 migrate-support-check        fail   never pass
 test-arm64-arm64-xl          16 saverestore-support-check    fail   never pass
 test-arm64-arm64-xl-credit1  15 migrate-support-check        fail   never pass
 test-arm64-arm64-xl-credit1  16 saverestore-support-check    fail   never pass
 test-arm64-arm64-xl-thunderx 15 migrate-support-check        fail   never pass
 test-arm64-arm64-libvirt-xsm 15 migrate-support-check        fail   never pass
 test-arm64-arm64-xl-thunderx 16 saverestore-support-check    fail   never pass
 test-arm64-arm64-libvirt-xsm 16 saverestore-support-check    fail   never pass
 test-arm64-arm64-xl-credit2  15 migrate-support-check        fail   never pass
 test-arm64-arm64-xl-credit2  16 saverestore-support-check    fail   never pass
 test-amd64-amd64-libvirt-qemuu-debianhvm-amd64-xsm 13 migrate-support-check 
fail never pass
 test-armhf-armhf-xl-arndale  15 migrate-support-check        fail   never pass
 test-armhf-armhf-xl-arndale  16 saverestore-support-check    fail   never pass
 test-armhf-armhf-xl-multivcpu 15 migrate-support-check        fail  never pass
 test-amd64-i386-libvirt-qemuu-debianhvm-amd64-xsm 13 migrate-support-check 
fail never pass
 test-armhf-armhf-xl-multivcpu 16 saverestore-support-check    fail  never pass
 test-amd64-amd64-libvirt-vhd 14 migrate-support-check        fail   never pass
 test-arm64-arm64-libvirt-raw 14 migrate-support-check        fail   never pass
 test-arm64-arm64-libvirt-raw 15 saverestore-support-check    fail   never pass
 test-armhf-armhf-libvirt-qcow2 14 migrate-support-check        fail never pass
 test-arm64-arm64-xl-vhd      14 migrate-support-check        fail   never pass
 test-arm64-arm64-xl-vhd      15 saverestore-support-check    fail   never pass
 test-armhf-armhf-xl-rtds     15 migrate-support-check        fail   never pass
 test-armhf-armhf-xl-rtds     16 saverestore-support-check    fail   never pass
 test-armhf-armhf-xl-credit2  15 migrate-support-check        fail   never pass
 test-armhf-armhf-xl-credit2  16 saverestore-support-check    fail   never pass
 test-armhf-armhf-xl-credit1  15 migrate-support-check        fail   never pass
 test-armhf-armhf-xl-credit1  16 saverestore-support-check    fail   never pass
 test-armhf-armhf-libvirt     15 migrate-support-check        fail   never pass
 test-armhf-armhf-xl-cubietruck 15 migrate-support-check        fail never pass
 test-armhf-armhf-xl-cubietruck 16 saverestore-support-check    fail never pass
 test-arm64-arm64-xl-xsm      15 migrate-support-check        fail   never pass
 test-arm64-arm64-xl-xsm      16 saverestore-support-check    fail   never pass
 test-armhf-armhf-libvirt-raw 14 migrate-support-check        fail   never pass
 test-armhf-armhf-xl-vhd      14 migrate-support-check        fail   never pass
 test-armhf-armhf-xl-vhd      15 saverestore-support-check    fail   never pass
 test-armhf-armhf-xl          15 migrate-support-check        fail   never pass
 test-armhf-armhf-xl          16 saverestore-support-check    fail   never pass

version targeted for testing:
 linux                245f15a48cdc4d5a90902e140392dc151e528ab8
baseline version:
 linux                a0f68fb55ebc85e5ed3c6582ffc70379340c4a72

Last test of basis   164960  2021-09-12 18:12:15 Z    3 days
Testing same since   164993  2021-09-15 08:12:34 Z    0 days    1 attempts

------------------------------------------------------------
People who touched revisions under test:
  Adriana Reus <[email protected]>
  Ahmad Fatoum <[email protected]>
  Alan Stern <[email protected]>
  Alex Deucher <[email protected]>
  Alexander Gordeev <[email protected]>
  Alexei Starovoitov <[email protected]>
  Amit Engel <[email protected]>
  Anand Moon <[email protected]>
  Andrey Ignatov <[email protected]>
  Andrii Nakryiko <[email protected]>
  Andy Duan <[email protected]>
  Andy Shevchenko <[email protected]>
  Austin Kim <[email protected]>
  Babu Moger <[email protected]>
  Benedict Schlueter <[email protected]>
  Benjamin Coddington <[email protected]>
  Bjorn Andersson <[email protected]>
  Borislav Petkov <[email protected]>
  Cezary Rojewski <[email protected]>
  Chen-Yu Tsai <[email protected]>
  Chih-Kang Chang <[email protected]>
  Christian Borntraeger <[email protected]>
  Christoph Hellwig <[email protected]>
  Christophe JAILLET <[email protected]>
  Chuck Lever <[email protected]>
  Chunyan Zhang <[email protected]>
  Colin Ian King <[email protected]>
  Coly Li <[email protected]>
  Damien Le Moal <[email protected]>
  Dan Carpenter <[email protected]>
  Daniel Borkmann <[email protected]>
  Daniel Lezcano <[email protected]>
  Daniel Thompson <[email protected]>
  Daniel Vetter <[email protected]>
  Darrick J. Wong <[email protected]>
  David Ahern <[email protected]>
  David S. Miller <[email protected]>
  Desmond Cheong Zhi Xi <[email protected]>
  Dietmar Eggemann <[email protected]>
  Dmitry Baryshkov <[email protected]>
  Dongliang Mu <[email protected]>
  Dylan Hung <[email protected]>
  Edward Cree <[email protected]>
  Eric Dumazet <[email protected]>
  Evgeny Novikov <[email protected]>
  Felipe Balbi <[email protected]>
  Florian Fainelli <[email protected]>
  Frederic Weisbecker <[email protected]>
  Gang Deng <[email protected]>
  Geert Uytterhoeven <[email protected]>
  Geert Uytterhoeven <[email protected]>
  Giovanni Cabiddu <[email protected]>
  Greg Kroah-Hartman <[email protected]>
  Guenter Roeck <[email protected]>
  Guillaume Nault <[email protected]>
  Halil Pasic <[email protected]>
  Hans de Goede <[email protected]>
  Hans Verkuil <[email protected]>
  He Fengqing <[email protected]>
  Heiko Carstens <[email protected]>
  Heiko Stuebner <[email protected]>
  Herbert Xu <[email protected]>
  Hongbo Li <[email protected]>
  Hsin-Yi Wang <[email protected]>
  Hulk Robot <[email protected]>
  Håkon Bugge <[email protected]>
  Ingo Molnar <[email protected]>
  J. Bruce Fields <[email protected]>
  Jakub Kicinski <[email protected]>
  Jan Kara <[email protected]>
  Jarkko Sakkinen <[email protected]>
  Jeff Layton <[email protected]>
  Jens Axboe <[email protected]>
  Jeongtae Park <[email protected]>
  Joel Stanley <[email protected]>
  Johannes Berg <[email protected]>
  John Fastabend <[email protected]>
  Jon Hunter <[email protected]>
  Jonathan Cameron <[email protected]>
  Juri Lelli <[email protected]>
  Kai-Heng Feng <[email protected]>
  Kalle Valo <[email protected]>
  Kim Phillips <[email protected]>
  Kirill Shilimanov <[email protected]>
  Krzysztof Halasa <[email protected]>
  Krzysztof Hałasa <[email protected]>
  Krzysztof Kozlowski <[email protected]>
  Kuniyuki Iwashima <[email protected]>
  Laurent Pinchart <[email protected]>
  Lee Jones <[email protected]>
  Len Baker <[email protected]>
  Linus Walleij <[email protected]>
  Linux Kernel Functional Testing <[email protected]>
  Lorenz Bauer <[email protected]>
  Luiz Augusto von Dentz <[email protected]>
  Lukas Hannen <[email protected]>
  Lukasz Luba <[email protected]>
  Lukasz Majczak <[email protected]>
  Marcel Holtmann <[email protected]>
  Marco Chiappero <[email protected]>
  Marek Vasut <[email protected]>
  Mark Brown <[email protected]>
  Martin Blumenstingl <[email protected]>
  Martin KaFai Lau <[email protected]>
  Mauro Carvalho Chehab <[email protected]>
  Maxim Mikityanskiy <[email protected]>
  Mika Westerberg <[email protected]>
  Miklos Szeredi <[email protected]>
  Mimi Zohar <[email protected]>
  Nadezda Lutovinova <[email protected]>
  Neil Armstrong <[email protected]>
  Nguyen Dinh Phi <[email protected]>
  Niklas Söderlund <[email protected]>
  Ovidiu Panait <[email protected]>
  Pali Rohár <[email protected]>
  Paolo Bonzini <[email protected]>
  Paul Moore <[email protected]>
  Pavel Machek <[email protected]>
  Pavel Skripkin <[email protected]>
  Peter Oberparleiter <[email protected]>
  Peter Zijlstra (Intel) <[email protected]>
  Peter Zijlstra <[email protected]>
  Philipp Zabel <[email protected]>
  Phong Hoang <[email protected]>
  Ping-Ke Shih <[email protected]>
  Piotr Krysiuk <[email protected]>
  Qiuxu Zhuo <[email protected]>
  Quanyang Wang <[email protected]>
  Quentin Perret <[email protected]>
  Rafael J. Wysocki <[email protected]>
  Rob Clark <[email protected]>
  Ruozhu Li <[email protected]>
  Saeed Mahameed <[email protected]>
  Sasha Levin <[email protected]>
  Sean Anderson <[email protected]>
  Sean Christopherson <[email protected]>
  Sean Young <[email protected]>
  Sebastian Krzyszkowiak <[email protected]>
  Sebastian Reichel <[email protected]>
  Sergey Senozhatsky <[email protected]>
  Sergey Shtylyov <[email protected]>
  Sergey Shtylyov <[email protected]>
  Sherry Sun <[email protected]>
  Shuah Khan <[email protected]>
  Sibi Sankar <[email protected]>
  Signed-off-by: Paul E. McKenney <[email protected]>
  Song Liu <[email protected]>
  Stanimir Varbanov <[email protected]>
  Stefan Berger <[email protected]>
  Stefan Wahren <[email protected]>
  Stephan Gerhold <[email protected]>
  Stephen Boyd <[email protected]>
  Steve French <[email protected]>
  Steven Price <[email protected]>
  Stian Skjelstad <[email protected]>
  Subbaraya Sundeep <[email protected]>
  Sudip Mukherjee <[email protected]>
  Sunil Goutham <[email protected]>
  Sven Eckelmann <[email protected]>
  Syed Nayyar Waris <[email protected]>
  Tejun Heo <[email protected]>
  Tetsuo Handa <[email protected]>
  THOBY Simon <[email protected]>
  Thomas Gleixner <[email protected]>
  Tony Lindgren <[email protected]>
  Tony Luck <[email protected]>
  Ulf Hansson <[email protected]>
  Vasily Gorbik <[email protected]>
  Vineeth Vijayan <[email protected]>
  Vladimir Oltean <[email protected]>
  Waiman Long <[email protected]>
  Wei Yongjun <[email protected]>
  Wen Jin <[email protected]>
  William Breathitt Gray <[email protected]>
  Wolfram Sang <[email protected]>
  Xiyu Yang <[email protected]>
  Xu Yu <[email protected]>
  Yonghong Song <[email protected]>
  Zelin Deng <[email protected]>
  Zenghui Yu <[email protected]>
  Zhen Lei <[email protected]>

jobs:
 build-amd64-xsm                                              pass    
 build-arm64-xsm                                              pass    
 build-i386-xsm                                               pass    
 build-amd64                                                  pass    
 build-arm64                                                  pass    
 build-armhf                                                  pass    
 build-i386                                                   pass    
 build-amd64-libvirt                                          pass    
 build-arm64-libvirt                                          pass    
 build-armhf-libvirt                                          pass    
 build-i386-libvirt                                           pass    
 build-amd64-pvops                                            pass    
 build-arm64-pvops                                            pass    
 build-armhf-pvops                                            pass    
 build-i386-pvops                                             pass    
 test-amd64-amd64-xl                                          pass    
 test-amd64-coresched-amd64-xl                                pass    
 test-arm64-arm64-xl                                          pass    
 test-armhf-armhf-xl                                          pass    
 test-amd64-i386-xl                                           pass    
 test-amd64-coresched-i386-xl                                 pass    
 test-amd64-amd64-libvirt-qemuu-debianhvm-amd64-xsm           pass    
 test-amd64-i386-libvirt-qemuu-debianhvm-amd64-xsm            pass    
 test-amd64-amd64-xl-qemut-stubdom-debianhvm-amd64-xsm        pass    
 test-amd64-i386-xl-qemut-stubdom-debianhvm-amd64-xsm         pass    
 test-amd64-amd64-xl-qemut-debianhvm-i386-xsm                 pass    
 test-amd64-i386-xl-qemut-debianhvm-i386-xsm                  pass    
 test-amd64-amd64-xl-qemuu-debianhvm-i386-xsm                 pass    
 test-amd64-i386-xl-qemuu-debianhvm-i386-xsm                  pass    
 test-amd64-amd64-libvirt-xsm                                 pass    
 test-arm64-arm64-libvirt-xsm                                 pass    
 test-amd64-i386-libvirt-xsm                                  pass    
 test-amd64-amd64-xl-xsm                                      pass    
 test-arm64-arm64-xl-xsm                                      pass    
 test-amd64-i386-xl-xsm                                       pass    
 test-amd64-amd64-qemuu-nested-amd                            fail    
 test-amd64-amd64-xl-pvhv2-amd                                pass    
 test-amd64-i386-qemut-rhel6hvm-amd                           pass    
 test-amd64-i386-qemuu-rhel6hvm-amd                           pass    
 test-amd64-amd64-dom0pvh-xl-amd                              pass    
 test-amd64-amd64-xl-qemut-debianhvm-amd64                    pass    
 test-amd64-i386-xl-qemut-debianhvm-amd64                     pass    
 test-amd64-amd64-xl-qemuu-debianhvm-amd64                    pass    
 test-amd64-i386-xl-qemuu-debianhvm-amd64                     pass    
 test-amd64-i386-freebsd10-amd64                              pass    
 test-amd64-amd64-qemuu-freebsd11-amd64                       pass    
 test-amd64-amd64-qemuu-freebsd12-amd64                       pass    
 test-amd64-amd64-xl-qemuu-ovmf-amd64                         pass    
 test-amd64-i386-xl-qemuu-ovmf-amd64                          pass    
 test-amd64-amd64-xl-qemut-win7-amd64                         fail    
 test-amd64-i386-xl-qemut-win7-amd64                          fail    
 test-amd64-amd64-xl-qemuu-win7-amd64                         fail    
 test-amd64-i386-xl-qemuu-win7-amd64                          fail    
 test-amd64-amd64-xl-qemut-ws16-amd64                         fail    
 test-amd64-i386-xl-qemut-ws16-amd64                          fail    
 test-amd64-amd64-xl-qemuu-ws16-amd64                         fail    
 test-amd64-i386-xl-qemuu-ws16-amd64                          fail    
 test-armhf-armhf-xl-arndale                                  pass    
 test-amd64-amd64-xl-credit1                                  pass    
 test-arm64-arm64-xl-credit1                                  pass    
 test-armhf-armhf-xl-credit1                                  pass    
 test-amd64-amd64-xl-credit2                                  pass    
 test-arm64-arm64-xl-credit2                                  pass    
 test-armhf-armhf-xl-credit2                                  pass    
 test-armhf-armhf-xl-cubietruck                               pass    
 test-amd64-amd64-xl-qemuu-dmrestrict-amd64-dmrestrict        pass    
 test-amd64-i386-xl-qemuu-dmrestrict-amd64-dmrestrict         pass    
 test-amd64-amd64-examine                                     pass    
 test-arm64-arm64-examine                                     pass    
 test-armhf-armhf-examine                                     pass    
 test-amd64-i386-examine                                      pass    
 test-amd64-i386-freebsd10-i386                               pass    
 test-amd64-amd64-qemuu-nested-intel                          pass    
 test-amd64-amd64-xl-pvhv2-intel                              pass    
 test-amd64-i386-qemut-rhel6hvm-intel                         pass    
 test-amd64-i386-qemuu-rhel6hvm-intel                         pass    
 test-amd64-amd64-dom0pvh-xl-intel                            pass    
 test-amd64-amd64-libvirt                                     pass    
 test-armhf-armhf-libvirt                                     pass    
 test-amd64-i386-libvirt                                      pass    
 test-amd64-amd64-xl-multivcpu                                pass    
 test-armhf-armhf-xl-multivcpu                                pass    
 test-amd64-amd64-pair                                        pass    
 test-amd64-i386-pair                                         pass    
 test-amd64-amd64-libvirt-pair                                pass    
 test-amd64-i386-libvirt-pair                                 pass    
 test-amd64-amd64-xl-pvshim                                   pass    
 test-amd64-i386-xl-pvshim                                    fail    
 test-amd64-amd64-pygrub                                      pass    
 test-armhf-armhf-libvirt-qcow2                               pass    
 test-amd64-amd64-xl-qcow2                                    pass    
 test-arm64-arm64-libvirt-raw                                 pass    
 test-armhf-armhf-libvirt-raw                                 pass    
 test-amd64-i386-libvirt-raw                                  pass    
 test-amd64-amd64-xl-rtds                                     pass    
 test-armhf-armhf-xl-rtds                                     pass    
 test-arm64-arm64-xl-seattle                                  pass    
 test-amd64-amd64-xl-qemuu-debianhvm-amd64-shadow             pass    
 test-amd64-i386-xl-qemuu-debianhvm-amd64-shadow              pass    
 test-amd64-amd64-xl-shadow                                   pass    
 test-amd64-i386-xl-shadow                                    pass    
 test-arm64-arm64-xl-thunderx                                 pass    
 test-amd64-amd64-libvirt-vhd                                 pass    
 test-arm64-arm64-xl-vhd                                      pass    
 test-armhf-armhf-xl-vhd                                      pass    
 test-amd64-i386-xl-vhd                                       pass    


------------------------------------------------------------
sg-report-flight on osstest.test-lab.xenproject.org
logs: /home/logs/logs
images: /home/logs/images

Logs, config files, etc. are available at
    http://logs.test-lab.xenproject.org/osstest/logs

Explanation of these reports, and of osstest in general, is at
    http://xenbits.xen.org/gitweb/?p=osstest.git;a=blob;f=README.email;hb=master
    http://xenbits.xen.org/gitweb/?p=osstest.git;a=blob;f=README;hb=master

Test harness code can be found at
    http://xenbits.xen.org/gitweb?p=osstest.git;a=summary


Pushing revision :

hint: The 'hooks/update' hook was ignored because it's not set as executable.
hint: You can disable this warning with `git config advice.ignoredHook false`.
hint: The 'hooks/post-receive' hook was ignored because it's not set as 
executable.
hint: You can disable this warning with `git config advice.ignoredHook false`.
hint: The 'hooks/post-update' hook was ignored because it's not set as 
executable.
hint: You can disable this warning with `git config advice.ignoredHook false`.
To xenbits.xen.org:/home/xen/git/linux-pvops.git
   a0f68fb55ebc..245f15a48cdc  245f15a48cdc4d5a90902e140392dc151e528ab8 -> 
tested/linux-5.4

Reply via email to