flight 165409 qemu-mainline real [real]
http://logs.test-lab.xenproject.org/osstest/logs/165409/

Failures :-/ but no regressions.

Tests which did not succeed, but are not blocking:
 test-amd64-amd64-xl-qemuu-win7-amd64 19 guest-stop            fail like 164950
 test-amd64-amd64-qemuu-nested-amd 20 debian-hvm-install/l1/l2 fail like 164950
 test-armhf-armhf-libvirt     16 saverestore-support-check    fail  like 164950
 test-amd64-i386-xl-qemuu-win7-amd64 19 guest-stop             fail like 164950
 test-armhf-armhf-libvirt-qcow2 15 saverestore-support-check   fail like 164950
 test-armhf-armhf-libvirt-raw 15 saverestore-support-check    fail  like 164950
 test-amd64-i386-xl-qemuu-ws16-amd64 19 guest-stop             fail like 164950
 test-amd64-amd64-xl-qemuu-ws16-amd64 19 guest-stop            fail like 164950
 test-amd64-i386-xl-pvshim    14 guest-start                  fail   never pass
 test-amd64-amd64-libvirt     15 migrate-support-check        fail   never pass
 test-amd64-amd64-libvirt-xsm 15 migrate-support-check        fail   never pass
 test-amd64-i386-libvirt      15 migrate-support-check        fail   never pass
 test-amd64-i386-libvirt-xsm  15 migrate-support-check        fail   never pass
 test-arm64-arm64-xl-seattle  15 migrate-support-check        fail   never pass
 test-arm64-arm64-xl-seattle  16 saverestore-support-check    fail   never pass
 test-arm64-arm64-xl-credit2  15 migrate-support-check        fail   never pass
 test-arm64-arm64-xl-credit2  16 saverestore-support-check    fail   never pass
 test-arm64-arm64-xl-xsm      15 migrate-support-check        fail   never pass
 test-arm64-arm64-xl-xsm      16 saverestore-support-check    fail   never pass
 test-arm64-arm64-xl          15 migrate-support-check        fail   never pass
 test-arm64-arm64-xl          16 saverestore-support-check    fail   never pass
 test-arm64-arm64-xl-thunderx 15 migrate-support-check        fail   never pass
 test-arm64-arm64-xl-thunderx 16 saverestore-support-check    fail   never pass
 test-arm64-arm64-libvirt-xsm 15 migrate-support-check        fail   never pass
 test-arm64-arm64-libvirt-xsm 16 saverestore-support-check    fail   never pass
 test-arm64-arm64-xl-credit1  15 migrate-support-check        fail   never pass
 test-arm64-arm64-xl-credit1  16 saverestore-support-check    fail   never pass
 test-amd64-i386-libvirt-qemuu-debianhvm-amd64-xsm 13 migrate-support-check 
fail never pass
 test-amd64-amd64-libvirt-qemuu-debianhvm-amd64-xsm 13 migrate-support-check 
fail never pass
 test-amd64-i386-libvirt-raw  14 migrate-support-check        fail   never pass
 test-armhf-armhf-xl-arndale  15 migrate-support-check        fail   never pass
 test-armhf-armhf-xl-arndale  16 saverestore-support-check    fail   never pass
 test-amd64-amd64-libvirt-vhd 14 migrate-support-check        fail   never pass
 test-arm64-arm64-libvirt-raw 14 migrate-support-check        fail   never pass
 test-arm64-arm64-libvirt-raw 15 saverestore-support-check    fail   never pass
 test-arm64-arm64-xl-vhd      14 migrate-support-check        fail   never pass
 test-arm64-arm64-xl-vhd      15 saverestore-support-check    fail   never pass
 test-armhf-armhf-xl          15 migrate-support-check        fail   never pass
 test-armhf-armhf-xl          16 saverestore-support-check    fail   never pass
 test-armhf-armhf-xl-multivcpu 15 migrate-support-check        fail  never pass
 test-armhf-armhf-xl-multivcpu 16 saverestore-support-check    fail  never pass
 test-armhf-armhf-xl-rtds     15 migrate-support-check        fail   never pass
 test-armhf-armhf-xl-rtds     16 saverestore-support-check    fail   never pass
 test-armhf-armhf-xl-credit2  15 migrate-support-check        fail   never pass
 test-armhf-armhf-xl-credit2  16 saverestore-support-check    fail   never pass
 test-armhf-armhf-xl-cubietruck 15 migrate-support-check        fail never pass
 test-armhf-armhf-xl-cubietruck 16 saverestore-support-check    fail never pass
 test-armhf-armhf-libvirt     15 migrate-support-check        fail   never pass
 test-armhf-armhf-xl-vhd      14 migrate-support-check        fail   never pass
 test-armhf-armhf-xl-vhd      15 saverestore-support-check    fail   never pass
 test-armhf-armhf-libvirt-qcow2 14 migrate-support-check        fail never pass
 test-armhf-armhf-libvirt-raw 14 migrate-support-check        fail   never pass
 test-armhf-armhf-xl-credit1  15 migrate-support-check        fail   never pass
 test-armhf-armhf-xl-credit1  16 saverestore-support-check    fail   never pass

version targeted for testing:
 qemuu                ca61fa4b803e5d0abaf6f1ceb690f23bb78a4def
baseline version:
 qemuu                99c44988d5ba1866a411450c877ed818b1b70081

Last test of basis   164950  2021-09-11 18:57:22 Z   26 days
Failing since        164967  2021-09-13 13:06:52 Z   24 days   35 attempts
Testing same since   165409  2021-10-07 11:33:46 Z    1 days    1 attempts

------------------------------------------------------------
People who touched revisions under test:
  Alex Bennée <[email protected]>
  Alex Chen <[email protected]>
  Alexander Graf <[email protected]>
  Alexandra Clifford <[email protected]>
  AlexChen <[email protected]>
  Alistair Francis <[email protected]>
  Amanda Strnad <[email protected]>
  Andrew Jeffery <[email protected]>
  Ani Sinha <[email protected]>
  Anup Patel <[email protected]>
  BALATON Zoltan <[email protected]>
  Bin Meng <[email protected]>
  Bin Meng <[email protected]>
  Cai Huoqing <[email protected]>
  Chris Rauer <[email protected]>
  Cleber Rosa <[email protected]>
  Cornelia Huck <[email protected]>
  Cédric Le Goater <[email protected]>
  Daniel Henrique Barboza <[email protected]>
  Daniel P. Berrangé <[email protected]>
  David Gibson <[email protected]>
  David Hildenbrand <[email protected]>
  Dongli Zhang <[email protected]>
  Dov Murik <[email protected]>
  Dr. David Alan Gilbert <[email protected]>
  Edgar E. Iglesias <[email protected]>
  Emanuele Giuseppe Esposito <[email protected]>
  Eric Auger <[email protected]>
  Eric Blake <[email protected]>
  Frank Chang <[email protected]>
  G S Niteesh Babu <[email protected]>
  Gerd Hoffmann <[email protected]>
  Green Wan <[email protected]>
  Guenter Roeck <[email protected]>
  Hanna Reitz <[email protected]>
  Igor Mammedov <[email protected]>
  Ilya Leoshkevich <[email protected]>
  James Bottomley <[email protected]>
  Jason Wang <[email protected]>
  Joel Stanley <[email protected]>
  John Arbuckle <[email protected]>
  John Snow <[email protected]>
  John Snow <[email protected]> (Feel free to merge.)
  Jose R. Ziviani <[email protected]>
  Justin Restivo <[email protected]>
  Kai Huang <[email protected]>
  Kevin Wolf <[email protected]>
  Kirill Tkhai <[email protected]>
  Klaus Jensen <[email protected]>
  Lara Lazier <[email protected]>
  Laurent Vivier <[email protected]>
  Li Zhijian <[email protected]>
  LIU Zhiwei <[email protected]>
  Luc Michel <[email protected]>
  Luis Pires <[email protected]>
  Marc Zyngier <[email protected]>
  Marc-André Lureau <[email protected]>
  Mark Cave-Ayland <[email protected]>
  Markus Armbruster <[email protected]>
  Matheus Ferst <[email protected]>
  Max Hsu <[email protected]>
  Max Reitz <[email protected]>
  Michael S. Tsirkin <[email protected]>
  Michael Tokarev <[email protected]>
  Michal Privoznik <[email protected]>
  Naveen Nagar <[email protected]>
  Neil Armstrong <[email protected]>
  nia <[email protected]>
  Nia Alarie <[email protected]>
  Niek Linnenbank <[email protected]>
  Nir Soffer <[email protected]>
  Nir Soffer <[email protected]>
  Pankaj Gupta <[email protected]>
  Pankaj Raghav <[email protected]>
  Paolo Bonzini <[email protected]>
  Pavel Dovgalyuk <[email protected]>
  Pavel Dovgalyuk <[email protected]>
  Pedro Tôrres <[email protected]>
  Peter Collingbourne <[email protected]>
  Peter Delevoryas <[email protected]>
  Peter Maydell <[email protected]>
  Peter Xu <[email protected]>
  Philipp Tomsich <[email protected]>
  Philippe Mathieu-Daudé <[email protected]>
  Philippe Mathieu-Daudé <[email protected]>
  Reinoud Zandijk <[email protected]>
  Richard Henderson <[email protected]>
  Richard W.M. Jones <[email protected]>
  Roman Bolshakov <[email protected]>
  Roman Bolshakov <[email protected]> (x86 only)
  Sai Pavan Boddu <[email protected]>
  Sean Christopherson <[email protected]>
  Sergio Lopez <[email protected]>
  Shashi Mallela <[email protected]>
  Stefan Berger <[email protected]>
  Stefan Weil <[email protected]>
  Stefano Garzarella <[email protected]>
  Taylor Simpson <[email protected]>
  Thomas Huth <[email protected]>
  Tong Ho <[email protected]>
  Viktor Prutyanov <[email protected]>
  Vitaly Kuznetsov <[email protected]>
  Vivek Kasireddy <[email protected]>
  Vladimir Sementsov-Ogievskiy <[email protected]>
  Wainer dos Santos Moschetta <[email protected]>
  Willian Rampazzo <[email protected]>
  Xuzhou Cheng <[email protected]>
  Yanan Wang <[email protected]>
  Yang Zhong <[email protected]>

jobs:
 build-amd64-xsm                                              pass    
 build-arm64-xsm                                              pass    
 build-i386-xsm                                               pass    
 build-amd64                                                  pass    
 build-arm64                                                  pass    
 build-armhf                                                  pass    
 build-i386                                                   pass    
 build-amd64-libvirt                                          pass    
 build-arm64-libvirt                                          pass    
 build-armhf-libvirt                                          pass    
 build-i386-libvirt                                           pass    
 build-amd64-pvops                                            pass    
 build-arm64-pvops                                            pass    
 build-armhf-pvops                                            pass    
 build-i386-pvops                                             pass    
 test-amd64-amd64-xl                                          pass    
 test-amd64-coresched-amd64-xl                                pass    
 test-arm64-arm64-xl                                          pass    
 test-armhf-armhf-xl                                          pass    
 test-amd64-i386-xl                                           pass    
 test-amd64-coresched-i386-xl                                 pass    
 test-amd64-amd64-libvirt-qemuu-debianhvm-amd64-xsm           pass    
 test-amd64-i386-libvirt-qemuu-debianhvm-amd64-xsm            pass    
 test-amd64-amd64-xl-qemuu-debianhvm-i386-xsm                 pass    
 test-amd64-i386-xl-qemuu-debianhvm-i386-xsm                  pass    
 test-amd64-amd64-libvirt-xsm                                 pass    
 test-arm64-arm64-libvirt-xsm                                 pass    
 test-amd64-i386-libvirt-xsm                                  pass    
 test-amd64-amd64-xl-xsm                                      pass    
 test-arm64-arm64-xl-xsm                                      pass    
 test-amd64-i386-xl-xsm                                       pass    
 test-amd64-amd64-qemuu-nested-amd                            fail    
 test-amd64-amd64-xl-pvhv2-amd                                pass    
 test-amd64-i386-qemuu-rhel6hvm-amd                           pass    
 test-amd64-amd64-dom0pvh-xl-amd                              pass    
 test-amd64-amd64-xl-qemuu-debianhvm-amd64                    pass    
 test-amd64-i386-xl-qemuu-debianhvm-amd64                     pass    
 test-amd64-i386-freebsd10-amd64                              pass    
 test-amd64-amd64-qemuu-freebsd11-amd64                       pass    
 test-amd64-amd64-qemuu-freebsd12-amd64                       pass    
 test-amd64-amd64-xl-qemuu-ovmf-amd64                         pass    
 test-amd64-i386-xl-qemuu-ovmf-amd64                          pass    
 test-amd64-amd64-xl-qemuu-win7-amd64                         fail    
 test-amd64-i386-xl-qemuu-win7-amd64                          fail    
 test-amd64-amd64-xl-qemuu-ws16-amd64                         fail    
 test-amd64-i386-xl-qemuu-ws16-amd64                          fail    
 test-armhf-armhf-xl-arndale                                  pass    
 test-amd64-amd64-xl-credit1                                  pass    
 test-arm64-arm64-xl-credit1                                  pass    
 test-armhf-armhf-xl-credit1                                  pass    
 test-amd64-amd64-xl-credit2                                  pass    
 test-arm64-arm64-xl-credit2                                  pass    
 test-armhf-armhf-xl-credit2                                  pass    
 test-armhf-armhf-xl-cubietruck                               pass    
 test-amd64-amd64-xl-qemuu-dmrestrict-amd64-dmrestrict        pass    
 test-amd64-i386-xl-qemuu-dmrestrict-amd64-dmrestrict         pass    
 test-amd64-i386-freebsd10-i386                               pass    
 test-amd64-amd64-qemuu-nested-intel                          pass    
 test-amd64-amd64-xl-pvhv2-intel                              pass    
 test-amd64-i386-qemuu-rhel6hvm-intel                         pass    
 test-amd64-amd64-dom0pvh-xl-intel                            pass    
 test-amd64-amd64-libvirt                                     pass    
 test-armhf-armhf-libvirt                                     pass    
 test-amd64-i386-libvirt                                      pass    
 test-amd64-amd64-xl-multivcpu                                pass    
 test-armhf-armhf-xl-multivcpu                                pass    
 test-amd64-amd64-pair                                        pass    
 test-amd64-i386-pair                                         pass    
 test-amd64-amd64-libvirt-pair                                pass    
 test-amd64-i386-libvirt-pair                                 pass    
 test-amd64-amd64-xl-pvshim                                   pass    
 test-amd64-i386-xl-pvshim                                    fail    
 test-amd64-amd64-pygrub                                      pass    
 test-armhf-armhf-libvirt-qcow2                               pass    
 test-amd64-amd64-xl-qcow2                                    pass    
 test-arm64-arm64-libvirt-raw                                 pass    
 test-armhf-armhf-libvirt-raw                                 pass    
 test-amd64-i386-libvirt-raw                                  pass    
 test-amd64-amd64-xl-rtds                                     pass    
 test-armhf-armhf-xl-rtds                                     pass    
 test-arm64-arm64-xl-seattle                                  pass    
 test-amd64-amd64-xl-qemuu-debianhvm-amd64-shadow             pass    
 test-amd64-i386-xl-qemuu-debianhvm-amd64-shadow              pass    
 test-amd64-amd64-xl-shadow                                   pass    
 test-amd64-i386-xl-shadow                                    pass    
 test-arm64-arm64-xl-thunderx                                 pass    
 test-amd64-amd64-libvirt-vhd                                 pass    
 test-arm64-arm64-xl-vhd                                      pass    
 test-armhf-armhf-xl-vhd                                      pass    
 test-amd64-i386-xl-vhd                                       pass    


------------------------------------------------------------
sg-report-flight on osstest.test-lab.xenproject.org
logs: /home/logs/logs
images: /home/logs/images

Logs, config files, etc. are available at
    http://logs.test-lab.xenproject.org/osstest/logs

Explanation of these reports, and of osstest in general, is at
    http://xenbits.xen.org/gitweb/?p=osstest.git;a=blob;f=README.email;hb=master
    http://xenbits.xen.org/gitweb/?p=osstest.git;a=blob;f=README;hb=master

Test harness code can be found at
    http://xenbits.xen.org/gitweb?p=osstest.git;a=summary


Pushing revision :

To xenbits.xen.org:/home/xen/git/qemu-xen.git
   99c44988d5..ca61fa4b80  ca61fa4b803e5d0abaf6f1ceb690f23bb78a4def -> 
upstream-tested

Reply via email to