flight 165495 linux-5.4 real [real] http://logs.test-lab.xenproject.org/osstest/logs/165495/
Failures :-/ but no regressions. Regressions which are regarded as allowable (not blocking): test-armhf-armhf-xl-rtds 18 guest-start/debian.repeat fail REGR. vs. 165206 Tests which did not succeed, but are not blocking: test-amd64-i386-xl-qemut-win7-amd64 19 guest-stop fail like 165206 test-amd64-amd64-xl-qemut-win7-amd64 19 guest-stop fail like 165206 test-amd64-amd64-xl-qemuu-win7-amd64 19 guest-stop fail like 165206 test-armhf-armhf-libvirt 16 saverestore-support-check fail like 165206 test-amd64-amd64-qemuu-nested-amd 20 debian-hvm-install/l1/l2 fail like 165206 test-amd64-amd64-xl-qemuu-ws16-amd64 19 guest-stop fail like 165206 test-amd64-amd64-xl-qemut-ws16-amd64 19 guest-stop fail like 165206 test-amd64-i386-xl-qemuu-win7-amd64 19 guest-stop fail like 165206 test-amd64-i386-xl-qemut-ws16-amd64 19 guest-stop fail like 165206 test-armhf-armhf-libvirt-qcow2 15 saverestore-support-check fail like 165206 test-armhf-armhf-libvirt-raw 15 saverestore-support-check fail like 165206 test-amd64-i386-xl-qemuu-ws16-amd64 19 guest-stop fail like 165206 test-arm64-arm64-xl-seattle 15 migrate-support-check fail never pass test-arm64-arm64-xl-seattle 16 saverestore-support-check fail never pass test-amd64-i386-xl-pvshim 14 guest-start fail never pass test-amd64-i386-libvirt-xsm 15 migrate-support-check fail never pass test-amd64-i386-libvirt 15 migrate-support-check fail never pass test-amd64-amd64-libvirt 15 migrate-support-check fail never pass test-amd64-amd64-libvirt-xsm 15 migrate-support-check fail never pass test-armhf-armhf-xl-credit1 15 migrate-support-check fail never pass test-armhf-armhf-xl-credit1 16 saverestore-support-check fail never pass test-arm64-arm64-xl-xsm 15 migrate-support-check fail never pass test-arm64-arm64-xl-xsm 16 saverestore-support-check fail never pass test-arm64-arm64-libvirt-xsm 15 migrate-support-check fail never pass test-arm64-arm64-libvirt-xsm 16 saverestore-support-check fail never pass test-arm64-arm64-xl 15 migrate-support-check fail never pass test-arm64-arm64-xl 16 saverestore-support-check fail never pass test-arm64-arm64-xl-credit2 15 migrate-support-check fail never pass test-arm64-arm64-xl-credit2 16 saverestore-support-check fail never pass test-arm64-arm64-xl-credit1 15 migrate-support-check fail never pass test-arm64-arm64-xl-credit1 16 saverestore-support-check fail never pass test-arm64-arm64-xl-thunderx 15 migrate-support-check fail never pass test-arm64-arm64-xl-thunderx 16 saverestore-support-check fail never pass test-amd64-i386-libvirt-qemuu-debianhvm-amd64-xsm 13 migrate-support-check fail never pass test-armhf-armhf-xl-arndale 15 migrate-support-check fail never pass test-armhf-armhf-xl-arndale 16 saverestore-support-check fail never pass test-amd64-amd64-libvirt-qemuu-debianhvm-amd64-xsm 13 migrate-support-check fail never pass test-amd64-amd64-libvirt-vhd 14 migrate-support-check fail never pass test-amd64-i386-libvirt-raw 14 migrate-support-check fail never pass test-arm64-arm64-libvirt-raw 14 migrate-support-check fail never pass test-arm64-arm64-libvirt-raw 15 saverestore-support-check fail never pass test-armhf-armhf-xl-credit2 15 migrate-support-check fail never pass test-armhf-armhf-xl-credit2 16 saverestore-support-check fail never pass test-armhf-armhf-xl-multivcpu 15 migrate-support-check fail never pass test-armhf-armhf-xl-multivcpu 16 saverestore-support-check fail never pass test-arm64-arm64-xl-vhd 14 migrate-support-check fail never pass test-arm64-arm64-xl-vhd 15 saverestore-support-check fail never pass test-armhf-armhf-xl-cubietruck 15 migrate-support-check fail never pass test-armhf-armhf-libvirt 15 migrate-support-check fail never pass test-armhf-armhf-xl-cubietruck 16 saverestore-support-check fail never pass test-armhf-armhf-xl-rtds 15 migrate-support-check fail never pass test-armhf-armhf-xl-rtds 16 saverestore-support-check fail never pass test-armhf-armhf-xl 15 migrate-support-check fail never pass test-armhf-armhf-xl 16 saverestore-support-check fail never pass test-armhf-armhf-libvirt-qcow2 14 migrate-support-check fail never pass test-armhf-armhf-xl-vhd 14 migrate-support-check fail never pass test-armhf-armhf-xl-vhd 15 saverestore-support-check fail never pass test-armhf-armhf-libvirt-raw 14 migrate-support-check fail never pass version targeted for testing: linux 940a14a7d844386c72f449045080dbbd86d1d244 baseline version: linux e74e2950a0d6f800858e54860d7124c86e494f62 Last test of basis 165206 2021-09-26 12:42:13 Z 17 days Failing since 165346 2021-10-04 12:42:32 Z 9 days 14 attempts Testing same since 165495 2021-10-13 13:22:26 Z 0 days 1 attempts ------------------------------------------------------------ People who touched revisions under test: Alan Stern <[email protected]> Alex Deucher <[email protected]> Alexei Starovoitov <[email protected]> Amit Pundir <[email protected]> Anand K Mistry <[email protected]> Anders Roxell <[email protected]> Andre Przywara <[email protected]> Andrea Claudi <[email protected]> Andreas Larsson <[email protected]> Andrej Shadura <[email protected]> Andrew Morton <[email protected]> Andy Shevchenko <[email protected]> Anirudh Rayabharam <[email protected]> Anson Jacob <[email protected]> Antoine Tenart <[email protected]> Anton Eidelman <[email protected]> Anton Eidelman <[email protected]> Antonio Martorana <[email protected]> Ariel Elior <[email protected]> Arnd Bergmann <[email protected]> Aswath Govindraju <[email protected]> Aya Levin <[email protected]> Baokun Li <[email protected]> Bartosz Golaszewski <[email protected]> Ben Hutchings <[email protected]> Bixuan Cui <[email protected]> Bjorn Andersson <[email protected]> Bjorn Helgaas <[email protected]> Borislav Petkov <[email protected]> Carlo Lobrano <[email protected]> Catalin Marinas <[email protected]> Catherine Sullivan <[email protected]> Changbin Du <[email protected]> Charlene Liu <[email protected]> Chen Jingwen <[email protected]> Chih-Kang Chang <[email protected]> Chris Chiu <[email protected]> Christian Borntraeger <[email protected]> Christian Brauner <[email protected]> Christoph Hellwig <[email protected]> Chuck Lever <[email protected]> Claudiu Manoil <[email protected]> Cong Wang <[email protected]> Dan Carpenter <[email protected]> Dan Li <[email protected]> Dan Williams <[email protected]> Daniel Borkmann <[email protected]> Daniel Lezcano <[email protected]> Daniel Vetter <[email protected]> Daniel Wheeler <[email protected]> Dave Switzer <[email protected]> David Heidelberg <[email protected]> David Howells <[email protected]> David S. Miller <[email protected]> David Sterba <[email protected]> Davide Caratti <[email protected]> Dmitry Baryshkov <[email protected]> Dmitry Bogdanov <[email protected]> Dongliang Mu <[email protected]> Eric Biggers <[email protected]> Eric Dumazet <[email protected]> F.A. SULAIMAN <[email protected]> F.A.Sulaiman <[email protected]> Faizel K B <[email protected]> Fares Mehanna <[email protected]> Felipe Balbi <[email protected]> Florian Fainelli <[email protected]> Gao Xiang <[email protected]> Geert Uytterhoeven <[email protected]> Greg Kroah-Hartman <[email protected]> Gregory CLEMENT <[email protected]> Guangbin Huang <[email protected]> Guenter Roeck <[email protected]> Hans de Goede <[email protected]> Heikki Krogerus <[email protected]> Helge Deller <[email protected]> Herbert Xu <[email protected]> Hulk Robot <[email protected]> Igor Matheus Andrade Torrente <[email protected]> Ilya Leoshkevich <[email protected]> J. Bruce Fields <[email protected]> Jacob Keller <[email protected]> Jakub Kicinski <[email protected]> James Morse <[email protected]> Jamie Iles <[email protected]> Jan Beulich <[email protected]> Jan Kara <[email protected]> Jason Andryuk <[email protected]> Jeffle Xu <[email protected]> Jens Axboe <[email protected]> Jeroen de Borst <[email protected]> Jesper Nilsson <[email protected]> Jian Shen <[email protected]> Jiapeng Chong <[email protected]> Jiri Benc <[email protected]> Jiri Kosina <[email protected]> Jiri Slaby <[email protected]> Johan Almbladh <[email protected]> Johan Hovold <[email protected]> Johannes Berg <[email protected]> Johannes Thumshirn <[email protected]> John Allen <[email protected]> Jon Hunter <[email protected]> Jonathan Hsu <[email protected]> Jozsef Kadlecsik <[email protected]> Juergen Gross <[email protected]> Julian Anastasov <[email protected]> Julian Sikorski <[email protected]> Julian Sikorski <[email protected]> Kaige Fu <[email protected]> Kan Liang <[email protected]> Karol Herbst <[email protected]> Karsten Graul <[email protected]> Kate Hsuan <[email protected]> Kevin Hao <[email protected]> Kishon Vijay Abraham I <[email protected]> Krzysztof Kozlowski <[email protected]> Kunihiko Hayashi <[email protected]> Leon Yu <[email protected]> Li Jinlin <[email protected]> Li Zhijian <[email protected]> Linus Torvalds <[email protected]> Linux Kernel Functional Testing <[email protected]> Lorenzo Bianconi <[email protected]> Lukas Bulwahn <[email protected]> Maarten Lankhorst <[email protected]> Marc Zyngier <[email protected]> Marcelo Ricardo Leitner <[email protected]> Marek Vasut <[email protected]> Marijn Suijten <[email protected]> Mark Brown <[email protected]> Mark Rutland <[email protected]> Markus Suvanto <[email protected]> Martin Blumenstingl <[email protected]> Martin K. Petersen <[email protected]> Mateusz Palczewski <[email protected]> Max Filippov <[email protected]> Michael Chan <[email protected]> Michael Chan <[email protected]> Michael Walle <[email protected]> Michal Kalderon <[email protected]> Mika Westerberg <[email protected]> Mike Manning <[email protected]> Mike Manning <[email protected]> Miklos Szeredi <[email protected]> Minas Harutyunyan <[email protected]> Ming Lei <[email protected]> Moritz Fischer <[email protected]> Nadezda Lutovinova <[email protected]> Neil Armstrong <[email protected]> Nicolas Ferre <[email protected]> Nikolay Aleksandrov <[email protected]> Nirmoy Das <[email protected]> Oleksij Rempel <[email protected]> Oliver Neukum <[email protected]> Ondrej Zary <[email protected]> Ovidiu Panait <[email protected]> Pablo Neira Ayuso <[email protected]> Pali Rohár <[email protected]> Palmer Dabbelt <[email protected]> Paolo Bonzini <[email protected]> Patrick Ho <[email protected]> Paul Burton <[email protected]> Paul Fertser <[email protected]> Pavel Skripkin <[email protected]> Pawel Laszczak <[email protected]> Peter Zijlstra (Intel) <[email protected]> Ping-Ke Shih <[email protected]> Piotr Krysiuk <[email protected]> Qu Wenruo <[email protected]> Rafael J. Wysocki <[email protected]> Rahul Lakkireddy <[email protected]> Randy Dunlap <[email protected]> Rik van Riel <[email protected]> Ritesh Harjani <[email protected]> Rob Herring <[email protected]> Roger Quadros <[email protected]> Ronnie Sahlberg <[email protected]> Roopa Prabhu <[email protected]> Sai Krishna Potthuri <[email protected]> Salvatore Bonaccorso <[email protected]> Samuel Iglesias Gonsalvez <[email protected]> Sasha Levin <[email protected]> Scott Wood <[email protected]> Sean Anderson <[email protected]> Sergey Senozhatsky <[email protected]> Shai Malin <[email protected]> Shawn Guo <[email protected]> Shawn Guo <[email protected]> Shuah Khan <[email protected]> Shubhrajyoti Datta <[email protected]> Simon Horman <[email protected]> Slark Xiao <[email protected]> Song Liu <[email protected]> Srinivas Pandruvada <srinivas.pI [email protected]> Stefan Assmann <[email protected]> Steve French <[email protected]> Sudip Mukherjee <[email protected]> sumiyawang <[email protected]> Sylwester Dziedziuch <[email protected]> [email protected] [email protected] Tariq Toukan <[email protected]> Tatsuhiko Yasumatsu <[email protected]> Tejun Heo <[email protected]> Theodore Ts'o <[email protected]> Thomas Gleixner <[email protected]> Tiezhu Yang <[email protected]> Todd Kjos <[email protected]> Tom Rix <[email protected]> Tong Zhang <[email protected]> Tony Lindgren <[email protected]> Tony Nguyen <[email protected]> Trond Myklebust <[email protected]> Tyler Hicks <[email protected]> Ulf Hansson <[email protected]> Uwe Brandt <[email protected]> Vadim Pasternak <[email protected]> Vasily Gorbik <[email protected]> Vinicius Costa Gomes <[email protected]> Viresh Kumar <[email protected]> Vlad Buslov <[email protected]> Vladimir Oltean <[email protected]> Wen Xiong <[email protected]> Wengang Wang <[email protected]> Wolfram Sang <[email protected]> Xiao Liang <[email protected]> Xin Long <[email protected]> Xu Yang <[email protected]> Yang Yingliang <[email protected]> yangerkun <[email protected]> Yonghong Song <[email protected]> Zelin Deng <[email protected]> zhang kai <[email protected]> Zheng Liang <[email protected]> Zhihao Cheng <[email protected]> Zong-Zhe Yang <[email protected]> jobs: build-amd64-xsm pass build-arm64-xsm pass build-i386-xsm pass build-amd64 pass build-arm64 pass build-armhf pass build-i386 pass build-amd64-libvirt pass build-arm64-libvirt pass build-armhf-libvirt pass build-i386-libvirt pass build-amd64-pvops pass build-arm64-pvops pass build-armhf-pvops pass build-i386-pvops pass test-amd64-amd64-xl pass test-amd64-coresched-amd64-xl pass test-arm64-arm64-xl pass test-armhf-armhf-xl pass test-amd64-i386-xl pass test-amd64-coresched-i386-xl pass test-amd64-amd64-libvirt-qemuu-debianhvm-amd64-xsm pass test-amd64-i386-libvirt-qemuu-debianhvm-amd64-xsm pass test-amd64-amd64-xl-qemut-stubdom-debianhvm-amd64-xsm pass test-amd64-i386-xl-qemut-stubdom-debianhvm-amd64-xsm pass test-amd64-amd64-xl-qemut-debianhvm-i386-xsm pass test-amd64-i386-xl-qemut-debianhvm-i386-xsm pass test-amd64-amd64-xl-qemuu-debianhvm-i386-xsm pass test-amd64-i386-xl-qemuu-debianhvm-i386-xsm pass test-amd64-amd64-libvirt-xsm pass test-arm64-arm64-libvirt-xsm pass test-amd64-i386-libvirt-xsm pass test-amd64-amd64-xl-xsm pass test-arm64-arm64-xl-xsm pass test-amd64-i386-xl-xsm pass test-amd64-amd64-qemuu-nested-amd fail test-amd64-amd64-xl-pvhv2-amd pass test-amd64-i386-qemut-rhel6hvm-amd pass test-amd64-i386-qemuu-rhel6hvm-amd pass test-amd64-amd64-dom0pvh-xl-amd pass test-amd64-amd64-xl-qemut-debianhvm-amd64 pass test-amd64-i386-xl-qemut-debianhvm-amd64 pass test-amd64-amd64-xl-qemuu-debianhvm-amd64 pass test-amd64-i386-xl-qemuu-debianhvm-amd64 pass test-amd64-i386-freebsd10-amd64 pass test-amd64-amd64-qemuu-freebsd11-amd64 pass test-amd64-amd64-qemuu-freebsd12-amd64 pass test-amd64-amd64-xl-qemuu-ovmf-amd64 pass test-amd64-i386-xl-qemuu-ovmf-amd64 pass test-amd64-amd64-xl-qemut-win7-amd64 fail test-amd64-i386-xl-qemut-win7-amd64 fail test-amd64-amd64-xl-qemuu-win7-amd64 fail test-amd64-i386-xl-qemuu-win7-amd64 fail test-amd64-amd64-xl-qemut-ws16-amd64 fail test-amd64-i386-xl-qemut-ws16-amd64 fail test-amd64-amd64-xl-qemuu-ws16-amd64 fail test-amd64-i386-xl-qemuu-ws16-amd64 fail test-armhf-armhf-xl-arndale pass test-amd64-amd64-xl-credit1 pass test-arm64-arm64-xl-credit1 pass test-armhf-armhf-xl-credit1 pass test-amd64-amd64-xl-credit2 pass test-arm64-arm64-xl-credit2 pass test-armhf-armhf-xl-credit2 pass test-armhf-armhf-xl-cubietruck pass test-amd64-amd64-xl-qemuu-dmrestrict-amd64-dmrestrict pass test-amd64-i386-xl-qemuu-dmrestrict-amd64-dmrestrict pass test-amd64-amd64-examine pass test-arm64-arm64-examine pass test-armhf-armhf-examine pass test-amd64-i386-examine pass test-amd64-i386-freebsd10-i386 pass test-amd64-amd64-qemuu-nested-intel pass test-amd64-amd64-xl-pvhv2-intel pass test-amd64-i386-qemut-rhel6hvm-intel pass test-amd64-i386-qemuu-rhel6hvm-intel pass test-amd64-amd64-dom0pvh-xl-intel pass test-amd64-amd64-libvirt pass test-armhf-armhf-libvirt pass test-amd64-i386-libvirt pass test-amd64-amd64-xl-multivcpu pass test-armhf-armhf-xl-multivcpu pass test-amd64-amd64-pair pass test-amd64-i386-pair pass test-amd64-amd64-libvirt-pair pass test-amd64-i386-libvirt-pair pass test-amd64-amd64-xl-pvshim pass test-amd64-i386-xl-pvshim fail test-amd64-amd64-pygrub pass test-armhf-armhf-libvirt-qcow2 pass test-amd64-amd64-xl-qcow2 pass test-arm64-arm64-libvirt-raw pass test-armhf-armhf-libvirt-raw pass test-amd64-i386-libvirt-raw pass test-amd64-amd64-xl-rtds pass test-armhf-armhf-xl-rtds fail test-arm64-arm64-xl-seattle pass test-amd64-amd64-xl-qemuu-debianhvm-amd64-shadow pass test-amd64-i386-xl-qemuu-debianhvm-amd64-shadow pass test-amd64-amd64-xl-shadow pass test-amd64-i386-xl-shadow pass test-arm64-arm64-xl-thunderx pass test-amd64-amd64-libvirt-vhd pass test-arm64-arm64-xl-vhd pass test-armhf-armhf-xl-vhd pass test-amd64-i386-xl-vhd pass ------------------------------------------------------------ sg-report-flight on osstest.test-lab.xenproject.org logs: /home/logs/logs images: /home/logs/images Logs, config files, etc. are available at http://logs.test-lab.xenproject.org/osstest/logs Explanation of these reports, and of osstest in general, is at http://xenbits.xen.org/gitweb/?p=osstest.git;a=blob;f=README.email;hb=master http://xenbits.xen.org/gitweb/?p=osstest.git;a=blob;f=README;hb=master Test harness code can be found at http://xenbits.xen.org/gitweb?p=osstest.git;a=summary Pushing revision : hint: The 'hooks/update' hook was ignored because it's not set as executable. hint: You can disable this warning with `git config advice.ignoredHook false`. hint: The 'hooks/post-receive' hook was ignored because it's not set as executable. hint: You can disable this warning with `git config advice.ignoredHook false`. hint: The 'hooks/post-update' hook was ignored because it's not set as executable. hint: You can disable this warning with `git config advice.ignoredHook false`. To xenbits.xen.org:/home/xen/git/linux-pvops.git e74e2950a0d6..940a14a7d844 940a14a7d844386c72f449045080dbbd86d1d244 -> tested/linux-5.4
