flight 165696 linux-5.4 real [real] http://logs.test-lab.xenproject.org/osstest/logs/165696/
Failures :-/ but no regressions. Tests which did not succeed, but are not blocking: test-amd64-i386-xl-qemut-win7-amd64 19 guest-stop fail like 165616 test-amd64-amd64-xl-qemut-win7-amd64 19 guest-stop fail like 165616 test-amd64-amd64-xl-qemuu-win7-amd64 19 guest-stop fail like 165616 test-amd64-amd64-qemuu-nested-amd 20 debian-hvm-install/l1/l2 fail like 165616 test-armhf-armhf-libvirt 16 saverestore-support-check fail like 165616 test-amd64-amd64-xl-qemuu-ws16-amd64 19 guest-stop fail like 165616 test-amd64-amd64-xl-qemut-ws16-amd64 19 guest-stop fail like 165616 test-amd64-i386-xl-qemuu-win7-amd64 19 guest-stop fail like 165616 test-amd64-i386-xl-qemut-ws16-amd64 19 guest-stop fail like 165616 test-armhf-armhf-libvirt-qcow2 15 saverestore-support-check fail like 165616 test-amd64-i386-xl-qemuu-ws16-amd64 19 guest-stop fail like 165616 test-armhf-armhf-libvirt-raw 15 saverestore-support-check fail like 165616 test-arm64-arm64-xl-seattle 15 migrate-support-check fail never pass test-arm64-arm64-xl-seattle 16 saverestore-support-check fail never pass test-amd64-i386-libvirt-xsm 15 migrate-support-check fail never pass test-amd64-i386-xl-pvshim 14 guest-start fail never pass test-amd64-i386-libvirt 15 migrate-support-check fail never pass test-amd64-amd64-libvirt 15 migrate-support-check fail never pass test-amd64-amd64-libvirt-xsm 15 migrate-support-check fail never pass test-arm64-arm64-libvirt-xsm 15 migrate-support-check fail never pass test-arm64-arm64-libvirt-xsm 16 saverestore-support-check fail never pass test-arm64-arm64-xl-credit1 15 migrate-support-check fail never pass test-arm64-arm64-xl-xsm 15 migrate-support-check fail never pass test-arm64-arm64-xl-credit1 16 saverestore-support-check fail never pass test-arm64-arm64-xl-xsm 16 saverestore-support-check fail never pass test-arm64-arm64-xl 15 migrate-support-check fail never pass test-arm64-arm64-xl 16 saverestore-support-check fail never pass test-arm64-arm64-xl-credit2 15 migrate-support-check fail never pass test-arm64-arm64-xl-credit2 16 saverestore-support-check fail never pass test-arm64-arm64-xl-thunderx 15 migrate-support-check fail never pass test-arm64-arm64-xl-thunderx 16 saverestore-support-check fail never pass test-amd64-i386-libvirt-qemuu-debianhvm-amd64-xsm 13 migrate-support-check fail never pass test-amd64-amd64-libvirt-qemuu-debianhvm-amd64-xsm 13 migrate-support-check fail never pass test-armhf-armhf-xl-arndale 15 migrate-support-check fail never pass test-armhf-armhf-xl-arndale 16 saverestore-support-check fail never pass test-amd64-amd64-libvirt-vhd 14 migrate-support-check fail never pass test-arm64-arm64-libvirt-raw 14 migrate-support-check fail never pass test-arm64-arm64-libvirt-raw 15 saverestore-support-check fail never pass test-amd64-i386-libvirt-raw 14 migrate-support-check fail never pass test-armhf-armhf-xl-credit1 15 migrate-support-check fail never pass test-armhf-armhf-xl-credit1 16 saverestore-support-check fail never pass test-armhf-armhf-xl-credit2 15 migrate-support-check fail never pass test-armhf-armhf-xl-credit2 16 saverestore-support-check fail never pass test-armhf-armhf-xl-multivcpu 15 migrate-support-check fail never pass test-armhf-armhf-xl-multivcpu 16 saverestore-support-check fail never pass test-armhf-armhf-xl-cubietruck 15 migrate-support-check fail never pass test-armhf-armhf-xl-cubietruck 16 saverestore-support-check fail never pass test-arm64-arm64-xl-vhd 14 migrate-support-check fail never pass test-arm64-arm64-xl-vhd 15 saverestore-support-check fail never pass test-armhf-armhf-xl-rtds 15 migrate-support-check fail never pass test-armhf-armhf-xl-rtds 16 saverestore-support-check fail never pass test-armhf-armhf-libvirt 15 migrate-support-check fail never pass test-armhf-armhf-xl 15 migrate-support-check fail never pass test-armhf-armhf-xl 16 saverestore-support-check fail never pass test-armhf-armhf-libvirt-qcow2 14 migrate-support-check fail never pass test-armhf-armhf-xl-vhd 14 migrate-support-check fail never pass test-armhf-armhf-xl-vhd 15 saverestore-support-check fail never pass test-armhf-armhf-libvirt-raw 14 migrate-support-check fail never pass version targeted for testing: linux 4f508aa9dd3bde7a1c5e4e6de72abb8a03fd504a baseline version: linux ce061ef43f1dede7ee2bd907d2bf38402831e30d Last test of basis 165616 2021-10-17 09:11:05 Z 3 days Testing same since 165687 2021-10-20 10:13:27 Z 0 days 2 attempts ------------------------------------------------------------ People who touched revisions under test: Al Viro <[email protected]> Aleksander Morgado <[email protected]> Alex Deucher <[email protected]> Andy Shevchenko <[email protected]> Ard Biesheuvel <[email protected]> Arnd Bergmann <[email protected]> Aya Levin <[email protected]> Bartosz Golaszewski <[email protected]> Billy Tsai <[email protected]> Borislav Petkov <[email protected]> Catalin Marinas <[email protected]> chongjiapeng <[email protected]> Chris Packham <[email protected]> Christophe JAILLET <[email protected]> Colin Ian King <[email protected]> Cédric Le Goater <[email protected]> Damien Le Moal <[email protected]> Dan Carpenter <[email protected]> Daniele Palmas <[email protected]> Dave Airlie <[email protected]> David S. Miller <[email protected]> David Sterba <[email protected]> Dmitry Baryshkov <[email protected]> Dmitry Torokhov <[email protected]> Eiichi Tsukata <[email protected]> Filipe Manana <[email protected]> Florian fainelli <[email protected]> Greentime Hu <[email protected]> Greg Kroah-Hartman <[email protected]> Guenter Roeck <[email protected]> Guo Ren <[email protected]> Guo Ren <[email protected]> Halil Pasic <[email protected]> Hanjun Guo <[email protected]> Hans de Goede <[email protected]> Hans Potsch <[email protected]> Heiko Carstens <[email protected]> Herve Codina <[email protected]> Hui Liu <[email protected]> Hui Wang <[email protected]> Hulk Robot <[email protected]> Ido Schimmel <[email protected]> Jackie Liu <[email protected]> Jakub Kicinski <[email protected]> James Morse <[email protected]> Jiri Valek - 2N <[email protected]> Johan Hovold <[email protected]> Jon Hunter <[email protected]> Jonas Hahnfeld <[email protected]> Jonathan Bell <[email protected]> Jonathan Cameron <[email protected]> Kai-Heng Feng <[email protected]> Kailang Yang <[email protected]> Linux Kernel Functional Testing <[email protected]> Marcelo Ricardo Leitner <[email protected]> Marcelo Ricardo Leitner <[email protected]> Marek Behún <[email protected]> Mathias Nyman <[email protected]> Michael Cullen <[email protected]> Michael Ellerman <[email protected]> Michael S. Tsirkin <[email protected]> Miklos Szeredi <[email protected]> Miquel Raynal <[email protected]> Nanyong Sun <[email protected]> Nikolay Martynov <[email protected]> Pavankumar Kondeti <[email protected]> Qu Wenruo <[email protected]> Reinette Chatre <[email protected]> Rob Clark <[email protected]> Roberto Sassu <[email protected]> Saeed Mahameed <[email protected]> Sam Ravnborg <[email protected]> Sebastian Andrzej Siewior <[email protected]> seeteena <[email protected]> Shannon Nelson <[email protected]> Shuah Khan <[email protected]> Srinivas Kandagatla <[email protected]> Stephen Boyd <[email protected]> Steven Rostedt (VMware) <[email protected]> Steven Rostedt <[email protected]> Sudip Mukherjee <[email protected]> Takashi Iwai <[email protected]> Tom Lendacky <[email protected]> Tomaz Solc <[email protected]> Vadim Pasternak <[email protected]> Vasily Gorbik <[email protected]> Vegard Nossum <[email protected]> Wang Hai <[email protected]> Werner Sembach <[email protected]> Wim Van Sebroeck <[email protected]> Yu-Tung Chang <[email protected]> Zhang Jianhua <[email protected]> Ziyang Xuan <[email protected]> jobs: build-amd64-xsm pass build-arm64-xsm pass build-i386-xsm pass build-amd64 pass build-arm64 pass build-armhf pass build-i386 pass build-amd64-libvirt pass build-arm64-libvirt pass build-armhf-libvirt pass build-i386-libvirt pass build-amd64-pvops pass build-arm64-pvops pass build-armhf-pvops pass build-i386-pvops pass test-amd64-amd64-xl pass test-amd64-coresched-amd64-xl pass test-arm64-arm64-xl pass test-armhf-armhf-xl pass test-amd64-i386-xl pass test-amd64-coresched-i386-xl pass test-amd64-amd64-libvirt-qemuu-debianhvm-amd64-xsm pass test-amd64-i386-libvirt-qemuu-debianhvm-amd64-xsm pass test-amd64-amd64-xl-qemut-stubdom-debianhvm-amd64-xsm pass test-amd64-i386-xl-qemut-stubdom-debianhvm-amd64-xsm pass test-amd64-amd64-xl-qemut-debianhvm-i386-xsm pass test-amd64-i386-xl-qemut-debianhvm-i386-xsm pass test-amd64-amd64-xl-qemuu-debianhvm-i386-xsm pass test-amd64-i386-xl-qemuu-debianhvm-i386-xsm pass test-amd64-amd64-libvirt-xsm pass test-arm64-arm64-libvirt-xsm pass test-amd64-i386-libvirt-xsm pass test-amd64-amd64-xl-xsm pass test-arm64-arm64-xl-xsm pass test-amd64-i386-xl-xsm pass test-amd64-amd64-qemuu-nested-amd fail test-amd64-amd64-xl-pvhv2-amd pass test-amd64-i386-qemut-rhel6hvm-amd pass test-amd64-i386-qemuu-rhel6hvm-amd pass test-amd64-amd64-dom0pvh-xl-amd pass test-amd64-amd64-xl-qemut-debianhvm-amd64 pass test-amd64-i386-xl-qemut-debianhvm-amd64 pass test-amd64-amd64-xl-qemuu-debianhvm-amd64 pass test-amd64-i386-xl-qemuu-debianhvm-amd64 pass test-amd64-i386-freebsd10-amd64 pass test-amd64-amd64-qemuu-freebsd11-amd64 pass test-amd64-amd64-qemuu-freebsd12-amd64 pass test-amd64-amd64-xl-qemuu-ovmf-amd64 pass test-amd64-i386-xl-qemuu-ovmf-amd64 pass test-amd64-amd64-xl-qemut-win7-amd64 fail test-amd64-i386-xl-qemut-win7-amd64 fail test-amd64-amd64-xl-qemuu-win7-amd64 fail test-amd64-i386-xl-qemuu-win7-amd64 fail test-amd64-amd64-xl-qemut-ws16-amd64 fail test-amd64-i386-xl-qemut-ws16-amd64 fail test-amd64-amd64-xl-qemuu-ws16-amd64 fail test-amd64-i386-xl-qemuu-ws16-amd64 fail test-armhf-armhf-xl-arndale pass test-amd64-amd64-xl-credit1 pass test-arm64-arm64-xl-credit1 pass test-armhf-armhf-xl-credit1 pass test-amd64-amd64-xl-credit2 pass test-arm64-arm64-xl-credit2 pass test-armhf-armhf-xl-credit2 pass test-armhf-armhf-xl-cubietruck pass test-amd64-amd64-xl-qemuu-dmrestrict-amd64-dmrestrict pass test-amd64-i386-xl-qemuu-dmrestrict-amd64-dmrestrict pass test-amd64-amd64-examine pass test-arm64-arm64-examine pass test-armhf-armhf-examine pass test-amd64-i386-examine pass test-amd64-i386-freebsd10-i386 pass test-amd64-amd64-qemuu-nested-intel pass test-amd64-amd64-xl-pvhv2-intel pass test-amd64-i386-qemut-rhel6hvm-intel pass test-amd64-i386-qemuu-rhel6hvm-intel pass test-amd64-amd64-dom0pvh-xl-intel pass test-amd64-amd64-libvirt pass test-armhf-armhf-libvirt pass test-amd64-i386-libvirt pass test-amd64-amd64-xl-multivcpu pass test-armhf-armhf-xl-multivcpu pass test-amd64-amd64-pair pass test-amd64-i386-pair pass test-amd64-amd64-libvirt-pair pass test-amd64-i386-libvirt-pair pass test-amd64-amd64-xl-pvshim pass test-amd64-i386-xl-pvshim fail test-amd64-amd64-pygrub pass test-armhf-armhf-libvirt-qcow2 pass test-amd64-amd64-xl-qcow2 pass test-arm64-arm64-libvirt-raw pass test-armhf-armhf-libvirt-raw pass test-amd64-i386-libvirt-raw pass test-amd64-amd64-xl-rtds pass test-armhf-armhf-xl-rtds pass test-arm64-arm64-xl-seattle pass test-amd64-amd64-xl-qemuu-debianhvm-amd64-shadow pass test-amd64-i386-xl-qemuu-debianhvm-amd64-shadow pass test-amd64-amd64-xl-shadow pass test-amd64-i386-xl-shadow pass test-arm64-arm64-xl-thunderx pass test-amd64-amd64-libvirt-vhd pass test-arm64-arm64-xl-vhd pass test-armhf-armhf-xl-vhd pass test-amd64-i386-xl-vhd pass ------------------------------------------------------------ sg-report-flight on osstest.test-lab.xenproject.org logs: /home/logs/logs images: /home/logs/images Logs, config files, etc. are available at http://logs.test-lab.xenproject.org/osstest/logs Explanation of these reports, and of osstest in general, is at http://xenbits.xen.org/gitweb/?p=osstest.git;a=blob;f=README.email;hb=master http://xenbits.xen.org/gitweb/?p=osstest.git;a=blob;f=README;hb=master Test harness code can be found at http://xenbits.xen.org/gitweb?p=osstest.git;a=summary Pushing revision : hint: The 'hooks/update' hook was ignored because it's not set as executable. hint: You can disable this warning with `git config advice.ignoredHook false`. hint: The 'hooks/post-receive' hook was ignored because it's not set as executable. hint: You can disable this warning with `git config advice.ignoredHook false`. hint: The 'hooks/post-update' hook was ignored because it's not set as executable. hint: You can disable this warning with `git config advice.ignoredHook false`. To xenbits.xen.org:/home/xen/git/linux-pvops.git ce061ef43f1d..4f508aa9dd3b 4f508aa9dd3bde7a1c5e4e6de72abb8a03fd504a -> tested/linux-5.4
