flight 165927 linux-linus real [real]
flight 165930 linux-linus real-retest [real]
http://logs.test-lab.xenproject.org/osstest/logs/165927/
http://logs.test-lab.xenproject.org/osstest/logs/165930/

Failures :-/ but no regressions.

Tests which are failing intermittently (not blocking):
 test-amd64-amd64-examine      4 memdisk-try-append  fail pass in 165930-retest
 test-amd64-amd64-freebsd11-amd64 21 guest-start/freebsd.repeat fail pass in 
165930-retest

Tests which did not succeed, but are not blocking:
 test-amd64-amd64-xl-qemut-win7-amd64 19 guest-stop            fail like 165916
 test-armhf-armhf-libvirt     16 saverestore-support-check    fail  like 165916
 test-amd64-amd64-xl-qemuu-ws16-amd64 19 guest-stop            fail like 165916
 test-amd64-amd64-xl-qemut-ws16-amd64 19 guest-stop            fail like 165916
 test-amd64-amd64-xl-qemuu-win7-amd64 19 guest-stop            fail like 165916
 test-armhf-armhf-libvirt-qcow2 15 saverestore-support-check   fail like 165916
 test-armhf-armhf-libvirt-raw 15 saverestore-support-check    fail  like 165916
 test-amd64-amd64-qemuu-nested-amd 20 debian-hvm-install/l1/l2 fail like 165916
 test-amd64-amd64-libvirt-xsm 15 migrate-support-check        fail   never pass
 test-amd64-amd64-libvirt     15 migrate-support-check        fail   never pass
 test-arm64-arm64-xl-seattle  15 migrate-support-check        fail   never pass
 test-arm64-arm64-xl-seattle  16 saverestore-support-check    fail   never pass
 test-arm64-arm64-xl          15 migrate-support-check        fail   never pass
 test-arm64-arm64-xl          16 saverestore-support-check    fail   never pass
 test-arm64-arm64-xl-xsm      15 migrate-support-check        fail   never pass
 test-arm64-arm64-xl-xsm      16 saverestore-support-check    fail   never pass
 test-arm64-arm64-xl-credit2  15 migrate-support-check        fail   never pass
 test-arm64-arm64-xl-credit2  16 saverestore-support-check    fail   never pass
 test-arm64-arm64-xl-thunderx 15 migrate-support-check        fail   never pass
 test-arm64-arm64-xl-thunderx 16 saverestore-support-check    fail   never pass
 test-arm64-arm64-libvirt-xsm 15 migrate-support-check        fail   never pass
 test-arm64-arm64-libvirt-xsm 16 saverestore-support-check    fail   never pass
 test-amd64-amd64-libvirt-raw 14 migrate-support-check        fail   never pass
 test-amd64-amd64-libvirt-qemuu-debianhvm-amd64-xsm 13 migrate-support-check 
fail never pass
 test-amd64-amd64-libvirt-qcow2 14 migrate-support-check        fail never pass
 test-armhf-armhf-xl-arndale  15 migrate-support-check        fail   never pass
 test-armhf-armhf-xl-arndale  16 saverestore-support-check    fail   never pass
 test-arm64-arm64-libvirt-raw 14 migrate-support-check        fail   never pass
 test-arm64-arm64-libvirt-raw 15 saverestore-support-check    fail   never pass
 test-arm64-arm64-xl-vhd      14 migrate-support-check        fail   never pass
 test-arm64-arm64-xl-vhd      15 saverestore-support-check    fail   never pass
 test-armhf-armhf-libvirt     15 migrate-support-check        fail   never pass
 test-armhf-armhf-xl-credit1  15 migrate-support-check        fail   never pass
 test-armhf-armhf-xl-credit1  16 saverestore-support-check    fail   never pass
 test-armhf-armhf-xl-rtds     15 migrate-support-check        fail   never pass
 test-armhf-armhf-xl-rtds     16 saverestore-support-check    fail   never pass
 test-armhf-armhf-xl-cubietruck 15 migrate-support-check        fail never pass
 test-armhf-armhf-xl          15 migrate-support-check        fail   never pass
 test-armhf-armhf-xl-cubietruck 16 saverestore-support-check    fail never pass
 test-armhf-armhf-xl          16 saverestore-support-check    fail   never pass
 test-arm64-arm64-xl-credit1  15 migrate-support-check        fail   never pass
 test-arm64-arm64-xl-credit1  16 saverestore-support-check    fail   never pass
 test-armhf-armhf-libvirt-qcow2 14 migrate-support-check        fail never pass
 test-armhf-armhf-libvirt-raw 14 migrate-support-check        fail   never pass
 test-armhf-armhf-xl-vhd      14 migrate-support-check        fail   never pass
 test-armhf-armhf-xl-vhd      15 saverestore-support-check    fail   never pass
 test-armhf-armhf-xl-multivcpu 15 migrate-support-check        fail  never pass
 test-armhf-armhf-xl-multivcpu 16 saverestore-support-check    fail  never pass
 test-armhf-armhf-xl-credit2  15 migrate-support-check        fail   never pass
 test-armhf-armhf-xl-credit2  16 saverestore-support-check    fail   never pass

version targeted for testing:
 linux                411a44c24a561e449b592ff631b7ae321f1eb559
baseline version:
 linux                1fc596a56b334f4d593a2b49e5ff55af6aaa0816

Last test of basis   165916  2021-10-27 18:10:33 Z    1 days
Testing same since   165927  2021-10-28 17:40:51 Z    0 days    1 attempts

------------------------------------------------------------
People who touched revisions under test:
  Alexei Starovoitov <[email protected]>
  Andrew Lunn <[email protected]>
  Björn Töpel <[email protected]>
  Christian Brauner <[email protected]>
  Cong Wang <[email protected]>
  Cyril Strejc <[email protected]>
  Daniel Borkmann <[email protected]>
  Daniel Jordan <[email protected]>
  Dave Ertman <[email protected]>
  David Ahern <[email protected]>
  David S. Miller <[email protected]>
  Davide Caratti <[email protected]>
  Dongli Zhang <[email protected]>
  Florian Westphal <[email protected]>
  Greg Kroah-Hartman <[email protected]>
  Guangbin Huang <[email protected]>
  Guenter Roeck <[email protected]>
  Gurucharan G <[email protected]>
  Ido Schimmel <[email protected]>
  Jakub Kicinski <[email protected]>
  Jamie Iles <[email protected]>
  Janghyub Seo <[email protected]>
  Janusz Dziedzic <[email protected]>
  Jason Wang <[email protected]>
  Jie Wang <[email protected]>
  Johan Hovold <[email protected]>
  Johannes Berg <[email protected]>
  John Fastabend <[email protected]>
  Jon Maloy <[email protected]>
  Krzysztof Kozlowski <[email protected]>
  Linus Torvalds <[email protected]>
  Liu Jian <[email protected]>
  Lorenz Bauer <[email protected]>
  Luke Nelson <[email protected]>
  Marcelo Ricardo Leitner <[email protected]>
  Mark Brown <[email protected]>
  Martin KaFai Lau <[email protected]>
  Mat Martineau <[email protected]>
  Max VA <[email protected]>
  Michael Chan <[email protected]>
  Michael S. Tsirkin <[email protected]>
  Nithin Dabilpuram <[email protected]>
  Pavel Skripkin <[email protected]>
  Quanyang Wang <[email protected]>
  Rakesh Babu <[email protected]>
  Rakesh Babu Saladi <[email protected]>
  Randy Dunlap <[email protected]>
  Roman Gushchin <[email protected]>
  Russ Weight <[email protected]>
  Simon Horman <[email protected]>
  Steven Rostedt (VMware) <[email protected]>
  Subbaraya Sundeep <[email protected]>
  Sunil Goutham <[email protected]>
  Sunil Kovvuri Goutham <[email protected]>
  Sunil Kovvuri Goutham <[email protected]>
  Sven Eckelmann <[email protected]>
  Tejun Heo <[email protected]>
  Thomas Perrot <[email protected]>
  Toke Høiland-Jørgensen <[email protected]>
  Tony Brelinski <[email protected]>
  Tony Lu <[email protected]>
  Tony Nguyen <[email protected]>
  Trevor Woerner <[email protected]>
  Vadym Kochan <[email protected]>
  Vasily Averin <[email protected]>
  Vincent Whitchurch <[email protected]>
  Vladimir Zapolskiy <[email protected]>
  Walter Stoll <[email protected]>
  Wang Hai <[email protected]>
  Wen Gu <[email protected]>
  Wim Van Sebroeck <[email protected]>
  Xie Yongji <[email protected]>
  Xin Long <[email protected]>
  Xu Kuohai <[email protected]>
  Yang Yingliang <[email protected]>
  Ying Xue <[email protected]>
  Yongxin Liu <[email protected]>
  Yu Xiao <[email protected]>
  Yucong Sun <[email protected]>
  Yufeng Mo <[email protected]>
  Yuiko Oshino <[email protected]>

jobs:
 build-amd64-xsm                                              pass    
 build-arm64-xsm                                              pass    
 build-i386-xsm                                               pass    
 build-amd64                                                  pass    
 build-arm64                                                  pass    
 build-armhf                                                  pass    
 build-i386                                                   pass    
 build-amd64-libvirt                                          pass    
 build-arm64-libvirt                                          pass    
 build-armhf-libvirt                                          pass    
 build-i386-libvirt                                           pass    
 build-amd64-pvops                                            pass    
 build-arm64-pvops                                            pass    
 build-armhf-pvops                                            pass    
 build-i386-pvops                                             pass    
 test-amd64-amd64-xl                                          pass    
 test-amd64-coresched-amd64-xl                                pass    
 test-arm64-arm64-xl                                          pass    
 test-armhf-armhf-xl                                          pass    
 test-amd64-amd64-libvirt-qemuu-debianhvm-amd64-xsm           pass    
 test-amd64-amd64-xl-qemut-stubdom-debianhvm-amd64-xsm        pass    
 test-amd64-amd64-xl-qemut-debianhvm-i386-xsm                 pass    
 test-amd64-amd64-xl-qemuu-debianhvm-i386-xsm                 pass    
 test-amd64-amd64-libvirt-xsm                                 pass    
 test-arm64-arm64-libvirt-xsm                                 pass    
 test-amd64-amd64-xl-xsm                                      pass    
 test-arm64-arm64-xl-xsm                                      pass    
 test-amd64-amd64-qemuu-nested-amd                            fail    
 test-amd64-amd64-xl-pvhv2-amd                                pass    
 test-amd64-amd64-dom0pvh-xl-amd                              pass    
 test-amd64-amd64-xl-qemut-debianhvm-amd64                    pass    
 test-amd64-amd64-xl-qemuu-debianhvm-amd64                    pass    
 test-amd64-amd64-freebsd11-amd64                             fail    
 test-amd64-amd64-freebsd12-amd64                             pass    
 test-amd64-amd64-xl-qemuu-ovmf-amd64                         pass    
 test-amd64-amd64-xl-qemut-win7-amd64                         fail    
 test-amd64-amd64-xl-qemuu-win7-amd64                         fail    
 test-amd64-amd64-xl-qemut-ws16-amd64                         fail    
 test-amd64-amd64-xl-qemuu-ws16-amd64                         fail    
 test-armhf-armhf-xl-arndale                                  pass    
 test-amd64-amd64-xl-credit1                                  pass    
 test-arm64-arm64-xl-credit1                                  pass    
 test-armhf-armhf-xl-credit1                                  pass    
 test-amd64-amd64-xl-credit2                                  pass    
 test-arm64-arm64-xl-credit2                                  pass    
 test-armhf-armhf-xl-credit2                                  pass    
 test-armhf-armhf-xl-cubietruck                               pass    
 test-amd64-amd64-xl-qemuu-dmrestrict-amd64-dmrestrict        pass    
 test-amd64-amd64-examine                                     pass    
 test-arm64-arm64-examine                                     pass    
 test-armhf-armhf-examine                                     pass    
 test-amd64-amd64-qemuu-nested-intel                          pass    
 test-amd64-amd64-xl-pvhv2-intel                              pass    
 test-amd64-amd64-dom0pvh-xl-intel                            pass    
 test-amd64-amd64-libvirt                                     pass    
 test-armhf-armhf-libvirt                                     pass    
 test-amd64-amd64-xl-multivcpu                                pass    
 test-armhf-armhf-xl-multivcpu                                pass    
 test-amd64-amd64-pair                                        pass    
 test-amd64-amd64-libvirt-pair                                pass    
 test-amd64-amd64-xl-pvshim                                   pass    
 test-amd64-amd64-pygrub                                      pass    
 test-amd64-amd64-libvirt-qcow2                               pass    
 test-armhf-armhf-libvirt-qcow2                               pass    
 test-amd64-amd64-libvirt-raw                                 pass    
 test-arm64-arm64-libvirt-raw                                 pass    
 test-armhf-armhf-libvirt-raw                                 pass    
 test-amd64-amd64-xl-rtds                                     pass    
 test-armhf-armhf-xl-rtds                                     pass    
 test-arm64-arm64-xl-seattle                                  pass    
 test-amd64-amd64-xl-qemuu-debianhvm-amd64-shadow             pass    
 test-amd64-amd64-xl-shadow                                   pass    
 test-arm64-arm64-xl-thunderx                                 pass    
 test-amd64-amd64-xl-vhd                                      pass    
 test-arm64-arm64-xl-vhd                                      pass    
 test-armhf-armhf-xl-vhd                                      pass    


------------------------------------------------------------
sg-report-flight on osstest.test-lab.xenproject.org
logs: /home/logs/logs
images: /home/logs/images

Logs, config files, etc. are available at
    http://logs.test-lab.xenproject.org/osstest/logs

Explanation of these reports, and of osstest in general, is at
    http://xenbits.xen.org/gitweb/?p=osstest.git;a=blob;f=README.email;hb=master
    http://xenbits.xen.org/gitweb/?p=osstest.git;a=blob;f=README;hb=master

Test harness code can be found at
    http://xenbits.xen.org/gitweb?p=osstest.git;a=summary


Pushing revision :

hint: The 'hooks/update' hook was ignored because it's not set as executable.
hint: You can disable this warning with `git config advice.ignoredHook false`.
hint: The 'hooks/post-receive' hook was ignored because it's not set as 
executable.
hint: You can disable this warning with `git config advice.ignoredHook false`.
hint: The 'hooks/post-update' hook was ignored because it's not set as 
executable.
hint: You can disable this warning with `git config advice.ignoredHook false`.
To xenbits.xen.org:/home/xen/git/linux-pvops.git
   1fc596a56b33..411a44c24a56  411a44c24a561e449b592ff631b7ae321f1eb559 -> 
tested/linux-linus

Reply via email to