flight 166922 linux-linus real [real]
http://logs.test-lab.xenproject.org/osstest/logs/166922/

Failures :-/ but no regressions.

Tests which did not succeed, but are not blocking:
 test-amd64-amd64-xl-qemut-win7-amd64 19 guest-stop            fail like 166380
 test-armhf-armhf-libvirt     16 saverestore-support-check    fail  like 166380
 test-amd64-amd64-qemuu-nested-amd 20 debian-hvm-install/l1/l2 fail like 166380
 test-amd64-amd64-xl-qemuu-ws16-amd64 19 guest-stop            fail like 166380
 test-amd64-amd64-xl-qemut-ws16-amd64 19 guest-stop            fail like 166380
 test-amd64-amd64-xl-qemuu-win7-amd64 19 guest-stop            fail like 166380
 test-armhf-armhf-libvirt-raw 15 saverestore-support-check    fail  like 166380
 test-armhf-armhf-libvirt-qcow2 15 saverestore-support-check   fail like 166380
 test-arm64-arm64-xl-seattle  15 migrate-support-check        fail   never pass
 test-arm64-arm64-xl-seattle  16 saverestore-support-check    fail   never pass
 test-amd64-amd64-libvirt-xsm 15 migrate-support-check        fail   never pass
 test-amd64-amd64-libvirt     15 migrate-support-check        fail   never pass
 test-amd64-amd64-libvirt-qcow2 14 migrate-support-check        fail never pass
 test-arm64-arm64-xl          15 migrate-support-check        fail   never pass
 test-arm64-arm64-xl          16 saverestore-support-check    fail   never pass
 test-arm64-arm64-xl-credit1  15 migrate-support-check        fail   never pass
 test-arm64-arm64-xl-credit1  16 saverestore-support-check    fail   never pass
 test-arm64-arm64-xl-credit2  15 migrate-support-check        fail   never pass
 test-arm64-arm64-libvirt-xsm 15 migrate-support-check        fail   never pass
 test-arm64-arm64-xl-credit2  16 saverestore-support-check    fail   never pass
 test-arm64-arm64-libvirt-xsm 16 saverestore-support-check    fail   never pass
 test-arm64-arm64-xl-thunderx 15 migrate-support-check        fail   never pass
 test-arm64-arm64-xl-thunderx 16 saverestore-support-check    fail   never pass
 test-amd64-amd64-libvirt-qemuu-debianhvm-amd64-xsm 13 migrate-support-check 
fail never pass
 test-armhf-armhf-xl-arndale  15 migrate-support-check        fail   never pass
 test-armhf-armhf-xl-arndale  16 saverestore-support-check    fail   never pass
 test-amd64-amd64-libvirt-raw 14 migrate-support-check        fail   never pass
 test-arm64-arm64-libvirt-raw 14 migrate-support-check        fail   never pass
 test-arm64-arm64-libvirt-raw 15 saverestore-support-check    fail   never pass
 test-arm64-arm64-xl-vhd      14 migrate-support-check        fail   never pass
 test-arm64-arm64-xl-vhd      15 saverestore-support-check    fail   never pass
 test-armhf-armhf-xl          15 migrate-support-check        fail   never pass
 test-armhf-armhf-xl-credit1  15 migrate-support-check        fail   never pass
 test-armhf-armhf-xl-credit1  16 saverestore-support-check    fail   never pass
 test-armhf-armhf-xl-credit2  15 migrate-support-check        fail   never pass
 test-armhf-armhf-xl-credit2  16 saverestore-support-check    fail   never pass
 test-armhf-armhf-xl          16 saverestore-support-check    fail   never pass
 test-armhf-armhf-xl-multivcpu 15 migrate-support-check        fail  never pass
 test-armhf-armhf-xl-multivcpu 16 saverestore-support-check    fail  never pass
 test-armhf-armhf-libvirt     15 migrate-support-check        fail   never pass
 test-armhf-armhf-xl-rtds     15 migrate-support-check        fail   never pass
 test-armhf-armhf-xl-rtds     16 saverestore-support-check    fail   never pass
 test-armhf-armhf-xl-cubietruck 15 migrate-support-check        fail never pass
 test-armhf-armhf-xl-cubietruck 16 saverestore-support-check    fail never pass
 test-armhf-armhf-xl-vhd      14 migrate-support-check        fail   never pass
 test-armhf-armhf-xl-vhd      15 saverestore-support-check    fail   never pass
 test-arm64-arm64-xl-xsm      15 migrate-support-check        fail   never pass
 test-arm64-arm64-xl-xsm      16 saverestore-support-check    fail   never pass
 test-armhf-armhf-libvirt-raw 14 migrate-support-check        fail   never pass
 test-armhf-armhf-libvirt-qcow2 14 migrate-support-check        fail never pass

version targeted for testing:
 linux                1bff7d7e8c487b9b0ceab70b43b781f1d45f55eb
baseline version:
 linux                5f53fa508db098c9d372423a6dac31c8a5679cdf

Last test of basis   166380  2021-11-25 06:37:51 Z    2 days
Testing same since   166922  2021-11-26 19:30:09 Z    0 days    1 attempts

------------------------------------------------------------
People who touched revisions under test:
  Abel Vesa <[email protected]>
  Adrian Hunter <[email protected]>
  Albert Wang <[email protected]>
  Alex Deucher <[email protected]>
  André Almeida <[email protected]>
  Arnd Bergmann <[email protected]>
  Ben Skeggs <[email protected]>
  Bokun Zhang <[email protected]>
  Boris Ostrovsky <[email protected]>
  Chanho Park <[email protected]>
  Christian Brauner <[email protected]>
  Christian König <[email protected]>
  Christian Lamparter <[email protected]>
  Christoph Hellwig <[email protected]>
  Christophe JAILLET <[email protected]>
  Cristian Marussi <[email protected]>
  Dan Carpenter <[email protected]>
  Daniel Wheeler <[email protected]>
  Daniele Ceraolo Spurio <[email protected]>
  Daniele Palmas <[email protected]>
  Dave Airlie <[email protected]>
  Deepak Rawat <[email protected]>
  Dinh Nguyen <[email protected]>
  Dmitry Osipenko <[email protected]>
  Enzo Matsumiya <[email protected]>
  Evan Quan <[email protected]>
  Fabio Aiuto <[email protected]>
  Fabio M. De Francesco <[email protected]>
  Felix Kuehling <[email protected]>
  Florian Fainelli <[email protected]>
  Geert Uytterhoeven <[email protected]>
  Greg Kroah-Hartman <[email protected]>
  Hans de Goede <[email protected]>
  Hector Martin <[email protected]>
  Heikki Krogerus <[email protected]>
  Jarkko Nikula <[email protected]>
  Jean Delvare <[email protected]>
  Jens Axboe <[email protected]>
  Jens Wiklander <[email protected]>
  Jie Deng <[email protected]>
  Joel Stanley <[email protected]>
  Johan Hovold <[email protected]>
  Jon Hunter <[email protected]>
  Juergen Gross <[email protected]>
  Kamal Mostafa <[email protected]>
  Karol Herbst <[email protected]>
  Klaus Jensen <[email protected]>
  Krzysztof Kozlowski <[email protected]>
  Larry Finger <[email protected]>
  Lijo Lazar <[email protected]>
  Linus Torvalds <[email protected]>
  Luben Tuikov <[email protected]>
  Lv Ruyi <[email protected]>
  Marek Szyprowski <[email protected]>
  Mark Rutland <[email protected]>
  Mathias Nyman <[email protected]>
  Matthew Wilcox (Oracle) <[email protected]>
  Maurizio Lombardi <[email protected]>
  Max Filippov <[email protected]>
  Maxime Ripard <[email protected]>
  Michael Ellerman <[email protected]> (powerpc)
  Michael Kelley <[email protected]>
  Michael S. Tsirkin <[email protected]>
  Michael Straube <[email protected]>
  Minas Harutyunyan <[email protected]>
  Ming Lei <[email protected]>
  Mingjie Zhang <[email protected]>
  Miquel Raynal <[email protected]>
  Mohammed Gamal <[email protected]>
  Nathan Chancellor <[email protected]>
  Nicholas Kazlauskas <[email protected]>
  Nicolas Chauvet <[email protected]> # T124 TK1
  Nishanth Menon <[email protected]>
  Noralf Trønnes <[email protected]>
  Ondrej Jirman <[email protected]>
  Oskar Senft <[email protected]>
  Pavel Begunkov <[email protected]>
  Peng Fan <[email protected]>
  Philip Yang <[email protected]>
  Pingfan Liu <[email protected]>
  Qingqing Zhuo <[email protected]>
  Rob Herring <[email protected]>
  Rodrigo Vivi <[email protected]>
  Sam Ravnborg <[email protected]>
  Santosh Shilimkar <[email protected]>
  shaoyunl <[email protected]>
  Shyam Prasad N <[email protected]>
  Stefano Stabellini <[email protected]>
  Steve French <[email protected]>
  Sudeep Holla <[email protected]>
  Sugaya Taichi <[email protected]>
  Takashi Iwai <[email protected]>
  Tejas Upadhyay <[email protected]>
  Thierry Reding <[email protected]>
  Thierry Reding <[email protected]> # Tegra CI
  Thinh Nguyen <[email protected]>
  Thomas Graichen <[email protected]> # T124 Nyan Big
  Tim Harvey <[email protected]>
  Todd Kjos <[email protected]>
  Ulf Hansson <[email protected]>
  Varun Prakash <[email protected]>
  Vincent Guittot <[email protected]>
  Vincent Whitchurch <[email protected]>
  Will Deacon <[email protected]>
  Wolfram Sang <[email protected]>
  xinhui pan <[email protected]>
  Yang Guang <[email protected]>
  Yang Wang <[email protected]>
  Yi-Ling Chen <[email protected]>
  Yong Wu <[email protected]>

jobs:
 build-amd64-xsm                                              pass    
 build-arm64-xsm                                              pass    
 build-i386-xsm                                               pass    
 build-amd64                                                  pass    
 build-arm64                                                  pass    
 build-armhf                                                  pass    
 build-i386                                                   pass    
 build-amd64-libvirt                                          pass    
 build-arm64-libvirt                                          pass    
 build-armhf-libvirt                                          pass    
 build-i386-libvirt                                           pass    
 build-amd64-pvops                                            pass    
 build-arm64-pvops                                            pass    
 build-armhf-pvops                                            pass    
 build-i386-pvops                                             pass    
 test-amd64-amd64-xl                                          pass    
 test-amd64-coresched-amd64-xl                                pass    
 test-arm64-arm64-xl                                          pass    
 test-armhf-armhf-xl                                          pass    
 test-amd64-amd64-libvirt-qemuu-debianhvm-amd64-xsm           pass    
 test-amd64-amd64-xl-qemut-stubdom-debianhvm-amd64-xsm        pass    
 test-amd64-amd64-xl-qemut-debianhvm-i386-xsm                 pass    
 test-amd64-amd64-xl-qemuu-debianhvm-i386-xsm                 pass    
 test-amd64-amd64-libvirt-xsm                                 pass    
 test-arm64-arm64-libvirt-xsm                                 pass    
 test-amd64-amd64-xl-xsm                                      pass    
 test-arm64-arm64-xl-xsm                                      pass    
 test-amd64-amd64-qemuu-nested-amd                            fail    
 test-amd64-amd64-xl-pvhv2-amd                                pass    
 test-amd64-amd64-dom0pvh-xl-amd                              pass    
 test-amd64-amd64-xl-qemut-debianhvm-amd64                    pass    
 test-amd64-amd64-xl-qemuu-debianhvm-amd64                    pass    
 test-amd64-amd64-freebsd11-amd64                             pass    
 test-amd64-amd64-freebsd12-amd64                             pass    
 test-amd64-amd64-xl-qemuu-ovmf-amd64                         pass    
 test-amd64-amd64-xl-qemut-win7-amd64                         fail    
 test-amd64-amd64-xl-qemuu-win7-amd64                         fail    
 test-amd64-amd64-xl-qemut-ws16-amd64                         fail    
 test-amd64-amd64-xl-qemuu-ws16-amd64                         fail    
 test-armhf-armhf-xl-arndale                                  pass    
 test-amd64-amd64-xl-credit1                                  pass    
 test-arm64-arm64-xl-credit1                                  pass    
 test-armhf-armhf-xl-credit1                                  pass    
 test-amd64-amd64-xl-credit2                                  pass    
 test-arm64-arm64-xl-credit2                                  pass    
 test-armhf-armhf-xl-credit2                                  pass    
 test-armhf-armhf-xl-cubietruck                               pass    
 test-amd64-amd64-xl-qemuu-dmrestrict-amd64-dmrestrict        pass    
 test-amd64-amd64-examine                                     pass    
 test-arm64-arm64-examine                                     pass    
 test-armhf-armhf-examine                                     pass    
 test-amd64-amd64-qemuu-nested-intel                          pass    
 test-amd64-amd64-xl-pvhv2-intel                              pass    
 test-amd64-amd64-dom0pvh-xl-intel                            pass    
 test-amd64-amd64-libvirt                                     pass    
 test-armhf-armhf-libvirt                                     pass    
 test-amd64-amd64-xl-multivcpu                                pass    
 test-armhf-armhf-xl-multivcpu                                pass    
 test-amd64-amd64-pair                                        pass    
 test-amd64-amd64-libvirt-pair                                pass    
 test-amd64-amd64-xl-pvshim                                   pass    
 test-amd64-amd64-pygrub                                      pass    
 test-amd64-amd64-libvirt-qcow2                               pass    
 test-armhf-armhf-libvirt-qcow2                               pass    
 test-amd64-amd64-libvirt-raw                                 pass    
 test-arm64-arm64-libvirt-raw                                 pass    
 test-armhf-armhf-libvirt-raw                                 pass    
 test-amd64-amd64-xl-rtds                                     pass    
 test-armhf-armhf-xl-rtds                                     pass    
 test-arm64-arm64-xl-seattle                                  pass    
 test-amd64-amd64-xl-qemuu-debianhvm-amd64-shadow             pass    
 test-amd64-amd64-xl-shadow                                   pass    
 test-arm64-arm64-xl-thunderx                                 pass    
 test-amd64-amd64-xl-vhd                                      pass    
 test-arm64-arm64-xl-vhd                                      pass    
 test-armhf-armhf-xl-vhd                                      pass    


------------------------------------------------------------
sg-report-flight on osstest.test-lab.xenproject.org
logs: /home/logs/logs
images: /home/logs/images

Logs, config files, etc. are available at
    http://logs.test-lab.xenproject.org/osstest/logs

Explanation of these reports, and of osstest in general, is at
    http://xenbits.xen.org/gitweb/?p=osstest.git;a=blob;f=README.email;hb=master
    http://xenbits.xen.org/gitweb/?p=osstest.git;a=blob;f=README;hb=master

Test harness code can be found at
    http://xenbits.xen.org/gitweb?p=osstest.git;a=summary


Pushing revision :

hint: The 'hooks/update' hook was ignored because it's not set as executable.
hint: You can disable this warning with `git config advice.ignoredHook false`.
hint: The 'hooks/post-receive' hook was ignored because it's not set as 
executable.
hint: You can disable this warning with `git config advice.ignoredHook false`.
hint: The 'hooks/post-update' hook was ignored because it's not set as 
executable.
hint: You can disable this warning with `git config advice.ignoredHook false`.
To xenbits.xen.org:/home/xen/git/linux-pvops.git
   5f53fa508db0..1bff7d7e8c48  1bff7d7e8c487b9b0ceab70b43b781f1d45f55eb -> 
tested/linux-linus

Reply via email to