flight 166942 linux-linus real [real] flight 166962 linux-linus real-retest [real] http://logs.test-lab.xenproject.org/osstest/logs/166942/ http://logs.test-lab.xenproject.org/osstest/logs/166962/
Failures :-/ but no regressions. Tests which are failing intermittently (not blocking): test-armhf-armhf-xl-vhd 10 host-ping-check-xen fail pass in 166962-retest test-arm64-arm64-xl-vhd 17 guest-start/debian.repeat fail pass in 166962-retest Tests which did not succeed, but are not blocking: test-armhf-armhf-xl-vhd 14 migrate-support-check fail in 166962 never pass test-armhf-armhf-xl-vhd 15 saverestore-support-check fail in 166962 never pass test-amd64-amd64-xl-qemut-win7-amd64 19 guest-stop fail like 166922 test-armhf-armhf-libvirt 16 saverestore-support-check fail like 166922 test-amd64-amd64-qemuu-nested-amd 20 debian-hvm-install/l1/l2 fail like 166922 test-amd64-amd64-xl-qemuu-ws16-amd64 19 guest-stop fail like 166922 test-amd64-amd64-xl-qemut-ws16-amd64 19 guest-stop fail like 166922 test-amd64-amd64-xl-qemuu-win7-amd64 19 guest-stop fail like 166922 test-armhf-armhf-libvirt-raw 15 saverestore-support-check fail like 166922 test-armhf-armhf-libvirt-qcow2 15 saverestore-support-check fail like 166922 test-arm64-arm64-xl-seattle 15 migrate-support-check fail never pass test-arm64-arm64-xl-seattle 16 saverestore-support-check fail never pass test-amd64-amd64-libvirt-xsm 15 migrate-support-check fail never pass test-amd64-amd64-libvirt 15 migrate-support-check fail never pass test-amd64-amd64-libvirt-qcow2 14 migrate-support-check fail never pass test-arm64-arm64-xl 15 migrate-support-check fail never pass test-arm64-arm64-xl 16 saverestore-support-check fail never pass test-arm64-arm64-libvirt-xsm 15 migrate-support-check fail never pass test-arm64-arm64-xl-credit2 15 migrate-support-check fail never pass test-arm64-arm64-xl-credit2 16 saverestore-support-check fail never pass test-arm64-arm64-libvirt-xsm 16 saverestore-support-check fail never pass test-arm64-arm64-xl-thunderx 15 migrate-support-check fail never pass test-arm64-arm64-xl-thunderx 16 saverestore-support-check fail never pass test-amd64-amd64-libvirt-qemuu-debianhvm-amd64-xsm 13 migrate-support-check fail never pass test-armhf-armhf-xl-arndale 15 migrate-support-check fail never pass test-armhf-armhf-xl-arndale 16 saverestore-support-check fail never pass test-amd64-amd64-libvirt-raw 14 migrate-support-check fail never pass test-arm64-arm64-libvirt-raw 14 migrate-support-check fail never pass test-arm64-arm64-libvirt-raw 15 saverestore-support-check fail never pass test-arm64-arm64-xl-vhd 14 migrate-support-check fail never pass test-arm64-arm64-xl-vhd 15 saverestore-support-check fail never pass test-armhf-armhf-xl-credit1 15 migrate-support-check fail never pass test-armhf-armhf-xl 15 migrate-support-check fail never pass test-armhf-armhf-xl-credit1 16 saverestore-support-check fail never pass test-armhf-armhf-xl-credit2 15 migrate-support-check fail never pass test-armhf-armhf-xl-credit2 16 saverestore-support-check fail never pass test-armhf-armhf-xl 16 saverestore-support-check fail never pass test-armhf-armhf-xl-multivcpu 15 migrate-support-check fail never pass test-armhf-armhf-xl-multivcpu 16 saverestore-support-check fail never pass test-armhf-armhf-libvirt 15 migrate-support-check fail never pass test-armhf-armhf-xl-rtds 15 migrate-support-check fail never pass test-armhf-armhf-xl-rtds 16 saverestore-support-check fail never pass test-armhf-armhf-xl-cubietruck 15 migrate-support-check fail never pass test-armhf-armhf-xl-cubietruck 16 saverestore-support-check fail never pass test-arm64-arm64-xl-xsm 15 migrate-support-check fail never pass test-arm64-arm64-xl-xsm 16 saverestore-support-check fail never pass test-arm64-arm64-xl-credit1 15 migrate-support-check fail never pass test-arm64-arm64-xl-credit1 16 saverestore-support-check fail never pass test-armhf-armhf-libvirt-raw 14 migrate-support-check fail never pass test-armhf-armhf-libvirt-qcow2 14 migrate-support-check fail never pass version targeted for testing: linux c5c17547b778975b3d83a73c8d84e8fb5ecf3ba5 baseline version: linux 1bff7d7e8c487b9b0ceab70b43b781f1d45f55eb Last test of basis 166922 2021-11-26 19:30:09 Z 4 days Testing same since 166942 2021-11-27 18:11:40 Z 3 days 1 attempts ------------------------------------------------------------ People who touched revisions under test: Adamos Ttofari <[email protected]> Ahmad Fatoum <[email protected]> Alessandro B Maurici <[email protected]> Alex Elder <[email protected]> Alexander Aring <[email protected]> Amit Cohen <[email protected]> Ansuel Smith <[email protected]> Arnd Bergmann <[email protected]> Brett Creeley <[email protected]> Casey Schaufler <[email protected]> Chuanqi Liu <[email protected]> Cong Wang <[email protected]> Daniel Borkmann <[email protected]> Danielle Ratson <[email protected]> David S. Miller <[email protected]> David Sterba <[email protected]> Davide Caratti <[email protected]> Diana Wang <[email protected]> Dylan Hung <[email protected]> Eric Dumazet <[email protected]> Evan Green <[email protected]> Florent Fourcot <[email protected]> Florian Fainelli <[email protected]> Florian Westphal <[email protected]> George Kuruvinakunnel <[email protected]> Guangbin Huang <[email protected]> Guo DaXing <[email protected]> Hao Chen <[email protected]> Heiner Kallweit <[email protected]> Holger Assmann <[email protected]> Huang Pei <[email protected]> Ido Schimmel <[email protected]> Jakub Kicinski <[email protected]> Jamal Hadi Salim <[email protected]> James Prestwood <[email protected]> Jan Sokolowski <[email protected]> Jaroslaw Gawin <[email protected]> Jedrzej Jagielski <[email protected]> Jesse Brandeburg <[email protected]> Jie Wang <[email protected]> Jing Yao <[email protected]> Julian Anastasov <[email protected]> Julian Wiedmann <[email protected]> Kai-Heng Feng <[email protected]> Karsten Graul <[email protected]> Kiran Bhandare <[email protected]> Konrad Jankowski <[email protected]> Kumar Thangavel <[email protected]> Kumar Thangavel <[email protected]> Li Zhijian <[email protected]> Linus Torvalds <[email protected]> Maciej Fijalkowski <[email protected]> Marek Behún <[email protected]> Marta Plantykow <[email protected]> Martyn Welch <[email protected]> Michael Larabel <[email protected]> Michael S. Tsirkin <[email protected]> Miklos Szeredi <[email protected]> Neal Cardwell <[email protected]> Nicolas Iooss <[email protected]> Nikolay Aleksandrov <[email protected]> Nitesh B Venkatesh <[email protected]> Oleksandr Natalenko <[email protected]> Oleksij Rempel <[email protected]> Pablo Neira Ayuso <[email protected]> Paolo Abeni <[email protected]> Phil Sutter <[email protected]> Qu Wenruo <[email protected]> Rafael J. Wysocki <[email protected]> Richard Cochran <[email protected]> Richard Herbert <[email protected]> Robert Marko <[email protected]> Russell King (Oracle) <[email protected]> Sakari Ailus <[email protected]> Samuel Mendoza-Jonas <[email protected]> Simon Horman <[email protected]> Simon Horman <[email protected]> Srinivas Pandruvada <[email protected]> Stefan Schmidt <[email protected]> Thadeu Lima de Souza Cascardo <[email protected]> Thomas Zeitlhofer <[email protected]> Tobias Brunner <[email protected]> Tony Lu <[email protected]> Tony Nguyen <[email protected]> Vincent Whitchurch <[email protected]> Vladimir Oltean <[email protected]> Volodymyr Mytnyk <[email protected]> Wan Jiabing <[email protected]> Wen Gu <[email protected]> Will Mortensen <[email protected]> yangxingwu <[email protected]> Yannick Vignon <[email protected]> Zekun Shen <[email protected]> zhangyue <[email protected]> Zheyu Ma <[email protected]> Ziyang Xuan <[email protected]> Łukasz Stelmach <[email protected]> jobs: build-amd64-xsm pass build-arm64-xsm pass build-i386-xsm pass build-amd64 pass build-arm64 pass build-armhf pass build-i386 pass build-amd64-libvirt pass build-arm64-libvirt pass build-armhf-libvirt pass build-i386-libvirt pass build-amd64-pvops pass build-arm64-pvops pass build-armhf-pvops pass build-i386-pvops pass test-amd64-amd64-xl pass test-amd64-coresched-amd64-xl pass test-arm64-arm64-xl pass test-armhf-armhf-xl pass test-amd64-amd64-libvirt-qemuu-debianhvm-amd64-xsm pass test-amd64-amd64-xl-qemut-stubdom-debianhvm-amd64-xsm pass test-amd64-amd64-xl-qemut-debianhvm-i386-xsm pass test-amd64-amd64-xl-qemuu-debianhvm-i386-xsm pass test-amd64-amd64-libvirt-xsm pass test-arm64-arm64-libvirt-xsm pass test-amd64-amd64-xl-xsm pass test-arm64-arm64-xl-xsm pass test-amd64-amd64-qemuu-nested-amd fail test-amd64-amd64-xl-pvhv2-amd pass test-amd64-amd64-dom0pvh-xl-amd pass test-amd64-amd64-xl-qemut-debianhvm-amd64 pass test-amd64-amd64-xl-qemuu-debianhvm-amd64 pass test-amd64-amd64-freebsd11-amd64 pass test-amd64-amd64-freebsd12-amd64 pass test-amd64-amd64-xl-qemuu-ovmf-amd64 pass test-amd64-amd64-xl-qemut-win7-amd64 fail test-amd64-amd64-xl-qemuu-win7-amd64 fail test-amd64-amd64-xl-qemut-ws16-amd64 fail test-amd64-amd64-xl-qemuu-ws16-amd64 fail test-armhf-armhf-xl-arndale pass test-amd64-amd64-xl-credit1 pass test-arm64-arm64-xl-credit1 pass test-armhf-armhf-xl-credit1 pass test-amd64-amd64-xl-credit2 pass test-arm64-arm64-xl-credit2 pass test-armhf-armhf-xl-credit2 pass test-armhf-armhf-xl-cubietruck pass test-amd64-amd64-xl-qemuu-dmrestrict-amd64-dmrestrict pass test-amd64-amd64-examine pass test-arm64-arm64-examine pass test-armhf-armhf-examine pass test-amd64-amd64-qemuu-nested-intel pass test-amd64-amd64-xl-pvhv2-intel pass test-amd64-amd64-dom0pvh-xl-intel pass test-amd64-amd64-libvirt pass test-armhf-armhf-libvirt pass test-amd64-amd64-xl-multivcpu pass test-armhf-armhf-xl-multivcpu pass test-amd64-amd64-pair pass test-amd64-amd64-libvirt-pair pass test-amd64-amd64-xl-pvshim pass test-amd64-amd64-pygrub pass test-amd64-amd64-libvirt-qcow2 pass test-armhf-armhf-libvirt-qcow2 pass test-amd64-amd64-libvirt-raw pass test-arm64-arm64-libvirt-raw pass test-armhf-armhf-libvirt-raw pass test-amd64-amd64-xl-rtds pass test-armhf-armhf-xl-rtds pass test-arm64-arm64-xl-seattle pass test-amd64-amd64-xl-qemuu-debianhvm-amd64-shadow pass test-amd64-amd64-xl-shadow pass test-arm64-arm64-xl-thunderx pass test-amd64-amd64-xl-vhd pass test-arm64-arm64-xl-vhd fail test-armhf-armhf-xl-vhd fail ------------------------------------------------------------ sg-report-flight on osstest.test-lab.xenproject.org logs: /home/logs/logs images: /home/logs/images Logs, config files, etc. are available at http://logs.test-lab.xenproject.org/osstest/logs Explanation of these reports, and of osstest in general, is at http://xenbits.xen.org/gitweb/?p=osstest.git;a=blob;f=README.email;hb=master http://xenbits.xen.org/gitweb/?p=osstest.git;a=blob;f=README;hb=master Test harness code can be found at http://xenbits.xen.org/gitweb?p=osstest.git;a=summary Pushing revision : hint: The 'hooks/update' hook was ignored because it's not set as executable. hint: You can disable this warning with `git config advice.ignoredHook false`. hint: The 'hooks/post-receive' hook was ignored because it's not set as executable. hint: You can disable this warning with `git config advice.ignoredHook false`. hint: The 'hooks/post-update' hook was ignored because it's not set as executable. hint: You can disable this warning with `git config advice.ignoredHook false`. To xenbits.xen.org:/home/xen/git/linux-pvops.git 1bff7d7e8c48..c5c17547b778 c5c17547b778975b3d83a73c8d84e8fb5ecf3ba5 -> tested/linux-linus
