flight 167110 xen-unstable-smoke real [real] http://logs.test-lab.xenproject.org/osstest/logs/167110/
Failures :-/ but no regressions. Tests which did not succeed, but are not blocking: test-amd64-amd64-libvirt 15 migrate-support-check fail never pass test-arm64-arm64-xl-xsm 15 migrate-support-check fail never pass test-arm64-arm64-xl-xsm 16 saverestore-support-check fail never pass test-armhf-armhf-xl 15 migrate-support-check fail never pass test-armhf-armhf-xl 16 saverestore-support-check fail never pass version targeted for testing: xen ea0c08bc77fe7bd7e4e65c648e17752e91912d01 baseline version: xen e7f147bf4ac725492962a501da72f5ab6be682db Last test of basis 166958 2021-11-30 12:00:32 Z 4 days Failing since 166977 2021-12-01 17:08:21 Z 3 days 12 attempts Testing same since 167105 2021-12-03 18:02:58 Z 1 days 2 attempts ------------------------------------------------------------ People who touched revisions under test: Andrew Cooper <[email protected]> Ayan Kumar Halder <[email protected]> Ayan Kumar Halder <[email protected]> Ian Jackson <[email protected]> Jan Beulich <[email protected]> Juergen Gross <[email protected]> Julien Grall <[email protected]> Luca Fancellu <[email protected]> Michal Orzel <[email protected]> Oleksandr Andrushchenko <[email protected]> Rahul Singh <[email protected]> Roger Pau Monne <[email protected]> Roger Pau Monné <[email protected]> Stewart Hildebrand <[email protected]> Tim Deegan <[email protected]> Vikram Garhwal <[email protected]> jobs: build-arm64-xsm pass build-amd64 pass build-armhf pass build-amd64-libvirt pass build-amd64-pvops pass build-arm64-pvops pass build-armhf-pvops pass test-armhf-armhf-xl pass test-arm64-arm64-xl-xsm pass test-amd64-amd64-xl-qemuu-debianhvm-amd64 pass test-amd64-amd64-libvirt pass ------------------------------------------------------------ sg-report-flight on osstest.test-lab.xenproject.org logs: /home/logs/logs images: /home/logs/images Logs, config files, etc. are available at http://logs.test-lab.xenproject.org/osstest/logs Explanation of these reports, and of osstest in general, is at http://xenbits.xen.org/gitweb/?p=osstest.git;a=blob;f=README.email;hb=master http://xenbits.xen.org/gitweb/?p=osstest.git;a=blob;f=README;hb=master Test harness code can be found at http://xenbits.xen.org/gitweb?p=osstest.git;a=summary Pushing revision : To xenbits.xen.org:/home/xen/git/xen.git e7f147bf4a..ea0c08bc77 ea0c08bc77fe7bd7e4e65c648e17752e91912d01 -> smoke
