flight 167287 linux-linus real [real]
http://logs.test-lab.xenproject.org/osstest/logs/167287/

Failures :-/ but no regressions.

Tests which did not succeed, but are not blocking:
 test-amd64-amd64-xl-qemut-win7-amd64 19 guest-stop            fail like 167229
 test-armhf-armhf-libvirt     16 saverestore-support-check    fail  like 167229
 test-amd64-amd64-qemuu-nested-amd 20 debian-hvm-install/l1/l2 fail like 167229
 test-amd64-amd64-xl-qemuu-ws16-amd64 19 guest-stop            fail like 167229
 test-amd64-amd64-xl-qemut-ws16-amd64 19 guest-stop            fail like 167229
 test-amd64-amd64-xl-qemuu-win7-amd64 19 guest-stop            fail like 167229
 test-armhf-armhf-libvirt-qcow2 15 saverestore-support-check   fail like 167229
 test-armhf-armhf-libvirt-raw 15 saverestore-support-check    fail  like 167229
 test-arm64-arm64-xl-seattle  15 migrate-support-check        fail   never pass
 test-arm64-arm64-xl-seattle  16 saverestore-support-check    fail   never pass
 test-amd64-amd64-libvirt-xsm 15 migrate-support-check        fail   never pass
 test-amd64-amd64-libvirt     15 migrate-support-check        fail   never pass
 test-arm64-arm64-xl-xsm      15 migrate-support-check        fail   never pass
 test-arm64-arm64-xl-xsm      16 saverestore-support-check    fail   never pass
 test-arm64-arm64-xl          15 migrate-support-check        fail   never pass
 test-arm64-arm64-xl          16 saverestore-support-check    fail   never pass
 test-arm64-arm64-xl-thunderx 15 migrate-support-check        fail   never pass
 test-arm64-arm64-xl-thunderx 16 saverestore-support-check    fail   never pass
 test-arm64-arm64-libvirt-xsm 15 migrate-support-check        fail   never pass
 test-arm64-arm64-libvirt-xsm 16 saverestore-support-check    fail   never pass
 test-amd64-amd64-libvirt-qemuu-debianhvm-amd64-xsm 13 migrate-support-check 
fail never pass
 test-amd64-amd64-libvirt-raw 14 migrate-support-check        fail   never pass
 test-armhf-armhf-xl-arndale  15 migrate-support-check        fail   never pass
 test-armhf-armhf-xl-arndale  16 saverestore-support-check    fail   never pass
 test-arm64-arm64-libvirt-raw 14 migrate-support-check        fail   never pass
 test-arm64-arm64-libvirt-raw 15 saverestore-support-check    fail   never pass
 test-armhf-armhf-xl-multivcpu 15 migrate-support-check        fail  never pass
 test-armhf-armhf-xl-multivcpu 16 saverestore-support-check    fail  never pass
 test-arm64-arm64-xl-vhd      14 migrate-support-check        fail   never pass
 test-armhf-armhf-xl-credit1  15 migrate-support-check        fail   never pass
 test-arm64-arm64-xl-vhd      15 saverestore-support-check    fail   never pass
 test-armhf-armhf-xl-credit1  16 saverestore-support-check    fail   never pass
 test-armhf-armhf-xl-credit2  15 migrate-support-check        fail   never pass
 test-armhf-armhf-xl-rtds     15 migrate-support-check        fail   never pass
 test-armhf-armhf-xl-credit2  16 saverestore-support-check    fail   never pass
 test-armhf-armhf-xl-rtds     16 saverestore-support-check    fail   never pass
 test-armhf-armhf-xl          15 migrate-support-check        fail   never pass
 test-armhf-armhf-xl          16 saverestore-support-check    fail   never pass
 test-armhf-armhf-libvirt     15 migrate-support-check        fail   never pass
 test-armhf-armhf-xl-cubietruck 15 migrate-support-check        fail never pass
 test-armhf-armhf-xl-cubietruck 16 saverestore-support-check    fail never pass
 test-arm64-arm64-xl-credit2  15 migrate-support-check        fail   never pass
 test-arm64-arm64-xl-credit2  16 saverestore-support-check    fail   never pass
 test-arm64-arm64-xl-credit1  15 migrate-support-check        fail   never pass
 test-arm64-arm64-xl-credit1  16 saverestore-support-check    fail   never pass
 test-armhf-armhf-libvirt-qcow2 14 migrate-support-check        fail never pass
 test-amd64-amd64-libvirt-qcow2 14 migrate-support-check        fail never pass
 test-armhf-armhf-libvirt-raw 14 migrate-support-check        fail   never pass
 test-armhf-armhf-xl-vhd      14 migrate-support-check        fail   never pass
 test-armhf-armhf-xl-vhd      15 saverestore-support-check    fail   never pass

version targeted for testing:
 linux                ded746bfc94398d2ee9de315a187677b207b2004
baseline version:
 linux                2a987e65025e2b79c6d453b78cb5985ac6e5eb26

Last test of basis   167229  2021-12-08 05:58:09 Z    1 days
Testing same since   167287  2021-12-09 19:40:01 Z    0 days    1 attempts

------------------------------------------------------------
People who touched revisions under test:
  Alexander Potapenko <[email protected]>
  Alexei Starovoitov <[email protected]>
  Alok Prasad <[email protected]>
  Ameer Hamza <[email protected]>
  Andrea Mayer <[email protected]>
  Andrii Nakryiko <[email protected]>
  Anirudh Venkataramanan <[email protected]>
  Antoine Tenart <[email protected]>
  Ariel Elior <[email protected]>
  Benjamin Tissoires <[email protected]>
  Bindushree P <[email protected]>
  Björn Töpel <[email protected]>
  Brian Silverman <[email protected]>
  Cai Huoqing <[email protected]>
  Dan Carpenter <[email protected]>
  Daniel Borkmann <[email protected]>
  Dave Ertman <[email protected]>
  David Ahern <[email protected]>
  David Howells <[email protected]>
  David S. Miller <[email protected]>
  Davide Caratti <[email protected]>
  Emmanuel Deloget <[email protected]>
  Eric Dumazet <[email protected]>
  Florian Fainelli <[email protected]>
  Florian Westphal <[email protected]>
  George Kuruvinakunnel <[email protected]>
  Greg Kroah-Hartman <[email protected]>
  Grzegorz Szczurek <[email protected]>
  Guolin Yang <[email protected]>
  Gurucharan G <[email protected]>
  Hans de Goede <[email protected]>
  Herve Codina <[email protected]>
  Jakub Kicinski <[email protected]>
  Jamal Hadi Salim <[email protected]>
  Jani Nikula <[email protected]>
  Jarkko Nikula <[email protected]>
  Jeff Layton <[email protected]>
  Jeffle Xu <[email protected]>
  Jesper Dangaard Brouer <[email protected]>
  Jesse Brandeburg <[email protected]>
  Jianglei Nie <[email protected]>
  Jianguo Wu <[email protected]>
  Jiasheng Jiang <[email protected]>
  Jimmy Assarsson <[email protected]>
  Jiri Kosina <[email protected]>
  Jiri Pirko <[email protected]>
  Joakim Zhang <[email protected]>
  Johan Almbladh <[email protected]>
  John Fastabend <[email protected]>
  Jon Hunter <[email protected]>
  José Expósito <[email protected]>
  Julian Wiedmann <[email protected]>
  Karen Sornek <[email protected]>
  Konrad Jankowski <[email protected]>
  Krzysztof Kozlowski <[email protected]>
  Krzysztof Wilczyński <[email protected]>
  Kumar Kartikeya Dwivedi <[email protected]>
  Kuniyuki Iwashima <[email protected]>
  Lee Jones <[email protected]>
  Li Zhijian <[email protected]>
  Linus Torvalds <[email protected]>
  Louis Amas <[email protected]>
  M Chetan Kumar <[email protected]>
  Maarten Zanders <[email protected]>
  Manish Chopra <[email protected]>
  Marc Kleine-Budde <[email protected]>
  Martyn Welch <[email protected]>
  Mateusz Palczewski <[email protected]>
  Matthias Schiffer <[email protected]>
  Maxim Mikityanskiy <[email protected]>
  Michal Maloszewski <[email protected]>
  Michal Swiatkowski <[email protected]>
  Miquel Raynal <[email protected]>
  Mitch Williams <[email protected]>
  Nicolas Dichtel <[email protected]>
  Nikita Yushchenko <[email protected]>
  Norbert Zulinski <[email protected]>
  Oliver Hartkopp <[email protected]>
  Pablo Neira Ayuso <[email protected]>
  Paul Greenwalt <[email protected]>
  Peilin Ye <[email protected]>
  Peter Chen <[email protected]>
  Petr Machata <[email protected]>
  Prabhakar Kushwaha <[email protected]>
  Ronak Doshi <[email protected]>
  Russell King (Oracle) <[email protected]>
  Russell King <[email protected]>
  Sandeep Penigalapati <[email protected]>
  Sasha Levin <[email protected]>
  Sebastian Andrzej Siewior <[email protected]>
  SeongJae Park <[email protected]>
  Simon Horman <[email protected]>
  Song Liu <[email protected]>
  Srinivas Pandruvada <[email protected]>
  Stefano Brivio <[email protected]>
  Sylwester Dziedziuch <[email protected]>
  Tadeusz Struk <[email protected]>
  Thomas Weißschuh <[email protected]>
  Tony Brelinski <[email protected]>
  Tony Nguyen <[email protected]>
  Vadim Fedorenko <[email protected]>
  Vincent Mailhol <[email protected]>
  xiazhengqiao <[email protected]>
  Yahui Cao <[email protected]>
  Yanteng Si <[email protected]>
  Yanteng Si <[email protected]>

jobs:
 build-amd64-xsm                                              pass    
 build-arm64-xsm                                              pass    
 build-i386-xsm                                               pass    
 build-amd64                                                  pass    
 build-arm64                                                  pass    
 build-armhf                                                  pass    
 build-i386                                                   pass    
 build-amd64-libvirt                                          pass    
 build-arm64-libvirt                                          pass    
 build-armhf-libvirt                                          pass    
 build-i386-libvirt                                           pass    
 build-amd64-pvops                                            pass    
 build-arm64-pvops                                            pass    
 build-armhf-pvops                                            pass    
 build-i386-pvops                                             pass    
 test-amd64-amd64-xl                                          pass    
 test-amd64-coresched-amd64-xl                                pass    
 test-arm64-arm64-xl                                          pass    
 test-armhf-armhf-xl                                          pass    
 test-amd64-amd64-libvirt-qemuu-debianhvm-amd64-xsm           pass    
 test-amd64-amd64-xl-qemut-stubdom-debianhvm-amd64-xsm        pass    
 test-amd64-amd64-xl-qemut-debianhvm-i386-xsm                 pass    
 test-amd64-amd64-xl-qemuu-debianhvm-i386-xsm                 pass    
 test-amd64-amd64-libvirt-xsm                                 pass    
 test-arm64-arm64-libvirt-xsm                                 pass    
 test-amd64-amd64-xl-xsm                                      pass    
 test-arm64-arm64-xl-xsm                                      pass    
 test-amd64-amd64-qemuu-nested-amd                            fail    
 test-amd64-amd64-xl-pvhv2-amd                                pass    
 test-amd64-amd64-dom0pvh-xl-amd                              pass    
 test-amd64-amd64-xl-qemut-debianhvm-amd64                    pass    
 test-amd64-amd64-xl-qemuu-debianhvm-amd64                    pass    
 test-amd64-amd64-freebsd11-amd64                             pass    
 test-amd64-amd64-freebsd12-amd64                             pass    
 test-amd64-amd64-xl-qemuu-ovmf-amd64                         pass    
 test-amd64-amd64-xl-qemut-win7-amd64                         fail    
 test-amd64-amd64-xl-qemuu-win7-amd64                         fail    
 test-amd64-amd64-xl-qemut-ws16-amd64                         fail    
 test-amd64-amd64-xl-qemuu-ws16-amd64                         fail    
 test-armhf-armhf-xl-arndale                                  pass    
 test-amd64-amd64-examine-bios                                pass    
 test-amd64-amd64-xl-credit1                                  pass    
 test-arm64-arm64-xl-credit1                                  pass    
 test-armhf-armhf-xl-credit1                                  pass    
 test-amd64-amd64-xl-credit2                                  pass    
 test-arm64-arm64-xl-credit2                                  pass    
 test-armhf-armhf-xl-credit2                                  pass    
 test-armhf-armhf-xl-cubietruck                               pass    
 test-amd64-amd64-xl-qemuu-dmrestrict-amd64-dmrestrict        pass    
 test-amd64-amd64-examine                                     pass    
 test-arm64-arm64-examine                                     pass    
 test-armhf-armhf-examine                                     pass    
 test-amd64-amd64-qemuu-nested-intel                          pass    
 test-amd64-amd64-xl-pvhv2-intel                              pass    
 test-amd64-amd64-dom0pvh-xl-intel                            pass    
 test-amd64-amd64-libvirt                                     pass    
 test-armhf-armhf-libvirt                                     pass    
 test-amd64-amd64-xl-multivcpu                                pass    
 test-armhf-armhf-xl-multivcpu                                pass    
 test-amd64-amd64-pair                                        pass    
 test-amd64-amd64-libvirt-pair                                pass    
 test-amd64-amd64-xl-pvshim                                   pass    
 test-amd64-amd64-pygrub                                      pass    
 test-amd64-amd64-libvirt-qcow2                               pass    
 test-armhf-armhf-libvirt-qcow2                               pass    
 test-amd64-amd64-libvirt-raw                                 pass    
 test-arm64-arm64-libvirt-raw                                 pass    
 test-armhf-armhf-libvirt-raw                                 pass    
 test-amd64-amd64-xl-rtds                                     pass    
 test-armhf-armhf-xl-rtds                                     pass    
 test-arm64-arm64-xl-seattle                                  pass    
 test-amd64-amd64-xl-qemuu-debianhvm-amd64-shadow             pass    
 test-amd64-amd64-xl-shadow                                   pass    
 test-arm64-arm64-xl-thunderx                                 pass    
 test-amd64-amd64-examine-uefi                                pass    
 test-amd64-amd64-xl-vhd                                      pass    
 test-arm64-arm64-xl-vhd                                      pass    
 test-armhf-armhf-xl-vhd                                      pass    


------------------------------------------------------------
sg-report-flight on osstest.test-lab.xenproject.org
logs: /home/logs/logs
images: /home/logs/images

Logs, config files, etc. are available at
    http://logs.test-lab.xenproject.org/osstest/logs

Explanation of these reports, and of osstest in general, is at
    http://xenbits.xen.org/gitweb/?p=osstest.git;a=blob;f=README.email;hb=master
    http://xenbits.xen.org/gitweb/?p=osstest.git;a=blob;f=README;hb=master

Test harness code can be found at
    http://xenbits.xen.org/gitweb?p=osstest.git;a=summary


Pushing revision :

hint: The 'hooks/update' hook was ignored because it's not set as executable.
hint: You can disable this warning with `git config advice.ignoredHook false`.
hint: The 'hooks/post-receive' hook was ignored because it's not set as 
executable.
hint: You can disable this warning with `git config advice.ignoredHook false`.
hint: The 'hooks/post-update' hook was ignored because it's not set as 
executable.
hint: You can disable this warning with `git config advice.ignoredHook false`.
To xenbits.xen.org:/home/xen/git/linux-pvops.git
   2a987e65025e..ded746bfc943  ded746bfc94398d2ee9de315a187677b207b2004 -> 
tested/linux-linus

Reply via email to