flight 167461 linux-linus real [real]
flight 167469 linux-linus real-retest [real]
http://logs.test-lab.xenproject.org/osstest/logs/167461/
http://logs.test-lab.xenproject.org/osstest/logs/167469/

Failures :-/ but no regressions.

Tests which are failing intermittently (not blocking):
 test-armhf-armhf-xl-vhd       8 xen-boot            fail pass in 167469-retest
 test-amd64-amd64-xl    22 guest-start/debian.repeat fail pass in 167469-retest

Tests which did not succeed, but are not blocking:
 test-armhf-armhf-xl-vhd     14 migrate-support-check fail in 167469 never pass
 test-armhf-armhf-xl-vhd 15 saverestore-support-check fail in 167469 never pass
 test-amd64-amd64-xl-qemut-win7-amd64 19 guest-stop            fail like 167451
 test-amd64-amd64-qemuu-nested-amd 20 debian-hvm-install/l1/l2 fail like 167451
 test-amd64-amd64-xl-qemuu-ws16-amd64 19 guest-stop            fail like 167451
 test-amd64-amd64-xl-qemut-ws16-amd64 19 guest-stop            fail like 167451
 test-amd64-amd64-xl-qemuu-win7-amd64 19 guest-stop            fail like 167451
 test-armhf-armhf-libvirt-qcow2 15 saverestore-support-check   fail like 167451
 test-armhf-armhf-libvirt-raw 15 saverestore-support-check    fail  like 167451
 test-armhf-armhf-libvirt     16 saverestore-support-check    fail  like 167451
 test-amd64-amd64-libvirt     15 migrate-support-check        fail   never pass
 test-amd64-amd64-libvirt-xsm 15 migrate-support-check        fail   never pass
 test-arm64-arm64-xl-seattle  15 migrate-support-check        fail   never pass
 test-arm64-arm64-xl-seattle  16 saverestore-support-check    fail   never pass
 test-arm64-arm64-xl-xsm      15 migrate-support-check        fail   never pass
 test-arm64-arm64-xl-xsm      16 saverestore-support-check    fail   never pass
 test-arm64-arm64-xl          15 migrate-support-check        fail   never pass
 test-arm64-arm64-xl          16 saverestore-support-check    fail   never pass
 test-arm64-arm64-xl-thunderx 15 migrate-support-check        fail   never pass
 test-arm64-arm64-xl-thunderx 16 saverestore-support-check    fail   never pass
 test-arm64-arm64-libvirt-xsm 15 migrate-support-check        fail   never pass
 test-arm64-arm64-libvirt-xsm 16 saverestore-support-check    fail   never pass
 test-amd64-amd64-libvirt-qemuu-debianhvm-amd64-xsm 13 migrate-support-check 
fail never pass
 test-amd64-amd64-libvirt-raw 14 migrate-support-check        fail   never pass
 test-arm64-arm64-libvirt-raw 14 migrate-support-check        fail   never pass
 test-arm64-arm64-libvirt-raw 15 saverestore-support-check    fail   never pass
 test-arm64-arm64-xl-vhd      14 migrate-support-check        fail   never pass
 test-arm64-arm64-xl-vhd      15 saverestore-support-check    fail   never pass
 test-armhf-armhf-xl-credit1  15 migrate-support-check        fail   never pass
 test-armhf-armhf-xl-credit1  16 saverestore-support-check    fail   never pass
 test-armhf-armhf-xl-rtds     15 migrate-support-check        fail   never pass
 test-armhf-armhf-xl-rtds     16 saverestore-support-check    fail   never pass
 test-armhf-armhf-xl-credit2  15 migrate-support-check        fail   never pass
 test-armhf-armhf-xl-credit2  16 saverestore-support-check    fail   never pass
 test-armhf-armhf-xl          15 migrate-support-check        fail   never pass
 test-armhf-armhf-xl          16 saverestore-support-check    fail   never pass
 test-armhf-armhf-xl-cubietruck 15 migrate-support-check        fail never pass
 test-armhf-armhf-xl-cubietruck 16 saverestore-support-check    fail never pass
 test-armhf-armhf-xl-multivcpu 15 migrate-support-check        fail  never pass
 test-armhf-armhf-xl-multivcpu 16 saverestore-support-check    fail  never pass
 test-arm64-arm64-xl-credit1  15 migrate-support-check        fail   never pass
 test-arm64-arm64-xl-credit1  16 saverestore-support-check    fail   never pass
 test-arm64-arm64-xl-credit2  15 migrate-support-check        fail   never pass
 test-arm64-arm64-xl-credit2  16 saverestore-support-check    fail   never pass
 test-amd64-amd64-libvirt-qcow2 14 migrate-support-check        fail never pass
 test-armhf-armhf-libvirt-qcow2 14 migrate-support-check        fail never pass
 test-armhf-armhf-libvirt-raw 14 migrate-support-check        fail   never pass
 test-armhf-armhf-xl-arndale  15 migrate-support-check        fail   never pass
 test-armhf-armhf-xl-arndale  16 saverestore-support-check    fail   never pass
 test-armhf-armhf-libvirt     15 migrate-support-check        fail   never pass

version targeted for testing:
 linux                6441998e2e37131b0a4c310af9156d79d3351c16
baseline version:
 linux                fa36bbe6d43f3bbce1f10a187e153587c7584d83

Last test of basis   167451  2021-12-16 19:11:06 Z    1 days
Testing same since   167461  2021-12-17 13:00:28 Z    0 days    1 attempts

------------------------------------------------------------
People who touched revisions under test:
  Aaro Koskinen <[email protected]>
  Adam Ford <[email protected]>
  Ahmed Zaki <[email protected]>
  Alex Bee <[email protected]>
  Alexei Starovoitov <[email protected]>
  Andrey Eremeev <[email protected]>
  Arnd Bergmann <[email protected]>
  Artem Lapkin <[email protected]>
  Artem Lapkin <[email protected]>
  Baowen Zheng <[email protected]>
  Bjørn Mork <[email protected]>
  Brendan Jackman <[email protected]>
  Cyril Novikov <[email protected]>
  D. Wythe <[email protected]>
  Dan Carpenter <[email protected]>
  Daniel Borkmann <[email protected]>
  Daniele Palmas <[email protected]>
  Danielle Ratson <[email protected]>
  David Ahern <[email protected]>
  David S. Miller <[email protected]>
  David Wu <[email protected]>
  Davide Caratti <[email protected]>
  Dennis Gilmore <[email protected]>
  Dinh Nguyen <[email protected]>
  Dust Li <[email protected]>
  Eric Dumazet <[email protected]>
  Fabio Estevam <[email protected]>
  Felix Fietkau <[email protected]>
  Filip Pokryvka <[email protected]>
  Finn Behrens <[email protected]>
  Finn Behrens <[email protected]>
  Finn Behrens <[email protected]>
  Florian Fainelli <[email protected]>
  Florian Klink <[email protected]>
  Florian Westphal <[email protected]>
  Frank Wunderlich <[email protected]>
  Gal Pressman <[email protected]>
  Gaosheng Cui <[email protected]>
  Greg Jesionowski <[email protected]>
  Guangbin Huang <[email protected]>
  Gurucharan G <[email protected]>
  Haimin Zhang <[email protected]>
  Hangbin Liu <[email protected]>
  Hangyu Hua <[email protected]>
  Hector Martin <[email protected]>
  Heiko Stuebner <[email protected]>
  Ido Schimmel <[email protected]>
  Ilan Peer <[email protected]>
  Ioana Ciornei <[email protected]>
  Ivan T. Ivanov <[email protected]>
  Jakub Kicinski <[email protected]>
  Jamal Hadi Salim <[email protected]>
  Janne Grunau <[email protected]>
  Jason Wang <[email protected]>
  Jens Wiklander <[email protected]>
  Jerome Brunet <[email protected]>
  Jiasheng Jiang <[email protected]>
  Jie Wang <[email protected]>
  Jie2x Zhou <[email protected]>
  Johannes Berg <[email protected]>
  John Keeping <[email protected]>
  Jon Hunter <[email protected]>
  Kalle Valo <[email protected]>
  Karen Sornek <[email protected]>
  Karol Kolacinski <[email protected]>
  Karsten Graul <[email protected]>
  Konrad Jankowski <[email protected]>
  Kumar Kartikeya Dwivedi <[email protected]>
  Kurt Kanzenbach <[email protected]>
  Letu Ren <[email protected]>
  Linus Torvalds <[email protected]>
  Luca Coelho <[email protected]>
  Lv Ruyi <[email protected]>
  Maciej Fijalkowski <[email protected]>
  Magnus Karlsson <[email protected]>
  Maksym Yaremchuk <[email protected]>
  Marek Behún <[email protected]>
  Martin KaFai Lau <[email protected]>
  Martin Kepplinger <[email protected]>
  Mat Martineau <[email protected]>
  Mathew McBride <[email protected]>
  Matthieu Baerts <[email protected]>
  Maxim Galaganov <[email protected]>
  Maxime Bizon <[email protected]>
  Miaoqian Lin <[email protected]>
  Michael S. Tsirkin <[email protected]>
  Mike Tipton <[email protected]>
  Mordechay Goodstein <[email protected]>
  Nathan Chancellor <[email protected]>
  Nechama Kraus <[email protected]>
  Neil Armstrong <[email protected]>
  Ong Boon Leong <[email protected]>
  Paolo Abeni <[email protected]>
  Paul Chaignon <[email protected]>
  Paul Moore <[email protected]>
  Philipp Zabel <[email protected]>
  Po-Hsu Lin <[email protected]>
  Rijo Thomas <[email protected]>
  Rob Herring <[email protected]>
  Robert Schlabbach <[email protected]>
  Russell King (Oracle) <[email protected]>
  Sasha Neftin <[email protected]>
  Shawn Guo <[email protected]>
  Simon Horman <[email protected]>
  Stefan Assmann <[email protected]>
  Stephan Gerhold <[email protected]>
  Stephen Boyd <[email protected]>
  Sudeep Holla <[email protected]>
  Thierry Reding <[email protected]>
  Toke Høiland-Jørgensen <[email protected]>
  Tony Nguyen <[email protected]>
  Vladimir Oltean <[email protected]>
  Vyacheslav Bocharov <[email protected]>
  Wang Qing <[email protected]>
  Wenliang Wang <[email protected]>
  Willem de Bruijn <[email protected]>
  Wolfram Sang <[email protected]>
  Xing Song <[email protected]>
  Yufeng Mo <[email protected]>

jobs:
 build-amd64-xsm                                              pass    
 build-arm64-xsm                                              pass    
 build-i386-xsm                                               pass    
 build-amd64                                                  pass    
 build-arm64                                                  pass    
 build-armhf                                                  pass    
 build-i386                                                   pass    
 build-amd64-libvirt                                          pass    
 build-arm64-libvirt                                          pass    
 build-armhf-libvirt                                          pass    
 build-i386-libvirt                                           pass    
 build-amd64-pvops                                            pass    
 build-arm64-pvops                                            pass    
 build-armhf-pvops                                            pass    
 build-i386-pvops                                             pass    
 test-amd64-amd64-xl                                          fail    
 test-amd64-coresched-amd64-xl                                pass    
 test-arm64-arm64-xl                                          pass    
 test-armhf-armhf-xl                                          pass    
 test-amd64-amd64-libvirt-qemuu-debianhvm-amd64-xsm           pass    
 test-amd64-amd64-xl-qemut-stubdom-debianhvm-amd64-xsm        pass    
 test-amd64-amd64-xl-qemut-debianhvm-i386-xsm                 pass    
 test-amd64-amd64-xl-qemuu-debianhvm-i386-xsm                 pass    
 test-amd64-amd64-libvirt-xsm                                 pass    
 test-arm64-arm64-libvirt-xsm                                 pass    
 test-amd64-amd64-xl-xsm                                      pass    
 test-arm64-arm64-xl-xsm                                      pass    
 test-amd64-amd64-qemuu-nested-amd                            fail    
 test-amd64-amd64-xl-pvhv2-amd                                pass    
 test-amd64-amd64-dom0pvh-xl-amd                              pass    
 test-amd64-amd64-xl-qemut-debianhvm-amd64                    pass    
 test-amd64-amd64-xl-qemuu-debianhvm-amd64                    pass    
 test-amd64-amd64-freebsd11-amd64                             pass    
 test-amd64-amd64-freebsd12-amd64                             pass    
 test-amd64-amd64-xl-qemuu-ovmf-amd64                         pass    
 test-amd64-amd64-xl-qemut-win7-amd64                         fail    
 test-amd64-amd64-xl-qemuu-win7-amd64                         fail    
 test-amd64-amd64-xl-qemut-ws16-amd64                         fail    
 test-amd64-amd64-xl-qemuu-ws16-amd64                         fail    
 test-armhf-armhf-xl-arndale                                  pass    
 test-amd64-amd64-examine-bios                                pass    
 test-amd64-amd64-xl-credit1                                  pass    
 test-arm64-arm64-xl-credit1                                  pass    
 test-armhf-armhf-xl-credit1                                  pass    
 test-amd64-amd64-xl-credit2                                  pass    
 test-arm64-arm64-xl-credit2                                  pass    
 test-armhf-armhf-xl-credit2                                  pass    
 test-armhf-armhf-xl-cubietruck                               pass    
 test-amd64-amd64-xl-qemuu-dmrestrict-amd64-dmrestrict        pass    
 test-amd64-amd64-examine                                     pass    
 test-arm64-arm64-examine                                     pass    
 test-armhf-armhf-examine                                     pass    
 test-amd64-amd64-qemuu-nested-intel                          pass    
 test-amd64-amd64-xl-pvhv2-intel                              pass    
 test-amd64-amd64-dom0pvh-xl-intel                            pass    
 test-amd64-amd64-libvirt                                     pass    
 test-armhf-armhf-libvirt                                     pass    
 test-amd64-amd64-xl-multivcpu                                pass    
 test-armhf-armhf-xl-multivcpu                                pass    
 test-amd64-amd64-pair                                        pass    
 test-amd64-amd64-libvirt-pair                                pass    
 test-amd64-amd64-xl-pvshim                                   pass    
 test-amd64-amd64-pygrub                                      pass    
 test-amd64-amd64-libvirt-qcow2                               pass    
 test-armhf-armhf-libvirt-qcow2                               pass    
 test-amd64-amd64-libvirt-raw                                 pass    
 test-arm64-arm64-libvirt-raw                                 pass    
 test-armhf-armhf-libvirt-raw                                 pass    
 test-amd64-amd64-xl-rtds                                     pass    
 test-armhf-armhf-xl-rtds                                     pass    
 test-arm64-arm64-xl-seattle                                  pass    
 test-amd64-amd64-xl-qemuu-debianhvm-amd64-shadow             pass    
 test-amd64-amd64-xl-shadow                                   pass    
 test-arm64-arm64-xl-thunderx                                 pass    
 test-amd64-amd64-examine-uefi                                pass    
 test-amd64-amd64-xl-vhd                                      pass    
 test-arm64-arm64-xl-vhd                                      pass    
 test-armhf-armhf-xl-vhd                                      fail    


------------------------------------------------------------
sg-report-flight on osstest.test-lab.xenproject.org
logs: /home/logs/logs
images: /home/logs/images

Logs, config files, etc. are available at
    http://logs.test-lab.xenproject.org/osstest/logs

Explanation of these reports, and of osstest in general, is at
    http://xenbits.xen.org/gitweb/?p=osstest.git;a=blob;f=README.email;hb=master
    http://xenbits.xen.org/gitweb/?p=osstest.git;a=blob;f=README;hb=master

Test harness code can be found at
    http://xenbits.xen.org/gitweb?p=osstest.git;a=summary


Pushing revision :

hint: The 'hooks/update' hook was ignored because it's not set as executable.
hint: You can disable this warning with `git config advice.ignoredHook false`.
hint: The 'hooks/post-receive' hook was ignored because it's not set as 
executable.
hint: You can disable this warning with `git config advice.ignoredHook false`.
hint: The 'hooks/post-update' hook was ignored because it's not set as 
executable.
hint: You can disable this warning with `git config advice.ignoredHook false`.
To xenbits.xen.org:/home/xen/git/linux-pvops.git
   fa36bbe6d43f..6441998e2e37  6441998e2e37131b0a4c310af9156d79d3351c16 -> 
tested/linux-linus

Reply via email to