flight 167572 linux-linus real [real]
flight 167576 linux-linus real-retest [real]
http://logs.test-lab.xenproject.org/osstest/logs/167572/
http://logs.test-lab.xenproject.org/osstest/logs/167576/

Failures :-/ but no regressions.

Tests which are failing intermittently (not blocking):
 test-arm64-arm64-xl-vhd       8 xen-boot            fail pass in 167576-retest
 test-amd64-amd64-xl-multivcpu 23 guest-start.2      fail pass in 167576-retest
 test-amd64-amd64-xl-shadow 22 guest-start/debian.repeat fail pass in 
167576-retest
 test-amd64-amd64-xl-qemut-debianhvm-i386-xsm 12 debian-hvm-install fail pass 
in 167576-retest

Regressions which are regarded as allowable (not blocking):
 test-armhf-armhf-xl-rtds    18 guest-start/debian.repeat fail REGR. vs. 167571

Tests which did not succeed, but are not blocking:
 test-arm64-arm64-xl-vhd     14 migrate-support-check fail in 167576 never pass
 test-arm64-arm64-xl-vhd 15 saverestore-support-check fail in 167576 never pass
 test-amd64-amd64-xl-rtds     20 guest-localmigrate/x10       fail  like 167571
 test-amd64-amd64-xl-qemut-win7-amd64 19 guest-stop            fail like 167571
 test-amd64-amd64-qemuu-nested-amd 20 debian-hvm-install/l1/l2 fail like 167571
 test-amd64-amd64-xl-qemuu-ws16-amd64 19 guest-stop            fail like 167571
 test-amd64-amd64-xl-qemut-ws16-amd64 19 guest-stop            fail like 167571
 test-amd64-amd64-xl-qemuu-win7-amd64 19 guest-stop            fail like 167571
 test-armhf-armhf-libvirt-raw 15 saverestore-support-check    fail  like 167571
 test-armhf-armhf-libvirt-qcow2 15 saverestore-support-check   fail like 167571
 test-armhf-armhf-libvirt     16 saverestore-support-check    fail  like 167571
 test-amd64-amd64-libvirt     15 migrate-support-check        fail   never pass
 test-amd64-amd64-libvirt-xsm 15 migrate-support-check        fail   never pass
 test-arm64-arm64-xl-seattle  15 migrate-support-check        fail   never pass
 test-arm64-arm64-xl-seattle  16 saverestore-support-check    fail   never pass
 test-arm64-arm64-xl          15 migrate-support-check        fail   never pass
 test-arm64-arm64-xl          16 saverestore-support-check    fail   never pass
 test-arm64-arm64-xl-credit1  15 migrate-support-check        fail   never pass
 test-arm64-arm64-xl-credit1  16 saverestore-support-check    fail   never pass
 test-arm64-arm64-xl-credit2  15 migrate-support-check        fail   never pass
 test-arm64-arm64-xl-credit2  16 saverestore-support-check    fail   never pass
 test-arm64-arm64-xl-thunderx 15 migrate-support-check        fail   never pass
 test-arm64-arm64-xl-thunderx 16 saverestore-support-check    fail   never pass
 test-amd64-amd64-libvirt-qemuu-debianhvm-amd64-xsm 13 migrate-support-check 
fail never pass
 test-amd64-amd64-libvirt-qcow2 14 migrate-support-check        fail never pass
 test-amd64-amd64-libvirt-raw 14 migrate-support-check        fail   never pass
 test-arm64-arm64-libvirt-raw 14 migrate-support-check        fail   never pass
 test-arm64-arm64-libvirt-raw 15 saverestore-support-check    fail   never pass
 test-armhf-armhf-xl          15 migrate-support-check        fail   never pass
 test-armhf-armhf-xl          16 saverestore-support-check    fail   never pass
 test-armhf-armhf-xl-multivcpu 15 migrate-support-check        fail  never pass
 test-armhf-armhf-xl-multivcpu 16 saverestore-support-check    fail  never pass
 test-armhf-armhf-xl-credit2  15 migrate-support-check        fail   never pass
 test-armhf-armhf-xl-credit2  16 saverestore-support-check    fail   never pass
 test-arm64-arm64-libvirt-xsm 15 migrate-support-check        fail   never pass
 test-arm64-arm64-libvirt-xsm 16 saverestore-support-check    fail   never pass
 test-arm64-arm64-xl-xsm      15 migrate-support-check        fail   never pass
 test-arm64-arm64-xl-xsm      16 saverestore-support-check    fail   never pass
 test-armhf-armhf-libvirt-raw 14 migrate-support-check        fail   never pass
 test-armhf-armhf-xl-arndale  15 migrate-support-check        fail   never pass
 test-armhf-armhf-xl-arndale  16 saverestore-support-check    fail   never pass
 test-armhf-armhf-libvirt-qcow2 14 migrate-support-check        fail never pass
 test-armhf-armhf-xl-vhd      14 migrate-support-check        fail   never pass
 test-armhf-armhf-xl-vhd      15 saverestore-support-check    fail   never pass
 test-armhf-armhf-xl-credit1  15 migrate-support-check        fail   never pass
 test-armhf-armhf-xl-credit1  16 saverestore-support-check    fail   never pass
 test-armhf-armhf-xl-cubietruck 15 migrate-support-check        fail never pass
 test-armhf-armhf-xl-cubietruck 16 saverestore-support-check    fail never pass
 test-armhf-armhf-libvirt     15 migrate-support-check        fail   never pass
 test-armhf-armhf-xl-rtds     15 migrate-support-check        fail   never pass
 test-armhf-armhf-xl-rtds     16 saverestore-support-check    fail   never pass

version targeted for testing:
 linux                012e332286e2bb9f6ac77d195f17e74b2963d663
baseline version:
 linux                9bad743e8d221c1be8fa80f0e76102234e472ac3

Last test of basis   167571  2021-12-30 18:12:16 Z    0 days
Testing same since   167572  2021-12-31 01:11:42 Z    0 days    1 attempts

------------------------------------------------------------
People who touched revisions under test:
  Aleksander Jan Bajkowski <[email protected]>
  Amir Tzin <[email protected]>
  Aya Levin <[email protected]>
  Chris Mi <[email protected]>
  Christian Brauner <[email protected]>
  Christophe JAILLET <[email protected]>
  Ciara Loftus <[email protected]>
  Coco Li <[email protected]>
  David S. Miller <[email protected]>
  Dmitry V. Levin <[email protected]>
  Dust Li <[email protected]>
  Gal Pressman <[email protected]>
  Jakub Kicinski <[email protected]>
  James McLaughlin <[email protected]>
  Jianguo Wu <[email protected]>
  Jiasheng Jiang <[email protected]>
  Karsten Graul <[email protected]>
  Krzysztof Kozlowski <[email protected]>
  Linus Torvalds <[email protected]>
  Ma Xinjian <[email protected]>
  Magnus Karlsson <[email protected]>
  Matthias-Christian Ott <[email protected]>
  Maxim Mikityanskiy <[email protected]>
  Maxim Mikityanskiy <[email protected]>
  Miaoqian Lin <[email protected]>
  Moshe Shemesh <[email protected]>
  Muchun Song <[email protected]>
  Nechama Kraus <[email protected]>
  Nikolay Aleksandrov <[email protected]>
  Roi Dayan <[email protected]>
  Saeed Mahameed <[email protected]>
  Shannon Nelson <[email protected]>
  Shay Drory <[email protected]>
  Tamir Duberstein <[email protected]>
  Tony Nguyen <[email protected]>
  Vinicius Costa Gomes <[email protected]>
  Wei Yongjun <[email protected]>
  Willem de Bruijn <[email protected]>
  William Zhao <[email protected]>
  wolfgang huang <[email protected]>
  wujianguo <[email protected]>
  Xin Long <[email protected]>
  xu xin <[email protected]>
  yangxingwu <[email protected]>
  Yevgeny Kliteynik <[email protected]>
  Zekun Shen <[email protected]>

jobs:
 build-amd64-xsm                                              pass    
 build-arm64-xsm                                              pass    
 build-i386-xsm                                               pass    
 build-amd64                                                  pass    
 build-arm64                                                  pass    
 build-armhf                                                  pass    
 build-i386                                                   pass    
 build-amd64-libvirt                                          pass    
 build-arm64-libvirt                                          pass    
 build-armhf-libvirt                                          pass    
 build-i386-libvirt                                           pass    
 build-amd64-pvops                                            pass    
 build-arm64-pvops                                            pass    
 build-armhf-pvops                                            pass    
 build-i386-pvops                                             pass    
 test-amd64-amd64-xl                                          pass    
 test-amd64-coresched-amd64-xl                                pass    
 test-arm64-arm64-xl                                          pass    
 test-armhf-armhf-xl                                          pass    
 test-amd64-amd64-libvirt-qemuu-debianhvm-amd64-xsm           pass    
 test-amd64-amd64-xl-qemut-stubdom-debianhvm-amd64-xsm        pass    
 test-amd64-amd64-xl-qemut-debianhvm-i386-xsm                 fail    
 test-amd64-amd64-xl-qemuu-debianhvm-i386-xsm                 pass    
 test-amd64-amd64-libvirt-xsm                                 pass    
 test-arm64-arm64-libvirt-xsm                                 pass    
 test-amd64-amd64-xl-xsm                                      pass    
 test-arm64-arm64-xl-xsm                                      pass    
 test-amd64-amd64-qemuu-nested-amd                            fail    
 test-amd64-amd64-xl-pvhv2-amd                                pass    
 test-amd64-amd64-dom0pvh-xl-amd                              pass    
 test-amd64-amd64-xl-qemut-debianhvm-amd64                    pass    
 test-amd64-amd64-xl-qemuu-debianhvm-amd64                    pass    
 test-amd64-amd64-freebsd11-amd64                             pass    
 test-amd64-amd64-freebsd12-amd64                             pass    
 test-amd64-amd64-xl-qemuu-ovmf-amd64                         pass    
 test-amd64-amd64-xl-qemut-win7-amd64                         fail    
 test-amd64-amd64-xl-qemuu-win7-amd64                         fail    
 test-amd64-amd64-xl-qemut-ws16-amd64                         fail    
 test-amd64-amd64-xl-qemuu-ws16-amd64                         fail    
 test-armhf-armhf-xl-arndale                                  pass    
 test-amd64-amd64-examine-bios                                pass    
 test-amd64-amd64-xl-credit1                                  pass    
 test-arm64-arm64-xl-credit1                                  pass    
 test-armhf-armhf-xl-credit1                                  pass    
 test-amd64-amd64-xl-credit2                                  pass    
 test-arm64-arm64-xl-credit2                                  pass    
 test-armhf-armhf-xl-credit2                                  pass    
 test-armhf-armhf-xl-cubietruck                               pass    
 test-amd64-amd64-xl-qemuu-dmrestrict-amd64-dmrestrict        pass    
 test-amd64-amd64-examine                                     pass    
 test-arm64-arm64-examine                                     pass    
 test-armhf-armhf-examine                                     pass    
 test-amd64-amd64-qemuu-nested-intel                          pass    
 test-amd64-amd64-xl-pvhv2-intel                              pass    
 test-amd64-amd64-dom0pvh-xl-intel                            pass    
 test-amd64-amd64-libvirt                                     pass    
 test-armhf-armhf-libvirt                                     pass    
 test-amd64-amd64-xl-multivcpu                                fail    
 test-armhf-armhf-xl-multivcpu                                pass    
 test-amd64-amd64-pair                                        pass    
 test-amd64-amd64-libvirt-pair                                pass    
 test-amd64-amd64-xl-pvshim                                   pass    
 test-amd64-amd64-pygrub                                      pass    
 test-amd64-amd64-libvirt-qcow2                               pass    
 test-armhf-armhf-libvirt-qcow2                               pass    
 test-amd64-amd64-libvirt-raw                                 pass    
 test-arm64-arm64-libvirt-raw                                 pass    
 test-armhf-armhf-libvirt-raw                                 pass    
 test-amd64-amd64-xl-rtds                                     fail    
 test-armhf-armhf-xl-rtds                                     fail    
 test-arm64-arm64-xl-seattle                                  pass    
 test-amd64-amd64-xl-qemuu-debianhvm-amd64-shadow             pass    
 test-amd64-amd64-xl-shadow                                   fail    
 test-arm64-arm64-xl-thunderx                                 pass    
 test-amd64-amd64-examine-uefi                                pass    
 test-amd64-amd64-xl-vhd                                      pass    
 test-arm64-arm64-xl-vhd                                      fail    
 test-armhf-armhf-xl-vhd                                      pass    


------------------------------------------------------------
sg-report-flight on osstest.test-lab.xenproject.org
logs: /home/logs/logs
images: /home/logs/images

Logs, config files, etc. are available at
    http://logs.test-lab.xenproject.org/osstest/logs

Explanation of these reports, and of osstest in general, is at
    http://xenbits.xen.org/gitweb/?p=osstest.git;a=blob;f=README.email;hb=master
    http://xenbits.xen.org/gitweb/?p=osstest.git;a=blob;f=README;hb=master

Test harness code can be found at
    http://xenbits.xen.org/gitweb?p=osstest.git;a=summary


Pushing revision :

hint: The 'hooks/update' hook was ignored because it's not set as executable.
hint: You can disable this warning with `git config advice.ignoredHook false`.
hint: The 'hooks/post-receive' hook was ignored because it's not set as 
executable.
hint: You can disable this warning with `git config advice.ignoredHook false`.
hint: The 'hooks/post-update' hook was ignored because it's not set as 
executable.
hint: You can disable this warning with `git config advice.ignoredHook false`.
To xenbits.xen.org:/home/xen/git/linux-pvops.git
   9bad743e8d22..012e332286e2  012e332286e2bb9f6ac77d195f17e74b2963d663 -> 
tested/linux-linus

Reply via email to