flight 168060 linux-5.4 real [real] http://logs.test-lab.xenproject.org/osstest/logs/168060/
Failures :-/ but no regressions. Tests which did not succeed, but are not blocking: test-amd64-amd64-xl-qemuu-win7-amd64 19 guest-stop fail like 168024 test-amd64-amd64-xl-qemut-win7-amd64 19 guest-stop fail like 168024 test-amd64-i386-xl-qemut-win7-amd64 19 guest-stop fail like 168024 test-armhf-armhf-libvirt 16 saverestore-support-check fail like 168024 test-amd64-amd64-qemuu-nested-amd 20 debian-hvm-install/l1/l2 fail like 168024 test-amd64-amd64-xl-qemuu-ws16-amd64 19 guest-stop fail like 168024 test-amd64-amd64-xl-qemut-ws16-amd64 19 guest-stop fail like 168024 test-amd64-i386-xl-qemuu-win7-amd64 19 guest-stop fail like 168024 test-amd64-i386-xl-qemut-ws16-amd64 19 guest-stop fail like 168024 test-armhf-armhf-libvirt-qcow2 15 saverestore-support-check fail like 168024 test-armhf-armhf-libvirt-raw 15 saverestore-support-check fail like 168024 test-amd64-i386-xl-qemuu-ws16-amd64 19 guest-stop fail like 168024 test-amd64-i386-xl-pvshim 14 guest-start fail never pass test-amd64-amd64-libvirt 15 migrate-support-check fail never pass test-amd64-amd64-libvirt-xsm 15 migrate-support-check fail never pass test-arm64-arm64-xl-seattle 15 migrate-support-check fail never pass test-arm64-arm64-xl-seattle 16 saverestore-support-check fail never pass test-amd64-i386-libvirt-xsm 15 migrate-support-check fail never pass test-amd64-i386-libvirt 15 migrate-support-check fail never pass test-arm64-arm64-xl 15 migrate-support-check fail never pass test-arm64-arm64-xl 16 saverestore-support-check fail never pass test-arm64-arm64-xl-credit1 15 migrate-support-check fail never pass test-arm64-arm64-xl-credit1 16 saverestore-support-check fail never pass test-arm64-arm64-xl-thunderx 15 migrate-support-check fail never pass test-arm64-arm64-xl-thunderx 16 saverestore-support-check fail never pass test-arm64-arm64-xl-xsm 15 migrate-support-check fail never pass test-arm64-arm64-xl-xsm 16 saverestore-support-check fail never pass test-arm64-arm64-libvirt-xsm 15 migrate-support-check fail never pass test-arm64-arm64-libvirt-xsm 16 saverestore-support-check fail never pass test-arm64-arm64-xl-credit2 15 migrate-support-check fail never pass test-arm64-arm64-xl-credit2 16 saverestore-support-check fail never pass test-amd64-i386-libvirt-qemuu-debianhvm-amd64-xsm 13 migrate-support-check fail never pass test-armhf-armhf-xl-arndale 15 migrate-support-check fail never pass test-armhf-armhf-xl-arndale 16 saverestore-support-check fail never pass test-amd64-amd64-libvirt-qemuu-debianhvm-amd64-xsm 13 migrate-support-check fail never pass test-amd64-i386-libvirt-raw 14 migrate-support-check fail never pass test-amd64-amd64-libvirt-vhd 14 migrate-support-check fail never pass test-arm64-arm64-libvirt-raw 14 migrate-support-check fail never pass test-arm64-arm64-libvirt-raw 15 saverestore-support-check fail never pass test-armhf-armhf-xl-credit1 15 migrate-support-check fail never pass test-armhf-armhf-xl-credit1 16 saverestore-support-check fail never pass test-armhf-armhf-xl-cubietruck 15 migrate-support-check fail never pass test-armhf-armhf-xl-cubietruck 16 saverestore-support-check fail never pass test-arm64-arm64-xl-vhd 14 migrate-support-check fail never pass test-arm64-arm64-xl-vhd 15 saverestore-support-check fail never pass test-armhf-armhf-libvirt 15 migrate-support-check fail never pass test-armhf-armhf-xl-rtds 15 migrate-support-check fail never pass test-armhf-armhf-xl-rtds 16 saverestore-support-check fail never pass test-armhf-armhf-xl-credit2 15 migrate-support-check fail never pass test-armhf-armhf-xl-credit2 16 saverestore-support-check fail never pass test-armhf-armhf-xl 15 migrate-support-check fail never pass test-armhf-armhf-xl 16 saverestore-support-check fail never pass test-armhf-armhf-xl-multivcpu 15 migrate-support-check fail never pass test-armhf-armhf-xl-multivcpu 16 saverestore-support-check fail never pass test-armhf-armhf-libvirt-qcow2 14 migrate-support-check fail never pass test-armhf-armhf-xl-vhd 14 migrate-support-check fail never pass test-armhf-armhf-xl-vhd 15 saverestore-support-check fail never pass test-armhf-armhf-libvirt-raw 14 migrate-support-check fail never pass version targeted for testing: linux 76fd334f07cc11e047c2237a19b2cf8b1f653ba2 baseline version: linux b8f53f91712808313bf7b5bd9947d7095968248a Last test of basis 168024 2022-02-05 11:44:31 Z 3 days Testing same since 168060 2022-02-08 17:43:16 Z 0 days 1 attempts ------------------------------------------------------------ People who touched revisions under test: Albert Geantă <[email protected]> Alexander Aring <[email protected]> Alexandre Belloni <[email protected]> Andrew Morton <[email protected]> Benjamin Gaignard <[email protected]> Bernard Metzler <[email protected]> Borislav Petkov <[email protected]> Camel Guo <[email protected]> Catalin Marinas <[email protected]> Christian Lachner <[email protected]> Chuck Lever <[email protected]> Dai Ngo <[email protected]> Dan Carpenter <[email protected]> David Hildenbrand <[email protected]> David Sterba <[email protected]> Dinh Nguyen <[email protected]> Dmitry Ivanov <[email protected]> Eric Wong <[email protected]> Florian Fainelli <[email protected]> Gaosheng Cui <[email protected]> Greg Kroah-Hartman <[email protected]> Guangwu Zhang <[email protected]> Guenter Roeck <[email protected]> Guoqing Jiang <[email protected]> Jakub Kicinski <[email protected]> Jason Gunthorpe <[email protected]> Jens Axboe <[email protected]> Jiasheng Jiang <[email protected]> Joerg Roedel <[email protected]> John Meneghini <[email protected]> Jon Hunter <[email protected]> Kamal Dasu <[email protected]> Karol Herbst <[email protected]> Lang Yu <[email protected]> Leon Romanovsky <[email protected]> Linus Torvalds <[email protected]> Linus Walleij <[email protected]> Linux Kernel Functional Testing <[email protected]> Lior Nahmanson <[email protected]> Lu Baolu <[email protected]> Mark Brown <[email protected]> Martin K. Petersen <[email protected]> Mateusz Jończyk <[email protected]> # preparation for stable Miaoqian Lin <[email protected]> Mike Marciniszyn <[email protected]> Miquel Raynal <[email protected]> Muhammad Usama Anjum <[email protected]> Nick Lopez <[email protected]> Paul Moore <[email protected]> Phil Auld <[email protected]> Raed Salem <[email protected]> Ritesh Harjani <[email protected]> Riwen Lu <[email protected]> Robert Hancock <[email protected]> Saurav Kashyap <[email protected]> Sergey Shtylyov <[email protected]> Shin'ichiro Kawasaki <[email protected]> Shuah Khan <[email protected]> Slade Watkins <[email protected]> Stefan Schmidt <[email protected]> Sudip Mukherjee <[email protected]> Takashi Iwai <[email protected]> Tejun Heo <[email protected]> Theodore Ts'o <[email protected]> Tvrtko Ursulin <[email protected]> Ville Syrjälä <[email protected]> Waiman Long <[email protected]> Yannick Vignon <[email protected]> Yutian Yang <[email protected]> jobs: build-amd64-xsm pass build-arm64-xsm pass build-i386-xsm pass build-amd64 pass build-arm64 pass build-armhf pass build-i386 pass build-amd64-libvirt pass build-arm64-libvirt pass build-armhf-libvirt pass build-i386-libvirt pass build-amd64-pvops pass build-arm64-pvops pass build-armhf-pvops pass build-i386-pvops pass test-amd64-amd64-xl pass test-amd64-coresched-amd64-xl pass test-arm64-arm64-xl pass test-armhf-armhf-xl pass test-amd64-i386-xl pass test-amd64-coresched-i386-xl pass test-amd64-amd64-libvirt-qemuu-debianhvm-amd64-xsm pass test-amd64-i386-libvirt-qemuu-debianhvm-amd64-xsm pass test-amd64-amd64-xl-qemut-stubdom-debianhvm-amd64-xsm pass test-amd64-i386-xl-qemut-stubdom-debianhvm-amd64-xsm pass test-amd64-amd64-xl-qemut-debianhvm-i386-xsm pass test-amd64-i386-xl-qemut-debianhvm-i386-xsm pass test-amd64-amd64-xl-qemuu-debianhvm-i386-xsm pass test-amd64-i386-xl-qemuu-debianhvm-i386-xsm pass test-amd64-amd64-libvirt-xsm pass test-arm64-arm64-libvirt-xsm pass test-amd64-i386-libvirt-xsm pass test-amd64-amd64-xl-xsm pass test-arm64-arm64-xl-xsm pass test-amd64-i386-xl-xsm pass test-amd64-amd64-qemuu-nested-amd fail test-amd64-amd64-xl-pvhv2-amd pass test-amd64-i386-qemut-rhel6hvm-amd pass test-amd64-i386-qemuu-rhel6hvm-amd pass test-amd64-amd64-dom0pvh-xl-amd pass test-amd64-amd64-xl-qemut-debianhvm-amd64 pass test-amd64-i386-xl-qemut-debianhvm-amd64 pass test-amd64-amd64-xl-qemuu-debianhvm-amd64 pass test-amd64-i386-xl-qemuu-debianhvm-amd64 pass test-amd64-i386-freebsd10-amd64 pass test-amd64-amd64-qemuu-freebsd11-amd64 pass test-amd64-amd64-qemuu-freebsd12-amd64 pass test-amd64-amd64-xl-qemuu-ovmf-amd64 pass test-amd64-i386-xl-qemuu-ovmf-amd64 pass test-amd64-amd64-xl-qemut-win7-amd64 fail test-amd64-i386-xl-qemut-win7-amd64 fail test-amd64-amd64-xl-qemuu-win7-amd64 fail test-amd64-i386-xl-qemuu-win7-amd64 fail test-amd64-amd64-xl-qemut-ws16-amd64 fail test-amd64-i386-xl-qemut-ws16-amd64 fail test-amd64-amd64-xl-qemuu-ws16-amd64 fail test-amd64-i386-xl-qemuu-ws16-amd64 fail test-armhf-armhf-xl-arndale pass test-amd64-amd64-examine-bios pass test-amd64-i386-examine-bios pass test-amd64-amd64-xl-credit1 pass test-arm64-arm64-xl-credit1 pass test-armhf-armhf-xl-credit1 pass test-amd64-amd64-xl-credit2 pass test-arm64-arm64-xl-credit2 pass test-armhf-armhf-xl-credit2 pass test-armhf-armhf-xl-cubietruck pass test-amd64-amd64-xl-qemuu-dmrestrict-amd64-dmrestrict pass test-amd64-i386-xl-qemuu-dmrestrict-amd64-dmrestrict pass test-amd64-amd64-examine pass test-arm64-arm64-examine pass test-armhf-armhf-examine pass test-amd64-i386-examine pass test-amd64-i386-freebsd10-i386 pass test-amd64-amd64-qemuu-nested-intel pass test-amd64-amd64-xl-pvhv2-intel pass test-amd64-i386-qemut-rhel6hvm-intel pass test-amd64-i386-qemuu-rhel6hvm-intel pass test-amd64-amd64-dom0pvh-xl-intel pass test-amd64-amd64-libvirt pass test-armhf-armhf-libvirt pass test-amd64-i386-libvirt pass test-amd64-amd64-xl-multivcpu pass test-armhf-armhf-xl-multivcpu pass test-amd64-amd64-pair pass test-amd64-i386-pair pass test-amd64-amd64-libvirt-pair pass test-amd64-i386-libvirt-pair pass test-amd64-amd64-xl-pvshim pass test-amd64-i386-xl-pvshim fail test-amd64-amd64-pygrub pass test-armhf-armhf-libvirt-qcow2 pass test-amd64-amd64-xl-qcow2 pass test-arm64-arm64-libvirt-raw pass test-armhf-armhf-libvirt-raw pass test-amd64-i386-libvirt-raw pass test-amd64-amd64-xl-rtds pass test-armhf-armhf-xl-rtds pass test-arm64-arm64-xl-seattle pass test-amd64-amd64-xl-qemuu-debianhvm-amd64-shadow pass test-amd64-i386-xl-qemuu-debianhvm-amd64-shadow pass test-amd64-amd64-xl-shadow pass test-amd64-i386-xl-shadow pass test-arm64-arm64-xl-thunderx pass test-amd64-amd64-examine-uefi pass test-amd64-i386-examine-uefi pass test-amd64-amd64-libvirt-vhd pass test-arm64-arm64-xl-vhd pass test-armhf-armhf-xl-vhd pass test-amd64-i386-xl-vhd pass ------------------------------------------------------------ sg-report-flight on osstest.test-lab.xenproject.org logs: /home/logs/logs images: /home/logs/images Logs, config files, etc. are available at http://logs.test-lab.xenproject.org/osstest/logs Explanation of these reports, and of osstest in general, is at http://xenbits.xen.org/gitweb/?p=osstest.git;a=blob;f=README.email;hb=master http://xenbits.xen.org/gitweb/?p=osstest.git;a=blob;f=README;hb=master Test harness code can be found at http://xenbits.xen.org/gitweb?p=osstest.git;a=summary Pushing revision : hint: The 'hooks/update' hook was ignored because it's not set as executable. hint: You can disable this warning with `git config advice.ignoredHook false`. hint: The 'hooks/post-receive' hook was ignored because it's not set as executable. hint: You can disable this warning with `git config advice.ignoredHook false`. hint: The 'hooks/post-update' hook was ignored because it's not set as executable. hint: You can disable this warning with `git config advice.ignoredHook false`. To xenbits.xen.org:/home/xen/git/linux-pvops.git b8f53f917128..76fd334f07cc 76fd334f07cc11e047c2237a19b2cf8b1f653ba2 -> tested/linux-5.4
