flight 168155 xen-unstable-smoke real [real] http://logs.test-lab.xenproject.org/osstest/logs/168155/
Failures :-/ but no regressions. Tests which did not succeed, but are not blocking: test-amd64-amd64-libvirt 15 migrate-support-check fail never pass test-arm64-arm64-xl-xsm 15 migrate-support-check fail never pass test-arm64-arm64-xl-xsm 16 saverestore-support-check fail never pass test-armhf-armhf-xl 15 migrate-support-check fail never pass test-armhf-armhf-xl 16 saverestore-support-check fail never pass version targeted for testing: xen 4ec51e87804bd9aad0d0b8e5dadb987b54c5adeb baseline version: xen e7c2017cf4a91ab6a0fea6adca2d9dd2ab1603b0 Last test of basis 168122 2022-02-15 21:01:44 Z 2 days Testing same since 168155 2022-02-17 20:02:59 Z 0 days 1 attempts ------------------------------------------------------------ People who touched revisions under test: Jan Beulich <[email protected]> Julien Grall <[email protected]> Penny Zheng <[email protected]> Stefano Stabellini <[email protected]> Stefano Stabellini <[email protected]> jobs: build-arm64-xsm pass build-amd64 pass build-armhf pass build-amd64-libvirt pass test-armhf-armhf-xl pass test-arm64-arm64-xl-xsm pass test-amd64-amd64-xl-qemuu-debianhvm-amd64 pass test-amd64-amd64-libvirt pass ------------------------------------------------------------ sg-report-flight on osstest.test-lab.xenproject.org logs: /home/logs/logs images: /home/logs/images Logs, config files, etc. are available at http://logs.test-lab.xenproject.org/osstest/logs Explanation of these reports, and of osstest in general, is at http://xenbits.xen.org/gitweb/?p=osstest.git;a=blob;f=README.email;hb=master http://xenbits.xen.org/gitweb/?p=osstest.git;a=blob;f=README;hb=master Test harness code can be found at http://xenbits.xen.org/gitweb?p=osstest.git;a=summary Pushing revision : To xenbits.xen.org:/home/xen/git/xen.git e7c2017cf4..4ec51e8780 4ec51e87804bd9aad0d0b8e5dadb987b54c5adeb -> smoke
