This run is configured for baseline tests only.

flight 74551 linux-arm-xen real [real]
http://osstest.xs.citrite.net/~osstest/testlogs/logs/74551/

Regressions :-(

Tests which did not succeed and are blocking,
including tests which could not be run:
 build-arm64                     <job status>                 broken
 build-arm64-xsm                 <job status>                 broken
 build-arm64-pvops               <job status>                 broken
 test-armhf-armhf-libvirt     12 guest-start               fail REGR. vs. 71210
 test-armhf-armhf-xl-credit2  12 guest-start               fail REGR. vs. 71210
 test-armhf-armhf-xl-xsm      12 guest-start               fail REGR. vs. 71210
 test-armhf-armhf-xl-multivcpu 12 guest-start              fail REGR. vs. 71210
 test-armhf-armhf-xl          12 guest-start               fail REGR. vs. 71210
 test-armhf-armhf-libvirt-xsm 12 guest-start               fail REGR. vs. 71210
 test-armhf-armhf-xl-midway   12 guest-start               fail REGR. vs. 71210
 test-armhf-armhf-xl-vhd      10 debian-di-install         fail REGR. vs. 71210
 test-armhf-armhf-libvirt-raw 10 debian-di-install         fail REGR. vs. 71210

Regressions which are regarded as allowable (not blocking):
 test-armhf-armhf-xl-rtds     12 guest-start               fail REGR. vs. 71210

Tests which did not succeed, but are not blocking:
 test-arm64-arm64-libvirt-xsm  1 build-check(1)               blocked  n/a
 test-arm64-arm64-xl-credit2   1 build-check(1)               blocked  n/a
 test-arm64-arm64-xl           1 build-check(1)               blocked  n/a
 build-arm64-libvirt           1 build-check(1)               blocked  n/a
 test-arm64-arm64-xl-rtds      1 build-check(1)               blocked  n/a
 test-arm64-arm64-libvirt-qcow2  1 build-check(1)               blocked  n/a
 test-arm64-arm64-xl-multivcpu  1 build-check(1)               blocked  n/a
 test-arm64-arm64-libvirt      1 build-check(1)               blocked  n/a
 test-arm64-arm64-examine      1 build-check(1)               blocked  n/a
 test-arm64-arm64-xl-xsm       1 build-check(1)               blocked  n/a
 build-arm64-xsm               2 hosts-allocate               broken never pass
 build-arm64-pvops             2 hosts-allocate               broken never pass
 build-arm64                   2 hosts-allocate               broken never pass
 build-arm64-pvops             3 capture-logs                 broken never pass
 build-arm64-xsm               3 capture-logs                 broken never pass
 build-arm64                   3 capture-logs                 broken never pass

version targeted for testing:
 linux                50484ee133c2219a26fd98b39770187221b5e0bc
baseline version:
 linux                92ed32019d0dd22b796608079023ce42aa8a5a57

Last test of basis    71210  2017-04-20 11:27:31 Z  351 days
Testing same since    74551  2018-04-06 11:04:25 Z    0 days    1 attempts

------------------------------------------------------------
6130 people touched revisions under test,
not listing them all

jobs:
 build-arm64-xsm                                              broken  
 build-armhf-xsm                                              pass    
 build-arm64                                                  broken  
 build-armhf                                                  pass    
 build-arm64-libvirt                                          blocked 
 build-armhf-libvirt                                          pass    
 build-arm64-pvops                                            broken  
 build-armhf-pvops                                            pass    
 test-arm64-arm64-xl                                          blocked 
 test-armhf-armhf-xl                                          fail    
 test-arm64-arm64-libvirt-xsm                                 blocked 
 test-armhf-armhf-libvirt-xsm                                 fail    
 test-arm64-arm64-xl-xsm                                      blocked 
 test-armhf-armhf-xl-xsm                                      fail    
 test-arm64-arm64-xl-credit2                                  blocked 
 test-armhf-armhf-xl-credit2                                  fail    
 test-arm64-arm64-examine                                     blocked 
 test-armhf-armhf-examine                                     pass    
 test-arm64-arm64-libvirt                                     blocked 
 test-armhf-armhf-libvirt                                     fail    
 test-armhf-armhf-xl-midway                                   fail    
 test-arm64-arm64-xl-multivcpu                                blocked 
 test-armhf-armhf-xl-multivcpu                                fail    
 test-arm64-arm64-libvirt-qcow2                               blocked 
 test-armhf-armhf-libvirt-raw                                 fail    
 test-arm64-arm64-xl-rtds                                     blocked 
 test-armhf-armhf-xl-rtds                                     fail    
 test-armhf-armhf-xl-vhd                                      fail    


------------------------------------------------------------
sg-report-flight on osstest.xs.citrite.net
logs: /home/osstest/logs
images: /home/osstest/images

Logs, config files, etc. are available at
    http://osstest.xs.citrite.net/~osstest/testlogs/logs

Test harness code can be found at
    http://xenbits.xensource.com/gitweb?p=osstest.git;a=summary

broken-job build-arm64 broken
broken-job build-arm64-xsm broken
broken-job build-arm64-pvops broken
broken-step build-arm64-xsm hosts-allocate
broken-step build-arm64-pvops hosts-allocate
broken-step build-arm64 hosts-allocate
broken-step build-arm64-pvops capture-logs
broken-step build-arm64-xsm capture-logs
broken-step build-arm64 capture-logs

Push not applicable.

(No revision log; it would be 1558030 lines long.)

_______________________________________________
Xen-devel mailing list
Xen-devel@lists.xenproject.org
https://lists.xenproject.org/mailman/listinfo/xen-devel

Reply via email to