flight 168866 linux-linus real [real]
http://logs.test-lab.xenproject.org/osstest/logs/168866/

Failures and problems with tests :-(

Tests which did not succeed and are blocking,
including tests which could not be run:
 test-amd64-coresched-amd64-xl    <job status>                 broken
 test-amd64-amd64-xl-xsm         <job status>                 broken
 test-amd64-amd64-xl-vhd         <job status>                 broken
 test-amd64-amd64-xl-shadow      <job status>                 broken
 test-amd64-amd64-xl-rtds        <job status>                 broken
 test-amd64-amd64-xl-qemuu-ws16-amd64    <job status>                 broken
 test-amd64-amd64-xl-qemuu-win7-amd64    <job status>                 broken
 test-amd64-amd64-xl-qemuu-ovmf-amd64    <job status>                 broken
 test-amd64-amd64-xl-qemuu-dmrestrict-amd64-dmrestrict    <job status>   broken
 test-amd64-amd64-xl-qemuu-debianhvm-i386-xsm    <job status>            broken
 test-amd64-amd64-xl-qemuu-debianhvm-amd64-shadow    <job status>        broken
 test-amd64-amd64-xl-qemuu-debianhvm-amd64    <job status>               broken
 test-amd64-amd64-xl-qemut-ws16-amd64    <job status>                 broken
 test-amd64-amd64-xl-qemut-win7-amd64    <job status>                 broken
 test-amd64-amd64-xl-qemut-stubdom-debianhvm-amd64-xsm    <job status>   broken
 test-amd64-amd64-xl-qemut-debianhvm-i386-xsm    <job status>            broken
 test-amd64-amd64-xl-qemut-debianhvm-amd64    <job status>               broken
 test-amd64-amd64-dom0pvh-xl-amd    <job status>                 broken
 test-amd64-amd64-xl-pvhv2-amd    <job status>                 broken
 test-amd64-amd64-xl-credit2     <job status>                 broken
 test-amd64-amd64-libvirt        <job status>                 broken
 test-amd64-amd64-libvirt-pair    <job status>                 broken
 test-amd64-amd64-xl-credit1     <job status>                 broken
 test-amd64-amd64-libvirt-qcow2    <job status>                 broken
 test-amd64-amd64-libvirt-qemuu-debianhvm-amd64-xsm    <job status>      broken
 test-amd64-amd64-xl             <job status>                 broken
 test-amd64-amd64-libvirt-raw    <job status>                 broken
 test-amd64-amd64-libvirt-xsm    <job status>                 broken
 test-amd64-amd64-qemuu-nested-amd    <job status>                 broken
 test-amd64-amd64-xl-qemut-stubdom-debianhvm-amd64-xsm 5 host-install(5) broken 
REGR. vs. 168838
 test-amd64-amd64-xl-vhd       5 host-install(5)        broken REGR. vs. 168838
 test-amd64-amd64-xl-qemuu-ws16-amd64 5 host-install(5) broken REGR. vs. 168838
 test-amd64-amd64-libvirt-raw  5 host-install(5)        broken REGR. vs. 168838
 test-amd64-amd64-libvirt      5 host-install(5)        broken REGR. vs. 168838
 test-amd64-amd64-dom0pvh-xl-amd  5 host-install(5)     broken REGR. vs. 168838
 test-amd64-amd64-xl-credit1   5 host-install(5)        broken REGR. vs. 168838
 test-amd64-amd64-xl-qemut-debianhvm-amd64 5 host-install(5) broken REGR. vs. 
168838
 test-amd64-amd64-xl           5 host-install(5)        broken REGR. vs. 168838
 test-amd64-amd64-xl-qemuu-debianhvm-amd64 5 host-install(5) broken REGR. vs. 
168838
 test-amd64-amd64-libvirt-qcow2  5 host-install(5)      broken REGR. vs. 168838
 test-amd64-amd64-libvirt-pair 6 host-install/src_host(6) broken REGR. vs. 
168838
 test-amd64-amd64-libvirt-pair 7 host-install/dst_host(7) broken REGR. vs. 
168838
 test-amd64-amd64-qemuu-nested-amd  5 host-install(5)   broken REGR. vs. 168838
 test-amd64-amd64-xl-qemuu-debianhvm-amd64-shadow 5 host-install(5) broken 
REGR. vs. 168838
 test-amd64-amd64-xl-qemuu-ovmf-amd64 5 host-install(5) broken REGR. vs. 168838
 test-amd64-amd64-xl-pvhv2-amd  5 host-install(5)       broken REGR. vs. 168838
 test-amd64-amd64-xl-qemut-ws16-amd64 5 host-install(5) broken REGR. vs. 168838
 test-amd64-amd64-xl-qemuu-debianhvm-i386-xsm 5 host-install(5) broken REGR. 
vs. 168838
 test-amd64-amd64-xl-xsm       5 host-install(5)        broken REGR. vs. 168838
 test-amd64-amd64-xl-qemut-debianhvm-i386-xsm 5 host-install(5) broken REGR. 
vs. 168838
 test-amd64-amd64-libvirt-qemuu-debianhvm-amd64-xsm 5 host-install(5) broken 
REGR. vs. 168838
 test-amd64-amd64-xl-shadow    5 host-install(5)        broken REGR. vs. 168838
 test-amd64-amd64-xl-qemuu-win7-amd64 5 host-install(5) broken REGR. vs. 168838
 test-amd64-amd64-xl-qemuu-dmrestrict-amd64-dmrestrict 5 host-install(5) broken 
REGR. vs. 168838
 test-amd64-amd64-xl-qemut-win7-amd64 5 host-install(5) broken REGR. vs. 168838
 test-amd64-amd64-libvirt-xsm  5 host-install(5)        broken REGR. vs. 168838
 test-amd64-amd64-xl-credit2   5 host-install(5)        broken REGR. vs. 168838
 test-amd64-coresched-amd64-xl  5 host-install(5)       broken REGR. vs. 168838

Regressions which are regarded as allowable (not blocking):
 test-amd64-amd64-xl-rtds      5 host-install(5)        broken REGR. vs. 168838

Tests which did not succeed, but are not blocking:
 test-armhf-armhf-libvirt     16 saverestore-support-check    fail  like 168838
 test-armhf-armhf-libvirt-qcow2 15 saverestore-support-check   fail like 168838
 test-armhf-armhf-libvirt-raw 15 saverestore-support-check    fail  like 168838
 test-arm64-arm64-xl-seattle  15 migrate-support-check        fail   never pass
 test-arm64-arm64-xl-seattle  16 saverestore-support-check    fail   never pass
 test-arm64-arm64-xl-credit2  15 migrate-support-check        fail   never pass
 test-arm64-arm64-xl-credit2  16 saverestore-support-check    fail   never pass
 test-arm64-arm64-xl-credit1  15 migrate-support-check        fail   never pass
 test-arm64-arm64-xl-thunderx 15 migrate-support-check        fail   never pass
 test-arm64-arm64-xl-credit1  16 saverestore-support-check    fail   never pass
 test-arm64-arm64-xl-thunderx 16 saverestore-support-check    fail   never pass
 test-arm64-arm64-xl-xsm      15 migrate-support-check        fail   never pass
 test-arm64-arm64-xl-xsm      16 saverestore-support-check    fail   never pass
 test-arm64-arm64-libvirt-xsm 15 migrate-support-check        fail   never pass
 test-arm64-arm64-xl          15 migrate-support-check        fail   never pass
 test-arm64-arm64-libvirt-xsm 16 saverestore-support-check    fail   never pass
 test-arm64-arm64-xl          16 saverestore-support-check    fail   never pass
 test-arm64-arm64-libvirt-raw 14 migrate-support-check        fail   never pass
 test-arm64-arm64-libvirt-raw 15 saverestore-support-check    fail   never pass
 test-armhf-armhf-xl          15 migrate-support-check        fail   never pass
 test-armhf-armhf-xl          16 saverestore-support-check    fail   never pass
 test-armhf-armhf-libvirt     15 migrate-support-check        fail   never pass
 test-armhf-armhf-xl-credit2  15 migrate-support-check        fail   never pass
 test-armhf-armhf-xl-credit2  16 saverestore-support-check    fail   never pass
 test-armhf-armhf-xl-multivcpu 15 migrate-support-check        fail  never pass
 test-armhf-armhf-xl-multivcpu 16 saverestore-support-check    fail  never pass
 test-arm64-arm64-xl-vhd      14 migrate-support-check        fail   never pass
 test-arm64-arm64-xl-vhd      15 saverestore-support-check    fail   never pass
 test-armhf-armhf-xl-credit1  15 migrate-support-check        fail   never pass
 test-armhf-armhf-xl-credit1  16 saverestore-support-check    fail   never pass
 test-armhf-armhf-xl-cubietruck 15 migrate-support-check        fail never pass
 test-armhf-armhf-xl-cubietruck 16 saverestore-support-check    fail never pass
 test-armhf-armhf-xl-rtds     15 migrate-support-check        fail   never pass
 test-armhf-armhf-xl-rtds     16 saverestore-support-check    fail   never pass
 test-armhf-armhf-libvirt-qcow2 14 migrate-support-check        fail never pass
 test-armhf-armhf-libvirt-raw 14 migrate-support-check        fail   never pass
 test-armhf-armhf-xl-arndale  15 migrate-support-check        fail   never pass
 test-armhf-armhf-xl-arndale  16 saverestore-support-check    fail   never pass
 test-armhf-armhf-xl-vhd      14 migrate-support-check        fail   never pass
 test-armhf-armhf-xl-vhd      15 saverestore-support-check    fail   never pass
 test-amd64-amd64-pair         4 hosts-allocate               starved  n/a

version targeted for testing:
 linux                50560ce6a0bdab2fc37384c52aa02c7043909d2c
baseline version:
 linux                34af78c4e616c359ed428d79fe4758a35d2c5473

Last test of basis   168838  2022-03-25 06:20:14 Z    2 days
Testing same since   168866  2022-03-25 20:12:03 Z    1 days    1 attempts

------------------------------------------------------------
People who touched revisions under test:
  Alexander Gordeev <[email protected]>
  Alexander Lobakin <[email protected]>
  Alexandre Belloni <[email protected]>
  Alexey Kardashevskiy <[email protected]>
  Anders Roxell <[email protected]>
  Andrew Morton <[email protected]>
  Andrey Konovalov <[email protected]>
  Aneesh Kumar K.V <[email protected]>
  Anshuman Khandual <[email protected]>
  Arnd Bergmann <[email protected]>
  Athira Rajeev <[email protected]>
  Atish Patra <[email protected]>
  Atish Patra <[email protected]>
  Atsushi Nemoto <[email protected]>
  Bartosz Golaszewski <[email protected]>
  Bhaskar Chowdhury <[email protected]>
  Bjorn Helgaas <[email protected]>
  Catalin Marinas <[email protected]>
  Chen Jingwen <[email protected]>
  Chongxi Zhao <[email protected]>
  Christoph Hellwig <[email protected]>
  Christophe JAILLET <[email protected]>
  Christophe Leroy <[email protected]>
  Conor Dooley <[email protected]>
  Corentin Labbe <[email protected]>
  Daire McNamara <[email protected]>
  Dan Carpenter <[email protected]>
  Daniel Henrique Barboza <[email protected]>
  David Hildenbrand <[email protected]>
  David Rientjes <[email protected]>
  David Sterba <[email protected]>
  Eric Lin <[email protected]>
  Fabiano Rosas <[email protected]>
  Feiyang Chen <[email protected]>
  Feiyang Chen <[email protected]>
  Ganesh Goudar <[email protected]>
  Geert Uytterhoeven <[email protected]>
  Geoff Levand <[email protected]>
  Guenter Roeck <[email protected]>
  Guo Zhengkui <[email protected]>
  Halil Pasic <[email protected]>
  Hangyu Hua <[email protected]>
  Harald Freudenberger <[email protected]>
  Haren Myneni <[email protected]>
  Hari Bathini <[email protected]>
  Heiko Carstens <[email protected]>
  Heiko Stuebner <[email protected]>
  Helge Deller <[email protected]>
  Hugh Dickins <[email protected]>
  Igor Zhbanov <[email protected]>
  Ilya Leoshkevich <[email protected]>
  Jakob Koschel <[email protected]>
  Jani Nikula <[email protected]>
  Janis Schoetterl-Glausch <[email protected]>
  Janosch Frank <[email protected]>
  Jason Wang <[email protected]>
  Jiajian Ye <[email protected]>
  jing yangyang <[email protected]>
  jing yangyang <[email protected]>
  Jisheng Zhang <[email protected]>
  Joachim Wiberg <[email protected]>
  Joe Lawrence <[email protected]>
  Johannes Weiner <[email protected]>
  Jordan Niethe <[email protected]>
  Julia Lawall <[email protected]>
  Jürgen Christ <[email protected]>
  Kajol Jain <[email protected]>
  Kees Cook <[email protected]>
  Krzysztof Kozlowski <[email protected]>
  Laurent Dufour <[email protected]>
  Linus Torvalds <[email protected]>
  Maciej W. Rozycki <[email protected]>
  Madhavan Srinivasan <[email protected]>
  Mamatha Inamdar <[email protected]>
  Marco Elver <[email protected]>
  Mark Rutland <[email protected]>
  Masahiro Yamada <[email protected]>
  Matthew Rosato <[email protected]>
  Mauricio Faria de Oliveira <[email protected]>
  Max Filippov <[email protected]>
  Maxim Kiselev <[email protected]>
  Maxime Bizon <[email protected]>
  Mayuresh Chitale <[email protected]>
  Miaohe Lin <[email protected]>
  Miaoqian Lin <[email protected]>
  Michael Ellerman <[email protected]>
  Michael Neuling <[email protected]>
  Michael T. Kloos <[email protected]>
  Michal Hocko <[email protected]>
  Michal Suchanek <[email protected]>
  Mike Kravetz <[email protected]>
  Mike Rapoport <[email protected]>
  Mike Rapoport <[email protected]>
  Miroslav Benes <[email protected]>
  Nathan Chancellor <[email protected]>
  Nathan Lynch <[email protected]>
  Naveen N. Rao <[email protected]>
  Nemanja Rakovic <[email protected]>
  Nicholas Piggin <[email protected]>
  Nikita Shubin <[email protected]>
  Niklas Schnelle <[email protected]>
  Nour-eddine Taleb <[email protected]>
  Palmer Dabbelt <[email protected]>
  Paul Cercueil <[email protected]>
  Paul Menzel <[email protected]>
  Peter Collingbourne <[email protected]>
  Petr Mladek <[email protected]>
  Pratik R. Sampat <[email protected]>
  Qinglin Pan <[email protected]>
  Rafael Aquini <[email protected]>
  Randy Dunlap <[email protected]>
  Rikard Falkeborn <[email protected]>
  Ritesh Harjani <[email protected]>
  Rob Herring <[email protected]>
  Rohan McLure <[email protected]>
  Roman Gushchin <[email protected]>
  Sachin Sant <[email protected]>
  Scott Wood <[email protected]>
  Sean Anderson <[email protected]>
  Sedat Dilek <[email protected]>
  Sedat Dilek <[email protected]> # LLVM/Clang v13.0.0 (x86-64)
  Serge Semin <[email protected]>
  Shenghong Han <[email protected]>
  Shivaprasad G Bhat <[email protected]>
  Shuah Khan <[email protected]>
  Sourabh Jain <[email protected]>
  Stephen Boyd <[email protected]>
  Stephen Rothwell <[email protected]>
  Sumanth Korikkar <[email protected]>
  Sven Schnelle <[email protected]>
  tangmeng <[email protected]>
  Thierry Reding <[email protected]>
  Thierry Reding <[email protected]>
  Thomas Bogendoerfer <[email protected]>
  Tiezhu Yang <[email protected]>
  Tobias Huschle <[email protected]>
  Tobias Waldekranz <[email protected]>
  Tony Krowiak <[email protected]>
  Tsukasa OI <[email protected]>
  Uwe Kleine-K=F6nig <[email protected]>
  Vaibhav Jain <[email protected]>
  Vasily Gorbik <[email protected]>
  Vincent Chen <[email protected]>
  Vincenzo Frascino <[email protected]>
  Vlastimil Babka <[email protected]>
  Waiman Long <[email protected]>
  Wedson Almeida Filho <[email protected]>
  Wenli Looi <[email protected]>
  Xi Ruoyao <[email protected]>
  Yaliang Wang <[email protected]>
  Yinan Zhang <[email protected]>
  Yixuan Cao <[email protected]>
  Yu Zhao <[email protected]>
  YueHaibing <[email protected]>

jobs:
 build-amd64-xsm                                              pass    
 build-arm64-xsm                                              pass    
 build-i386-xsm                                               pass    
 build-amd64                                                  pass    
 build-arm64                                                  pass    
 build-armhf                                                  pass    
 build-i386                                                   pass    
 build-amd64-libvirt                                          pass    
 build-arm64-libvirt                                          pass    
 build-armhf-libvirt                                          pass    
 build-i386-libvirt                                           pass    
 build-amd64-pvops                                            pass    
 build-arm64-pvops                                            pass    
 build-armhf-pvops                                            pass    
 build-i386-pvops                                             pass    
 test-amd64-amd64-xl                                          broken  
 test-amd64-coresched-amd64-xl                                broken  
 test-arm64-arm64-xl                                          pass    
 test-armhf-armhf-xl                                          pass    
 test-amd64-amd64-libvirt-qemuu-debianhvm-amd64-xsm           broken  
 test-amd64-amd64-xl-qemut-stubdom-debianhvm-amd64-xsm        broken  
 test-amd64-amd64-xl-qemut-debianhvm-i386-xsm                 broken  
 test-amd64-amd64-xl-qemuu-debianhvm-i386-xsm                 broken  
 test-amd64-amd64-libvirt-xsm                                 broken  
 test-arm64-arm64-libvirt-xsm                                 pass    
 test-amd64-amd64-xl-xsm                                      broken  
 test-arm64-arm64-xl-xsm                                      pass    
 test-amd64-amd64-qemuu-nested-amd                            broken  
 test-amd64-amd64-xl-pvhv2-amd                                broken  
 test-amd64-amd64-dom0pvh-xl-amd                              broken  
 test-amd64-amd64-xl-qemut-debianhvm-amd64                    broken  
 test-amd64-amd64-xl-qemuu-debianhvm-amd64                    broken  
 test-amd64-amd64-freebsd11-amd64                             pass    
 test-amd64-amd64-freebsd12-amd64                             pass    
 test-amd64-amd64-xl-qemuu-ovmf-amd64                         broken  
 test-amd64-amd64-xl-qemut-win7-amd64                         broken  
 test-amd64-amd64-xl-qemuu-win7-amd64                         broken  
 test-amd64-amd64-xl-qemut-ws16-amd64                         broken  
 test-amd64-amd64-xl-qemuu-ws16-amd64                         broken  
 test-armhf-armhf-xl-arndale                                  pass    
 test-amd64-amd64-examine-bios                                pass    
 test-amd64-amd64-xl-credit1                                  broken  
 test-arm64-arm64-xl-credit1                                  pass    
 test-armhf-armhf-xl-credit1                                  pass    
 test-amd64-amd64-xl-credit2                                  broken  
 test-arm64-arm64-xl-credit2                                  pass    
 test-armhf-armhf-xl-credit2                                  pass    
 test-armhf-armhf-xl-cubietruck                               pass    
 test-amd64-amd64-xl-qemuu-dmrestrict-amd64-dmrestrict        broken  
 test-amd64-amd64-examine                                     pass    
 test-arm64-arm64-examine                                     pass    
 test-armhf-armhf-examine                                     pass    
 test-amd64-amd64-qemuu-nested-intel                          pass    
 test-amd64-amd64-xl-pvhv2-intel                              pass    
 test-amd64-amd64-dom0pvh-xl-intel                            pass    
 test-amd64-amd64-libvirt                                     broken  
 test-armhf-armhf-libvirt                                     pass    
 test-amd64-amd64-xl-multivcpu                                pass    
 test-armhf-armhf-xl-multivcpu                                pass    
 test-amd64-amd64-pair                                        starved 
 test-amd64-amd64-libvirt-pair                                broken  
 test-amd64-amd64-xl-pvshim                                   pass    
 test-amd64-amd64-pygrub                                      pass    
 test-amd64-amd64-libvirt-qcow2                               broken  
 test-armhf-armhf-libvirt-qcow2                               pass    
 test-amd64-amd64-libvirt-raw                                 broken  
 test-arm64-arm64-libvirt-raw                                 pass    
 test-armhf-armhf-libvirt-raw                                 pass    
 test-amd64-amd64-xl-rtds                                     broken  
 test-armhf-armhf-xl-rtds                                     pass    
 test-arm64-arm64-xl-seattle                                  pass    
 test-amd64-amd64-xl-qemuu-debianhvm-amd64-shadow             broken  
 test-amd64-amd64-xl-shadow                                   broken  
 test-arm64-arm64-xl-thunderx                                 pass    
 test-amd64-amd64-examine-uefi                                pass    
 test-amd64-amd64-xl-vhd                                      broken  
 test-arm64-arm64-xl-vhd                                      pass    
 test-armhf-armhf-xl-vhd                                      pass    


------------------------------------------------------------
sg-report-flight on osstest.test-lab.xenproject.org
logs: /home/logs/logs
images: /home/logs/images

Logs, config files, etc. are available at
    http://logs.test-lab.xenproject.org/osstest/logs

Explanation of these reports, and of osstest in general, is at
    http://xenbits.xen.org/gitweb/?p=osstest.git;a=blob;f=README.email;hb=master
    http://xenbits.xen.org/gitweb/?p=osstest.git;a=blob;f=README;hb=master

Test harness code can be found at
    http://xenbits.xen.org/gitweb?p=osstest.git;a=summary

broken-job test-amd64-coresched-amd64-xl broken
broken-job test-amd64-amd64-xl-xsm broken
broken-job test-amd64-amd64-xl-vhd broken
broken-job test-amd64-amd64-xl-shadow broken
broken-job test-amd64-amd64-xl-rtds broken
broken-job test-amd64-amd64-xl-qemuu-ws16-amd64 broken
broken-job test-amd64-amd64-xl-qemuu-win7-amd64 broken
broken-job test-amd64-amd64-xl-qemuu-ovmf-amd64 broken
broken-job test-amd64-amd64-xl-qemuu-dmrestrict-amd64-dmrestrict broken
broken-job test-amd64-amd64-xl-qemuu-debianhvm-i386-xsm broken
broken-job test-amd64-amd64-xl-qemuu-debianhvm-amd64-shadow broken
broken-job test-amd64-amd64-xl-qemuu-debianhvm-amd64 broken
broken-job test-amd64-amd64-xl-qemut-ws16-amd64 broken
broken-job test-amd64-amd64-xl-qemut-win7-amd64 broken
broken-job test-amd64-amd64-xl-qemut-stubdom-debianhvm-amd64-xsm broken
broken-job test-amd64-amd64-xl-qemut-debianhvm-i386-xsm broken
broken-job test-amd64-amd64-xl-qemut-debianhvm-amd64 broken
broken-job test-amd64-amd64-dom0pvh-xl-amd broken
broken-job test-amd64-amd64-xl-pvhv2-amd broken
broken-job test-amd64-amd64-xl-credit2 broken
broken-job test-amd64-amd64-libvirt broken
broken-job test-amd64-amd64-libvirt-pair broken
broken-job test-amd64-amd64-xl-credit1 broken
broken-job test-amd64-amd64-libvirt-qcow2 broken
broken-job test-amd64-amd64-libvirt-qemuu-debianhvm-amd64-xsm broken
broken-job test-amd64-amd64-xl broken
broken-job test-amd64-amd64-libvirt-raw broken
broken-job test-amd64-amd64-libvirt-xsm broken
broken-job test-amd64-amd64-qemuu-nested-amd broken
broken-step test-amd64-amd64-xl-qemut-stubdom-debianhvm-amd64-xsm 
host-install(5)
broken-step test-amd64-amd64-xl-vhd host-install(5)
broken-step test-amd64-amd64-xl-qemuu-ws16-amd64 host-install(5)
broken-step test-amd64-amd64-xl-rtds host-install(5)
broken-step test-amd64-amd64-libvirt-raw host-install(5)
broken-step test-amd64-amd64-libvirt host-install(5)
broken-step test-amd64-amd64-dom0pvh-xl-amd host-install(5)
broken-step test-amd64-amd64-xl-credit1 host-install(5)
broken-step test-amd64-amd64-xl-qemut-debianhvm-amd64 host-install(5)
broken-step test-amd64-amd64-xl host-install(5)
broken-step test-amd64-amd64-xl-qemuu-debianhvm-amd64 host-install(5)
broken-step test-amd64-amd64-libvirt-qcow2 host-install(5)
broken-step test-amd64-amd64-libvirt-pair host-install/src_host(6)
broken-step test-amd64-amd64-libvirt-pair host-install/dst_host(7)
broken-step test-amd64-amd64-qemuu-nested-amd host-install(5)
broken-step test-amd64-amd64-xl-qemuu-debianhvm-amd64-shadow host-install(5)
broken-step test-amd64-amd64-xl-qemuu-ovmf-amd64 host-install(5)
broken-step test-amd64-amd64-xl-pvhv2-amd host-install(5)
broken-step test-amd64-amd64-xl-qemut-ws16-amd64 host-install(5)
broken-step test-amd64-amd64-xl-qemuu-debianhvm-i386-xsm host-install(5)
broken-step test-amd64-amd64-xl-xsm host-install(5)
broken-step test-amd64-amd64-xl-qemut-debianhvm-i386-xsm host-install(5)
broken-step test-amd64-amd64-libvirt-qemuu-debianhvm-amd64-xsm host-install(5)
broken-step test-amd64-amd64-xl-shadow host-install(5)
broken-step test-amd64-amd64-xl-qemuu-win7-amd64 host-install(5)
broken-step test-amd64-amd64-xl-qemuu-dmrestrict-amd64-dmrestrict 
host-install(5)
broken-step test-amd64-amd64-xl-qemut-win7-amd64 host-install(5)
broken-step test-amd64-amd64-libvirt-xsm host-install(5)
broken-step test-amd64-amd64-xl-credit2 host-install(5)
broken-step test-amd64-coresched-amd64-xl host-install(5)

Not pushing.

(No revision log; it would be 11576 lines long.)

Reply via email to