This run is configured for baseline tests only.

flight 74556 xen-4.10-testing real [real]
http://osstest.xs.citrite.net/~osstest/testlogs/logs/74556/

Regressions :-(

Tests which did not succeed and are blocking,
including tests which could not be run:
 build-arm64                     <job status>                 broken
 test-amd64-amd64-pair           <job status>                 broken
 test-amd64-amd64-qemuu-nested-amd    <job status>                 broken
 test-amd64-amd64-libvirt-qemuu-debianhvm-amd64-xsm    <job status>      broken
 test-xtf-amd64-amd64-4          <job status>                 broken
 build-arm64-xsm                 <job status>                 broken
 test-xtf-amd64-amd64-2          <job status>                 broken
 test-amd64-amd64-pygrub         <job status>                 broken
 test-amd64-amd64-xl-credit2     <job status>                 broken
 test-amd64-amd64-libvirt-pair    <job status>                 broken
 test-amd64-amd64-migrupgrade    <job status>                 broken
 test-amd64-amd64-libvirt-xsm    <job status>                 broken
 test-amd64-amd64-amd64-pvgrub    <job status>                 broken
 test-amd64-amd64-rumprun-amd64    <job status>                 broken
 build-arm64-pvops               <job status>                 broken
 test-amd64-amd64-xl-qemut-debianhvm-amd64    <job status>               broken
 test-amd64-amd64-libvirt        <job status>                 broken
 test-amd64-amd64-xl-multivcpu    <job status>                 broken
 test-amd64-amd64-xl             <job status>                 broken
 test-amd64-amd64-xl-qcow2       <job status>                 broken
 test-amd64-amd64-xl-qcow2     4 host-install(4)         broken REGR. vs. 74549
 test-xtf-amd64-amd64-4        4 host-install(4)         broken REGR. vs. 74549
 test-xtf-amd64-amd64-2        4 host-install(4)         broken REGR. vs. 74549
 test-amd64-amd64-xl-qemut-win10-i386 16 guest-localmigrate/x10 fail REGR. vs. 
74549
 test-amd64-amd64-xl-qemut-win7-amd64 16 guest-localmigrate/x10 fail REGR. vs. 
74549

Tests which did not succeed, but are not blocking:
 build-arm64-libvirt           1 build-check(1)               blocked  n/a
 test-arm64-arm64-libvirt-xsm  1 build-check(1)               blocked  n/a
 test-arm64-arm64-xl           1 build-check(1)               blocked  n/a
 test-arm64-arm64-xl-credit2   1 build-check(1)               blocked  n/a
 test-arm64-arm64-xl-xsm       1 build-check(1)               blocked  n/a
 build-arm64-pvops             2 hosts-allocate               broken never pass
 build-arm64-xsm               2 hosts-allocate               broken never pass
 build-arm64                   2 hosts-allocate               broken never pass
 build-arm64-pvops             3 capture-logs                 broken never pass
 build-arm64                   3 capture-logs                 broken never pass
 build-arm64-xsm               3 capture-logs                 broken never pass
 test-amd64-amd64-libvirt-xsm  4 host-install(4)              broken never pass
 test-amd64-amd64-libvirt-qemuu-debianhvm-amd64-xsm 4 host-install(4) broken 
never pass
 test-amd64-amd64-libvirt      4 host-install(4)              broken never pass
 test-amd64-amd64-rumprun-amd64  4 host-install(4)            broken never pass
 test-amd64-amd64-xl-credit2   4 host-install(4)              broken never pass
 test-amd64-amd64-xl-multivcpu  4 host-install(4)             broken never pass
 test-amd64-amd64-xl           4 host-install(4)              broken never pass
 test-amd64-amd64-qemuu-nested-amd  4 host-install(4)         broken never pass
 test-amd64-amd64-amd64-pvgrub  4 host-install(4)             broken never pass
 test-amd64-amd64-pygrub       4 host-install(4)              broken never pass
 test-amd64-amd64-xl-qemut-debianhvm-amd64  4 host-install(4) broken never pass
 test-amd64-amd64-migrupgrade  4 host-install/src_host(4)     broken never pass
 test-amd64-amd64-libvirt-pair  4 host-install/src_host(4)    broken never pass
 test-amd64-amd64-migrupgrade  5 host-install/dst_host(5)     broken never pass
 test-amd64-amd64-libvirt-pair  5 host-install/dst_host(5)    broken never pass
 test-amd64-amd64-pair         4 host-install/src_host(4)     broken never pass
 test-amd64-amd64-pair         5 host-install/dst_host(5)     broken never pass
 test-amd64-amd64-xl-qemuu-win10-i386 10 windows-install        fail never pass
 test-amd64-i386-xl-qemuu-win10-i386 10 windows-install         fail never pass
 test-amd64-amd64-xl-qemuu-ws16-amd64 10 windows-install        fail never pass
 test-armhf-armhf-xl-credit2  12 guest-start                  fail   never pass
 test-armhf-armhf-xl-midway   12 guest-start                  fail   never pass
 test-amd64-i386-xl-qemut-ws16-amd64 10 windows-install         fail never pass
 test-amd64-amd64-xl-pvhv2-intel 12 guest-start                 fail never pass
 test-armhf-armhf-xl          12 guest-start                  fail   never pass
 test-armhf-armhf-xl-rtds     12 guest-start                  fail   never pass
 test-armhf-armhf-xl-multivcpu 12 guest-start                  fail  never pass
 test-armhf-armhf-xl-xsm      12 guest-start                  fail   never pass
 test-armhf-armhf-libvirt-xsm 12 guest-start                  fail   never pass
 test-armhf-armhf-libvirt     12 guest-start                  fail   never pass
 test-amd64-amd64-xl-pvhv2-amd 12 guest-start                  fail  never pass
 test-amd64-i386-libvirt      13 migrate-support-check        fail   never pass
 test-amd64-i386-libvirt-xsm  13 migrate-support-check        fail   never pass
 test-amd64-i386-libvirt-qemuu-debianhvm-amd64-xsm 11 migrate-support-check 
fail never pass
 test-amd64-amd64-libvirt-vhd 12 migrate-support-check        fail   never pass
 test-amd64-i386-xl-qemut-win7-amd64 17 guest-stop              fail never pass
 test-amd64-amd64-xl-qemuu-win7-amd64 17 guest-stop             fail never pass
 test-amd64-i386-xl-qemut-win10-i386 17 guest-stop              fail never pass
 test-armhf-armhf-xl-vhd      10 debian-di-install            fail   never pass
 test-armhf-armhf-libvirt-raw 10 debian-di-install            fail   never pass
 test-amd64-i386-xl-qemuu-win7-amd64 17 guest-stop              fail never pass
 test-amd64-i386-xl-qemuu-ws16-amd64 17 guest-stop              fail never pass
 test-amd64-amd64-xl-qemut-ws16-amd64 17 guest-stop             fail never pass

version targeted for testing:
 xen                  2e34343fb2c8b62e8e98b21a569beea508f501f6
baseline version:
 xen                  0f92968bcfa037c7747bc58b9e8a52603e52e182

Last test of basis    74549  2018-04-06 10:44:40 Z    1 days
Testing same since    74556  2018-04-06 22:23:19 Z    1 days    1 attempts

------------------------------------------------------------
People who touched revisions under test:
  Julien Grall <julien.gr...@arm.com>
  Julien Grall <julien.gr...@linaro.org>
  Stefano Stabellini <sstabell...@kernel.org>
  Wei Liu <wei.l...@citrix.com>

jobs:
 build-amd64-xsm                                              pass    
 build-arm64-xsm                                              broken  
 build-armhf-xsm                                              pass    
 build-i386-xsm                                               pass    
 build-amd64-xtf                                              pass    
 build-amd64                                                  pass    
 build-arm64                                                  broken  
 build-armhf                                                  pass    
 build-i386                                                   pass    
 build-amd64-libvirt                                          pass    
 build-arm64-libvirt                                          blocked 
 build-armhf-libvirt                                          pass    
 build-i386-libvirt                                           pass    
 build-amd64-prev                                             pass    
 build-i386-prev                                              pass    
 build-amd64-pvops                                            pass    
 build-arm64-pvops                                            broken  
 build-armhf-pvops                                            pass    
 build-i386-pvops                                             pass    
 build-amd64-rumprun                                          pass    
 build-i386-rumprun                                           pass    
 test-xtf-amd64-amd64-1                                       pass    
 test-xtf-amd64-amd64-2                                       broken  
 test-xtf-amd64-amd64-3                                       pass    
 test-xtf-amd64-amd64-4                                       broken  
 test-xtf-amd64-amd64-5                                       pass    
 test-amd64-amd64-xl                                          broken  
 test-arm64-arm64-xl                                          blocked 
 test-armhf-armhf-xl                                          fail    
 test-amd64-i386-xl                                           pass    
 test-amd64-amd64-xl-qemut-debianhvm-amd64-xsm                pass    
 test-amd64-i386-xl-qemut-debianhvm-amd64-xsm                 pass    
 test-amd64-amd64-libvirt-qemuu-debianhvm-amd64-xsm           broken  
 test-amd64-i386-libvirt-qemuu-debianhvm-amd64-xsm            pass    
 test-amd64-amd64-xl-qemuu-debianhvm-amd64-xsm                pass    
 test-amd64-i386-xl-qemuu-debianhvm-amd64-xsm                 pass    
 test-amd64-amd64-xl-qemut-stubdom-debianhvm-amd64-xsm        pass    
 test-amd64-i386-xl-qemut-stubdom-debianhvm-amd64-xsm         pass    
 test-amd64-amd64-libvirt-xsm                                 broken  
 test-arm64-arm64-libvirt-xsm                                 blocked 
 test-armhf-armhf-libvirt-xsm                                 fail    
 test-amd64-i386-libvirt-xsm                                  pass    
 test-amd64-amd64-xl-xsm                                      pass    
 test-arm64-arm64-xl-xsm                                      blocked 
 test-armhf-armhf-xl-xsm                                      fail    
 test-amd64-i386-xl-xsm                                       pass    
 test-amd64-amd64-qemuu-nested-amd                            broken  
 test-amd64-amd64-xl-pvhv2-amd                                fail    
 test-amd64-i386-qemut-rhel6hvm-amd                           pass    
 test-amd64-i386-qemuu-rhel6hvm-amd                           pass    
 test-amd64-amd64-xl-qemut-debianhvm-amd64                    broken  
 test-amd64-i386-xl-qemut-debianhvm-amd64                     pass    
 test-amd64-amd64-xl-qemuu-debianhvm-amd64                    pass    
 test-amd64-i386-xl-qemuu-debianhvm-amd64                     pass    
 test-amd64-i386-freebsd10-amd64                              pass    
 test-amd64-amd64-xl-qemuu-ovmf-amd64                         pass    
 test-amd64-i386-xl-qemuu-ovmf-amd64                          pass    
 test-amd64-amd64-rumprun-amd64                               broken  
 test-amd64-amd64-xl-qemut-win7-amd64                         fail    
 test-amd64-i386-xl-qemut-win7-amd64                          fail    
 test-amd64-amd64-xl-qemuu-win7-amd64                         fail    
 test-amd64-i386-xl-qemuu-win7-amd64                          fail    
 test-amd64-amd64-xl-qemut-ws16-amd64                         fail    
 test-amd64-i386-xl-qemut-ws16-amd64                          fail    
 test-amd64-amd64-xl-qemuu-ws16-amd64                         fail    
 test-amd64-i386-xl-qemuu-ws16-amd64                          fail    
 test-amd64-amd64-xl-credit2                                  broken  
 test-arm64-arm64-xl-credit2                                  blocked 
 test-armhf-armhf-xl-credit2                                  fail    
 test-amd64-i386-freebsd10-i386                               pass    
 test-amd64-i386-rumprun-i386                                 pass    
 test-amd64-amd64-xl-qemut-win10-i386                         fail    
 test-amd64-i386-xl-qemut-win10-i386                          fail    
 test-amd64-amd64-xl-qemuu-win10-i386                         fail    
 test-amd64-i386-xl-qemuu-win10-i386                          fail    
 test-amd64-amd64-qemuu-nested-intel                          pass    
 test-amd64-amd64-xl-pvhv2-intel                              fail    
 test-amd64-i386-qemut-rhel6hvm-intel                         pass    
 test-amd64-i386-qemuu-rhel6hvm-intel                         pass    
 test-amd64-amd64-libvirt                                     broken  
 test-armhf-armhf-libvirt                                     fail    
 test-amd64-i386-libvirt                                      pass    
 test-armhf-armhf-xl-midway                                   fail    
 test-amd64-amd64-migrupgrade                                 broken  
 test-amd64-i386-migrupgrade                                  pass    
 test-amd64-amd64-xl-multivcpu                                broken  
 test-armhf-armhf-xl-multivcpu                                fail    
 test-amd64-amd64-pair                                        broken  
 test-amd64-i386-pair                                         pass    
 test-amd64-amd64-libvirt-pair                                broken  
 test-amd64-i386-libvirt-pair                                 pass    
 test-amd64-amd64-amd64-pvgrub                                broken  
 test-amd64-amd64-i386-pvgrub                                 pass    
 test-amd64-amd64-pygrub                                      broken  
 test-amd64-amd64-xl-qcow2                                    broken  
 test-armhf-armhf-libvirt-raw                                 fail    
 test-amd64-i386-xl-raw                                       pass    
 test-amd64-amd64-xl-rtds                                     pass    
 test-armhf-armhf-xl-rtds                                     fail    
 test-amd64-amd64-libvirt-vhd                                 pass    
 test-armhf-armhf-xl-vhd                                      fail    


------------------------------------------------------------
sg-report-flight on osstest.xs.citrite.net
logs: /home/osstest/logs
images: /home/osstest/images

Logs, config files, etc. are available at
    http://osstest.xs.citrite.net/~osstest/testlogs/logs

Test harness code can be found at
    http://xenbits.xensource.com/gitweb?p=osstest.git;a=summary

broken-job build-arm64 broken
broken-job test-amd64-amd64-pair broken
broken-job test-amd64-amd64-qemuu-nested-amd broken
broken-job test-amd64-amd64-libvirt-qemuu-debianhvm-amd64-xsm broken
broken-job test-xtf-amd64-amd64-4 broken
broken-job build-arm64-xsm broken
broken-job test-xtf-amd64-amd64-2 broken
broken-job test-amd64-amd64-pygrub broken
broken-job test-amd64-amd64-xl-credit2 broken
broken-job test-amd64-amd64-libvirt-pair broken
broken-job test-amd64-amd64-migrupgrade broken
broken-job test-amd64-amd64-libvirt-xsm broken
broken-job test-amd64-amd64-amd64-pvgrub broken
broken-job test-amd64-amd64-rumprun-amd64 broken
broken-job build-arm64-pvops broken
broken-job test-amd64-amd64-xl-qemut-debianhvm-amd64 broken
broken-job test-amd64-amd64-libvirt broken
broken-job test-amd64-amd64-xl-multivcpu broken
broken-job test-amd64-amd64-xl broken
broken-job test-amd64-amd64-xl-qcow2 broken
broken-step build-arm64-pvops hosts-allocate
broken-step build-arm64-xsm hosts-allocate
broken-step build-arm64 hosts-allocate
broken-step build-arm64-pvops capture-logs
broken-step build-arm64 capture-logs
broken-step build-arm64-xsm capture-logs
broken-step test-amd64-amd64-libvirt-xsm host-install(4)
broken-step test-amd64-amd64-libvirt-qemuu-debianhvm-amd64-xsm host-install(4)
broken-step test-amd64-amd64-libvirt host-install(4)
broken-step test-amd64-amd64-rumprun-amd64 host-install(4)
broken-step test-amd64-amd64-xl-credit2 host-install(4)
broken-step test-amd64-amd64-xl-multivcpu host-install(4)
broken-step test-amd64-amd64-xl host-install(4)
broken-step test-amd64-amd64-qemuu-nested-amd host-install(4)
broken-step test-amd64-amd64-amd64-pvgrub host-install(4)
broken-step test-amd64-amd64-pygrub host-install(4)
broken-step test-amd64-amd64-xl-qemut-debianhvm-amd64 host-install(4)
broken-step test-amd64-amd64-xl-qcow2 host-install(4)
broken-step test-xtf-amd64-amd64-4 host-install(4)
broken-step test-amd64-amd64-migrupgrade host-install/src_host(4)
broken-step test-amd64-amd64-libvirt-pair host-install/src_host(4)
broken-step test-amd64-amd64-migrupgrade host-install/dst_host(5)
broken-step test-amd64-amd64-libvirt-pair host-install/dst_host(5)
broken-step test-amd64-amd64-pair host-install/src_host(4)
broken-step test-amd64-amd64-pair host-install/dst_host(5)
broken-step test-xtf-amd64-amd64-2 host-install(4)

Push not applicable.

(No revision log; it would be 369 lines long.)

_______________________________________________
Xen-devel mailing list
Xen-devel@lists.xenproject.org
https://lists.xenproject.org/mailman/listinfo/xen-devel

Reply via email to