flight 169123 linux-linus real [real]
flight 169133 linux-linus real-retest [real]
http://logs.test-lab.xenproject.org/osstest/logs/169123/
http://logs.test-lab.xenproject.org/osstest/logs/169133/

Regressions :-(

Tests which did not succeed and are blocking,
including tests which could not be run:
 test-amd64-amd64-pair        22 guests-nbd-mirror/debian fail REGR. vs. 169100
 test-amd64-amd64-libvirt-pair 22 guests-nbd-mirror/debian fail REGR. vs. 169100

Tests which are failing intermittently (not blocking):
 test-armhf-armhf-libvirt     10 host-ping-check-xen fail pass in 169133-retest

Tests which did not succeed, but are not blocking:
 test-armhf-armhf-libvirt 16 saverestore-support-check fail in 169133 like 
169100
 test-armhf-armhf-libvirt    15 migrate-support-check fail in 169133 never pass
 test-amd64-amd64-xl-qemut-win7-amd64 19 guest-stop            fail like 169100
 test-amd64-amd64-xl-qemuu-ws16-amd64 19 guest-stop            fail like 169100
 test-amd64-amd64-qemuu-nested-amd 20 debian-hvm-install/l1/l2 fail like 169100
 test-amd64-amd64-xl-qemut-ws16-amd64 19 guest-stop            fail like 169100
 test-amd64-amd64-xl-qemuu-win7-amd64 19 guest-stop            fail like 169100
 test-armhf-armhf-libvirt-qcow2 15 saverestore-support-check   fail like 169100
 test-armhf-armhf-libvirt-raw 15 saverestore-support-check    fail  like 169100
 test-arm64-arm64-xl-seattle  15 migrate-support-check        fail   never pass
 test-arm64-arm64-xl-seattle  16 saverestore-support-check    fail   never pass
 test-amd64-amd64-libvirt     15 migrate-support-check        fail   never pass
 test-amd64-amd64-libvirt-xsm 15 migrate-support-check        fail   never pass
 test-arm64-arm64-xl-credit2  15 migrate-support-check        fail   never pass
 test-arm64-arm64-xl-credit2  16 saverestore-support-check    fail   never pass
 test-arm64-arm64-xl-credit1  15 migrate-support-check        fail   never pass
 test-arm64-arm64-xl-thunderx 15 migrate-support-check        fail   never pass
 test-arm64-arm64-xl-credit1  16 saverestore-support-check    fail   never pass
 test-arm64-arm64-xl-thunderx 16 saverestore-support-check    fail   never pass
 test-arm64-arm64-xl-xsm      15 migrate-support-check        fail   never pass
 test-arm64-arm64-xl-xsm      16 saverestore-support-check    fail   never pass
 test-arm64-arm64-libvirt-xsm 15 migrate-support-check        fail   never pass
 test-arm64-arm64-xl          15 migrate-support-check        fail   never pass
 test-arm64-arm64-libvirt-xsm 16 saverestore-support-check    fail   never pass
 test-arm64-arm64-xl          16 saverestore-support-check    fail   never pass
 test-amd64-amd64-libvirt-qemuu-debianhvm-amd64-xsm 13 migrate-support-check 
fail never pass
 test-amd64-amd64-libvirt-qcow2 14 migrate-support-check        fail never pass
 test-armhf-armhf-xl-arndale  15 migrate-support-check        fail   never pass
 test-armhf-armhf-xl-arndale  16 saverestore-support-check    fail   never pass
 test-amd64-amd64-libvirt-raw 14 migrate-support-check        fail   never pass
 test-arm64-arm64-libvirt-raw 14 migrate-support-check        fail   never pass
 test-arm64-arm64-libvirt-raw 15 saverestore-support-check    fail   never pass
 test-armhf-armhf-xl          15 migrate-support-check        fail   never pass
 test-armhf-armhf-xl-multivcpu 15 migrate-support-check        fail  never pass
 test-armhf-armhf-xl          16 saverestore-support-check    fail   never pass
 test-armhf-armhf-xl-multivcpu 16 saverestore-support-check    fail  never pass
 test-armhf-armhf-xl-credit2  15 migrate-support-check        fail   never pass
 test-armhf-armhf-xl-credit2  16 saverestore-support-check    fail   never pass
 test-arm64-arm64-xl-vhd      14 migrate-support-check        fail   never pass
 test-arm64-arm64-xl-vhd      15 saverestore-support-check    fail   never pass
 test-armhf-armhf-xl-credit1  15 migrate-support-check        fail   never pass
 test-armhf-armhf-xl-credit1  16 saverestore-support-check    fail   never pass
 test-armhf-armhf-xl-cubietruck 15 migrate-support-check        fail never pass
 test-armhf-armhf-xl-cubietruck 16 saverestore-support-check    fail never pass
 test-armhf-armhf-xl-rtds     15 migrate-support-check        fail   never pass
 test-armhf-armhf-xl-rtds     16 saverestore-support-check    fail   never pass
 test-armhf-armhf-libvirt-qcow2 14 migrate-support-check        fail never pass
 test-armhf-armhf-libvirt-raw 14 migrate-support-check        fail   never pass
 test-armhf-armhf-xl-vhd      14 migrate-support-check        fail   never pass
 test-armhf-armhf-xl-vhd      15 saverestore-support-check    fail   never pass

version targeted for testing:
 linux                8467b0ed6ce37f7e3f87aa3826627dc9cc55ecb2
baseline version:
 linux                e8b767f5e04097aaedcd6e06e2270f9fe5282696

Last test of basis   169100  2022-04-01 04:55:02 Z    1 days
Testing same since   169123  2022-04-02 01:11:38 Z    0 days    1 attempts

------------------------------------------------------------
People who touched revisions under test:
  "Sean O'Brien" <[email protected]>
  Al Viro <[email protected]>
  Alexander Gordeev <[email protected]>
  Alexandre Belloni <[email protected]>
  Ali Pouladi <[email protected]>
  Almog Khaikin <[email protected]>
  Andre Przywara <[email protected]>
  Andrew Morton <[email protected]>
  Andrey Konovalov <[email protected]>
  Anton Eidelman <[email protected]>
  Anton Eidelman <[email protected]>
  Anup Patel <[email protected]>
  Anup Patel <[email protected]>
  Anup Patel <[email protected]>
  Ard Biesheuvel <[email protected]>
  Arnd Bergmann <[email protected]>
  Atish Patra <[email protected]>
  Bagas Sanjaya <[email protected]>
  Bartosz Golaszewski <[email protected]>
  Benjamin Tissoires <[email protected]>
  Carlos Llamas <[email protected]>
  Charan Teja Kalla <[email protected]>
  Charles Keepax <[email protected]>
  Chris Leech <[email protected]>
  Christoph Böhmwalder <[email protected]>
  Christoph Hellwig <[email protected]>
  Christophe JAILLET <[email protected]>
  Clément Léger <[email protected]>
  Colin Ian King <[email protected]>
  Danilo Krummrich <[email protected]>
  David Disseldorp <[email protected]>
  David Howells <[email protected]>
  Dmitry Torokhov <[email protected]>
  Dmitry Vyukov <[email protected]>
  Dongli Zhang <[email protected]>
  Dylan Yudaken <[email protected]>
  Elliot Berman <[email protected]>
  Fangrui Song <[email protected]>
  fengping.yu <[email protected]>
  Hans de Goede <[email protected]>
  Haowen Bai <[email protected]>
  Harald Freudenberger <[email protected]>
  Harald Freudenberger <[email protected]>
  Heiko Carstens <[email protected]>
  Hugh Dickins <[email protected]>
  Hugo Villeneuve <[email protected]>
  Hyunchul Lee <[email protected]>
  Jackie Liu <[email protected]>
  Jakob Koschel <[email protected]>
  Jeff LaBundy <[email protected]>
  Jens Axboe <[email protected]>
  Jernej Skrabec <[email protected]>
  Jiasheng Jiang <[email protected]>
  Jiaxin Yu <[email protected]>
  Jiri Kosina <[email protected]>
  Jiri Slaby <[email protected]>
  Joey Gouly <[email protected]>
  Jonghyeon Kim <[email protected]>
  Joseph Qi <[email protected]>
  José Expósito <[email protected]>
  Juergen Christ <[email protected]>
  Julia Lawall <[email protected]>
  Kai-Heng Feng <[email protected]>
  Kees Cook <[email protected]>
  Kirill Tkhai <[email protected]>
  Kris Bahnsen <[email protected]>
  Kuan-Ying Lee <[email protected]>
  Kuldeep Singh <[email protected]>
  Lars Ellenberg <[email protected]>
  Linus Torvalds <[email protected]>
  Loic Poulain <[email protected]>
  Lv Ruyi (CGEL ZTE) <[email protected]>
  Marcos Alano <[email protected]>
  Mario Limonciello <[email protected]>
  Mark Brown <[email protected]>
  Markuss Broks <[email protected]>
  Mateusz Jończyk <[email protected]>
  Matthew Haughton <[email protected]>
  Matthew Wilcox (Oracle) <[email protected]>
  Mattijs Korpershoek <[email protected]>
  Meng Tang <[email protected]>
  Miaoqian Lin <[email protected]>
  Michal Hocko <[email protected]>
  Mike Snitzer <[email protected]>
  Mikulas Patocka <[email protected]>
  Milan Broz <[email protected]>
  Ming Lei <[email protected]>
  Mohan Kumar <[email protected]>
  Monish Kumar R <[email protected]>
  Muchun Song <[email protected]>
  Namjae Jeon <[email protected]>
  Naoya Horiguchi <[email protected]>
  Nicolas Ferre <[email protected]>
  Nikita Shubin <[email protected]>
  Niklas Cassel <[email protected]>
  Niklas Schnelle <[email protected]>
  Palmer Dabbelt <[email protected]>
  Pankaj Raghav <[email protected]>
  Paulo Alcantara (SUSE) <[email protected]>
  Paulo Alcantara <[email protected]>
  Pavel Begunkov <[email protected]>
  Peter Hutterer <[email protected]>
  Pierre-Louis Bossart <[email protected]>
  Randy Dunlap <[email protected]>
  Raul E Rangel <[email protected]>
  Rik van Riel <[email protected]>
  Rob Herring <[email protected]>
  Roger Pau Monné <[email protected]>
  Ronnie Sahlberg <[email protected]>
  Russell Currey <[email protected]>
  Ryusuke Konishi <[email protected]>
  Sagi Grimberg <[email protected]>
  Samuel Holland <[email protected]>
  Sebastian Andrzej Siewior <[email protected]>
  Sergiu Moga <[email protected]>
  Shengjiu Wang <[email protected]>
  Stefan Binding <[email protected]>
  Stephen Boyd <[email protected]>
  Stephen Boyd <[email protected]>
  Stephen Boyd <[email protected]> # coachz, wormdingler
  Steve French <[email protected]>
  Sungup Moon <[email protected]>
  Takashi Iwai <[email protected]>
  Tobias Klauser <[email protected]>
  Tom Rix <[email protected]>
  Tony Krowiak <[email protected]>
  Tony Lindgren <[email protected]>
  Valentin Vidic <[email protected]>
  Vasant Karasulli <[email protected]>
  Vasily Gorbik <[email protected]>
  Victor Erminpour <[email protected]>
  Vincent Whitchurch <[email protected]>
  Viresh Kumar <[email protected]>
  Vitaly Rodionov <[email protected]>
  Vlastimil Babka <[email protected]>
  Wu Caize <[email protected]>
  Xiaomeng Tong <[email protected]>
  Xin Hao <[email protected]>
  Yinan Zhang <[email protected]>
  Yu Liao <[email protected]>
  Yuezhang Mo <[email protected]>
  Yunus Bas <[email protected]>
  Zhang Wensheng <[email protected]>
  Zheng Bin <[email protected]>
  Zheng Yongjun <[email protected]>
  Zhengqiao Xia <[email protected]>

jobs:
 build-amd64-xsm                                              pass    
 build-arm64-xsm                                              pass    
 build-i386-xsm                                               pass    
 build-amd64                                                  pass    
 build-arm64                                                  pass    
 build-armhf                                                  pass    
 build-i386                                                   pass    
 build-amd64-libvirt                                          pass    
 build-arm64-libvirt                                          pass    
 build-armhf-libvirt                                          pass    
 build-i386-libvirt                                           pass    
 build-amd64-pvops                                            pass    
 build-arm64-pvops                                            pass    
 build-armhf-pvops                                            pass    
 build-i386-pvops                                             pass    
 test-amd64-amd64-xl                                          pass    
 test-amd64-coresched-amd64-xl                                pass    
 test-arm64-arm64-xl                                          pass    
 test-armhf-armhf-xl                                          pass    
 test-amd64-amd64-libvirt-qemuu-debianhvm-amd64-xsm           pass    
 test-amd64-amd64-xl-qemut-stubdom-debianhvm-amd64-xsm        pass    
 test-amd64-amd64-xl-qemut-debianhvm-i386-xsm                 pass    
 test-amd64-amd64-xl-qemuu-debianhvm-i386-xsm                 pass    
 test-amd64-amd64-libvirt-xsm                                 pass    
 test-arm64-arm64-libvirt-xsm                                 pass    
 test-amd64-amd64-xl-xsm                                      pass    
 test-arm64-arm64-xl-xsm                                      pass    
 test-amd64-amd64-qemuu-nested-amd                            fail    
 test-amd64-amd64-xl-pvhv2-amd                                pass    
 test-amd64-amd64-dom0pvh-xl-amd                              pass    
 test-amd64-amd64-xl-qemut-debianhvm-amd64                    pass    
 test-amd64-amd64-xl-qemuu-debianhvm-amd64                    pass    
 test-amd64-amd64-freebsd11-amd64                             pass    
 test-amd64-amd64-freebsd12-amd64                             pass    
 test-amd64-amd64-xl-qemuu-ovmf-amd64                         pass    
 test-amd64-amd64-xl-qemut-win7-amd64                         fail    
 test-amd64-amd64-xl-qemuu-win7-amd64                         fail    
 test-amd64-amd64-xl-qemut-ws16-amd64                         fail    
 test-amd64-amd64-xl-qemuu-ws16-amd64                         fail    
 test-armhf-armhf-xl-arndale                                  pass    
 test-amd64-amd64-examine-bios                                pass    
 test-amd64-amd64-xl-credit1                                  pass    
 test-arm64-arm64-xl-credit1                                  pass    
 test-armhf-armhf-xl-credit1                                  pass    
 test-amd64-amd64-xl-credit2                                  pass    
 test-arm64-arm64-xl-credit2                                  pass    
 test-armhf-armhf-xl-credit2                                  pass    
 test-armhf-armhf-xl-cubietruck                               pass    
 test-amd64-amd64-xl-qemuu-dmrestrict-amd64-dmrestrict        pass    
 test-amd64-amd64-examine                                     pass    
 test-arm64-arm64-examine                                     pass    
 test-armhf-armhf-examine                                     pass    
 test-amd64-amd64-qemuu-nested-intel                          pass    
 test-amd64-amd64-xl-pvhv2-intel                              pass    
 test-amd64-amd64-dom0pvh-xl-intel                            pass    
 test-amd64-amd64-libvirt                                     pass    
 test-armhf-armhf-libvirt                                     fail    
 test-amd64-amd64-xl-multivcpu                                pass    
 test-armhf-armhf-xl-multivcpu                                pass    
 test-amd64-amd64-pair                                        fail    
 test-amd64-amd64-libvirt-pair                                fail    
 test-amd64-amd64-xl-pvshim                                   pass    
 test-amd64-amd64-pygrub                                      pass    
 test-amd64-amd64-libvirt-qcow2                               pass    
 test-armhf-armhf-libvirt-qcow2                               pass    
 test-amd64-amd64-libvirt-raw                                 pass    
 test-arm64-arm64-libvirt-raw                                 pass    
 test-armhf-armhf-libvirt-raw                                 pass    
 test-amd64-amd64-xl-rtds                                     pass    
 test-armhf-armhf-xl-rtds                                     pass    
 test-arm64-arm64-xl-seattle                                  pass    
 test-amd64-amd64-xl-qemuu-debianhvm-amd64-shadow             pass    
 test-amd64-amd64-xl-shadow                                   pass    
 test-arm64-arm64-xl-thunderx                                 pass    
 test-amd64-amd64-examine-uefi                                pass    
 test-amd64-amd64-xl-vhd                                      pass    
 test-arm64-arm64-xl-vhd                                      pass    
 test-armhf-armhf-xl-vhd                                      pass    


------------------------------------------------------------
sg-report-flight on osstest.test-lab.xenproject.org
logs: /home/logs/logs
images: /home/logs/images

Logs, config files, etc. are available at
    http://logs.test-lab.xenproject.org/osstest/logs

Explanation of these reports, and of osstest in general, is at
    http://xenbits.xen.org/gitweb/?p=osstest.git;a=blob;f=README.email;hb=master
    http://xenbits.xen.org/gitweb/?p=osstest.git;a=blob;f=README;hb=master

Test harness code can be found at
    http://xenbits.xen.org/gitweb?p=osstest.git;a=summary


Not pushing.

(No revision log; it would be 6148 lines long.)

Reply via email to