flight 122094 linux-3.18 real [real]
http://logs.test-lab.xenproject.org/osstest/logs/122094/

Regressions :-(

Tests which did not succeed and are blocking,
including tests which could not be run:
 test-amd64-amd64-xl-qemut-debianhvm-amd64 16 guest-localmigrate/x10 fail REGR. 
vs. 121320
 build-armhf-pvops             6 kernel-build             fail REGR. vs. 121320

Tests which did not succeed, but are not blocking:
 test-armhf-armhf-examine      1 build-check(1)               blocked  n/a
 test-arm64-arm64-libvirt-xsm  1 build-check(1)               blocked  n/a
 test-arm64-arm64-xl           1 build-check(1)               blocked  n/a
 test-armhf-armhf-libvirt-xsm  1 build-check(1)               blocked  n/a
 test-armhf-armhf-libvirt      1 build-check(1)               blocked  n/a
 test-armhf-armhf-xl-cubietruck  1 build-check(1)               blocked  n/a
 test-armhf-armhf-xl-xsm       1 build-check(1)               blocked  n/a
 test-armhf-armhf-xl-credit2   1 build-check(1)               blocked  n/a
 test-arm64-arm64-xl-xsm       1 build-check(1)               blocked  n/a
 test-armhf-armhf-xl-multivcpu  1 build-check(1)               blocked  n/a
 test-armhf-armhf-xl-rtds      1 build-check(1)               blocked  n/a
 test-armhf-armhf-xl-arndale   1 build-check(1)               blocked  n/a
 test-armhf-armhf-xl           1 build-check(1)               blocked  n/a
 test-arm64-arm64-examine      1 build-check(1)               blocked  n/a
 test-arm64-arm64-xl-credit2   1 build-check(1)               blocked  n/a
 test-armhf-armhf-libvirt-raw  1 build-check(1)               blocked  n/a
 test-armhf-armhf-xl-vhd       1 build-check(1)               blocked  n/a
 test-amd64-i386-xl-qemuu-win7-amd64 17 guest-stop             fail like 121320
 test-amd64-amd64-xl-qemut-win7-amd64 17 guest-stop            fail like 121320
 test-amd64-amd64-xl-qemuu-win7-amd64 17 guest-stop            fail like 121320
 test-amd64-i386-xl-qemut-win7-amd64 17 guest-stop             fail like 121320
 test-amd64-amd64-xl-pvhv2-intel 12 guest-start                 fail never pass
 test-amd64-amd64-xl-pvhv2-amd 12 guest-start                  fail  never pass
 test-amd64-amd64-libvirt-xsm 13 migrate-support-check        fail   never pass
 test-amd64-amd64-libvirt     13 migrate-support-check        fail   never pass
 test-amd64-i386-libvirt      13 migrate-support-check        fail   never pass
 test-amd64-i386-xl-pvshim    12 guest-start                  fail   never pass
 test-amd64-i386-libvirt-xsm  13 migrate-support-check        fail   never pass
 test-amd64-amd64-libvirt-qemuu-debianhvm-amd64-xsm 11 migrate-support-check 
fail never pass
 build-arm64-pvops             6 kernel-build                 fail   never pass
 test-amd64-i386-libvirt-qemuu-debianhvm-amd64-xsm 11 migrate-support-check 
fail never pass
 test-amd64-amd64-libvirt-vhd 12 migrate-support-check        fail   never pass
 test-amd64-amd64-qemuu-nested-amd 17 debian-hvm-install/l1/l2  fail never pass
 test-amd64-i386-xl-qemut-ws16-amd64 17 guest-stop              fail never pass
 test-amd64-amd64-xl-qemuu-ws16-amd64 17 guest-stop             fail never pass
 test-amd64-i386-xl-qemuu-ws16-amd64 17 guest-stop              fail never pass
 test-amd64-amd64-xl-qemut-ws16-amd64 17 guest-stop             fail never pass
 test-amd64-i386-xl-qemuu-win10-i386 10 windows-install         fail never pass
 test-amd64-i386-xl-qemut-win10-i386 10 windows-install         fail never pass
 test-amd64-amd64-xl-qemut-win10-i386 10 windows-install        fail never pass
 test-amd64-amd64-xl-qemuu-win10-i386 10 windows-install        fail never pass

version targeted for testing:
 linux                3f2968010fda1eb82de1ff79c7384e3329f96673
baseline version:
 linux                9764536dc592144beee43c987fef45d2e91ca55c

Last test of basis   121320  2018-03-28 02:34:55 Z   11 days
Testing same since   122094  2018-04-08 10:18:48 Z    0 days    1 attempts

------------------------------------------------------------
People who touched revisions under test:
  Alexander Gerasiov <g...@redlab-i.ru>
  Alexey Kodanev <alexey.koda...@oracle.com>
  Andrew Morton <a...@linux-foundation.org>
  Andri Yngvason <andri.yngva...@marel.com>
  Andy Lutomirski <l...@kernel.org>
  Arend van Spriel <arend.vanspr...@broadcom.com>
  Arkadi Sharshevsky <arka...@mellanox.com>
  Arvind Yadav <arvind.yadav...@gmail.com>
  Ben Hutchings <ben.hutchi...@codethink.co.uk>
  Boris Brezillon <boris.brezil...@bootlin.com>
  Christophe JAILLET <christophe.jail...@wanadoo.fr>
  Clemens Werther <clemens.wert...@gmail.com>
  Colin Ian King <colin.k...@canonical.com>
  Dan Carpenter <dan.carpen...@oracle.com>
  Daniel Mentz <danielme...@google.com>
  Daniel Vetter <daniel.vet...@ffwll.ch>
  David Ahern <dsah...@gmail.com>
  David Lechner <da...@lechnology.com>
  David S. Miller <da...@davemloft.net>
  Dennis Wassenberg <dennis.wassenb...@secunet.com>
  Dmitry Torokhov <dmitry.torok...@gmail.com>
  Doug Gilbert <dgilb...@interlog.com>
  Eric Biggers <ebigg...@google.com>
  Eric Dumazet <eduma...@google.com>
  Felipe Balbi <ba...@ti.com>
  Felipe Balbi <felipe.ba...@linux.intel.com>
  Felipe F. Tonello <e...@felipetonello.com>
  Florian Fainelli <f.faine...@gmail.com>
  Florian Westphal <f...@strlen.de>
  Greg Hackmann <ghackm...@google.com>
  Greg Kroah-Hartman <gre...@linuxfoundation.org>
  Guillaume Nault <g.na...@alphalink.fr>
  Guoqing Jiang <gqji...@suse.com>
  Hans de Goede <hdego...@redhat.com>
  Hans Verkuil <hans.verk...@cisco.com>
  Hans Verkuil <hansv...@cisco.com>
  Herbert Xu <herb...@gondor.apana.org.au>
  Ingo Molnar <mi...@kernel.org>
  James Chapman <jchap...@katalix.com>
  Jens Axboe <ax...@kernel.dk>
  Jiri Pirko <j...@mellanox.com>
  Johan Hovold <jo...@kernel.org>
  Johannes Thumshirn <jthumsh...@suse.de>
  Johannes Weiner <han...@cmpxchg.org>
  Ju Hyung Park <qkrwngud...@gmail.com>
  Julian Wiedmann <j...@linux.vnet.ibm.com>
  Kai-Heng Feng <kai.heng.f...@canonical.com>
  Kalle Valo <kv...@codeaurora.org>
  Keerthy <j-keer...@ti.com>
  Kirill Marinushkin <k.marinush...@gmail.com>
  Krzysztof Opasiak <k.opas...@samsung.com>
  Krzysztof Opasiak <kopasia...@gmail.com>
  Linus Torvalds <torva...@linux-foundation.org>
  Linus Walleij <linus.wall...@linaro.org>
  Lorenzo Bianconi <lorenzo.bianc...@redhat.com>
  Major Hayden <ma...@mhtx.net>
  Marc Kleine-Budde <m...@pengutronix.de>
  Marcel Holtmann <mar...@holtmann.org>
  Martin K. Petersen <martin.peter...@oracle.com>
  Masami Hiramatsu <mhira...@kernel.org>
  Mauro Carvalho Chehab <mche...@osg.samsung.com>
  Mauro Carvalho Chehab <mche...@s-opensource.com>
  Mike Frysinger <vap...@chromium.org>
  Namhyung Kim <namhy...@kernel.org>
  Nicolas Dichtel <nicolas.dich...@6wind.com>
  Oliver Neukum <oneu...@suse.com>
  Ondrej Zary <li...@rainbow-software.org>
  Pablo Neira Ayuso <pa...@netfilter.org>
  Paolo Bonzini <pbonz...@redhat.com>
  Park Ju Hyung <qkrwngud...@gmail.com>
  Ricardo Ribalda <ricardo.riba...@gmail.com>
  Ricardo Ribalda Delgado <ricardo.riba...@gmail.com>
  Richard Narron <comet.berke...@gmail.com>
  Richard Weinberger <rich...@nod.at>
  Rob Herring <r...@kernel.org>
  Sakari Ailus <sakari.ai...@linux.intel.com>
  Sasha Levin <alexander.le...@microsoft.com>
  Shaohua Li <s...@fb.com>
  Stefan Roese <s...@denx.de>
  Steffen Klassert <steffen.klass...@secunet.com>
  Steven Rostedt (VMware) <rost...@goodmis.org>
  Szymon Janc <szymon.j...@codecoup.pl>
  Takashi Iwai <ti...@suse.de>
  Tejun Heo <t...@kernel.org>
  Thomas Gleixner <t...@linutronix.de>
  Tony Lindgren <t...@atomide.com>
  Ursula Braun <ursula.br...@de.ibm.com>
  Vinicius Costa Gomes <vinicius.go...@intel.com>

jobs:
 build-amd64-xsm                                              pass    
 build-arm64-xsm                                              pass    
 build-armhf-xsm                                              pass    
 build-i386-xsm                                               pass    
 build-amd64                                                  pass    
 build-arm64                                                  pass    
 build-armhf                                                  pass    
 build-i386                                                   pass    
 build-amd64-libvirt                                          pass    
 build-arm64-libvirt                                          pass    
 build-armhf-libvirt                                          pass    
 build-i386-libvirt                                           pass    
 build-amd64-pvops                                            pass    
 build-arm64-pvops                                            fail    
 build-armhf-pvops                                            fail    
 build-i386-pvops                                             pass    
 build-amd64-rumprun                                          pass    
 build-i386-rumprun                                           pass    
 test-amd64-amd64-xl                                          pass    
 test-arm64-arm64-xl                                          blocked 
 test-armhf-armhf-xl                                          blocked 
 test-amd64-i386-xl                                           pass    
 test-amd64-amd64-xl-qemut-debianhvm-amd64-xsm                pass    
 test-amd64-i386-xl-qemut-debianhvm-amd64-xsm                 pass    
 test-amd64-amd64-libvirt-qemuu-debianhvm-amd64-xsm           pass    
 test-amd64-i386-libvirt-qemuu-debianhvm-amd64-xsm            pass    
 test-amd64-amd64-xl-qemuu-debianhvm-amd64-xsm                pass    
 test-amd64-i386-xl-qemuu-debianhvm-amd64-xsm                 pass    
 test-amd64-amd64-xl-qemut-stubdom-debianhvm-amd64-xsm        pass    
 test-amd64-i386-xl-qemut-stubdom-debianhvm-amd64-xsm         pass    
 test-amd64-amd64-libvirt-xsm                                 pass    
 test-arm64-arm64-libvirt-xsm                                 blocked 
 test-armhf-armhf-libvirt-xsm                                 blocked 
 test-amd64-i386-libvirt-xsm                                  pass    
 test-amd64-amd64-xl-xsm                                      pass    
 test-arm64-arm64-xl-xsm                                      blocked 
 test-armhf-armhf-xl-xsm                                      blocked 
 test-amd64-i386-xl-xsm                                       pass    
 test-amd64-amd64-qemuu-nested-amd                            fail    
 test-amd64-amd64-xl-pvhv2-amd                                fail    
 test-amd64-i386-qemut-rhel6hvm-amd                           pass    
 test-amd64-i386-qemuu-rhel6hvm-amd                           pass    
 test-amd64-amd64-xl-qemut-debianhvm-amd64                    fail    
 test-amd64-i386-xl-qemut-debianhvm-amd64                     pass    
 test-amd64-amd64-xl-qemuu-debianhvm-amd64                    pass    
 test-amd64-i386-xl-qemuu-debianhvm-amd64                     pass    
 test-amd64-i386-freebsd10-amd64                              pass    
 test-amd64-amd64-xl-qemuu-ovmf-amd64                         pass    
 test-amd64-i386-xl-qemuu-ovmf-amd64                          pass    
 test-amd64-amd64-rumprun-amd64                               pass    
 test-amd64-amd64-xl-qemut-win7-amd64                         fail    
 test-amd64-i386-xl-qemut-win7-amd64                          fail    
 test-amd64-amd64-xl-qemuu-win7-amd64                         fail    
 test-amd64-i386-xl-qemuu-win7-amd64                          fail    
 test-amd64-amd64-xl-qemut-ws16-amd64                         fail    
 test-amd64-i386-xl-qemut-ws16-amd64                          fail    
 test-amd64-amd64-xl-qemuu-ws16-amd64                         fail    
 test-amd64-i386-xl-qemuu-ws16-amd64                          fail    
 test-armhf-armhf-xl-arndale                                  blocked 
 test-amd64-amd64-xl-credit2                                  pass    
 test-arm64-arm64-xl-credit2                                  blocked 
 test-armhf-armhf-xl-credit2                                  blocked 
 test-armhf-armhf-xl-cubietruck                               blocked 
 test-amd64-amd64-examine                                     pass    
 test-arm64-arm64-examine                                     blocked 
 test-armhf-armhf-examine                                     blocked 
 test-amd64-i386-examine                                      pass    
 test-amd64-i386-freebsd10-i386                               pass    
 test-amd64-i386-rumprun-i386                                 pass    
 test-amd64-amd64-xl-qemut-win10-i386                         fail    
 test-amd64-i386-xl-qemut-win10-i386                          fail    
 test-amd64-amd64-xl-qemuu-win10-i386                         fail    
 test-amd64-i386-xl-qemuu-win10-i386                          fail    
 test-amd64-amd64-qemuu-nested-intel                          pass    
 test-amd64-amd64-xl-pvhv2-intel                              fail    
 test-amd64-i386-qemut-rhel6hvm-intel                         pass    
 test-amd64-i386-qemuu-rhel6hvm-intel                         pass    
 test-amd64-amd64-libvirt                                     pass    
 test-armhf-armhf-libvirt                                     blocked 
 test-amd64-i386-libvirt                                      pass    
 test-amd64-amd64-xl-multivcpu                                pass    
 test-armhf-armhf-xl-multivcpu                                blocked 
 test-amd64-amd64-pair                                        pass    
 test-amd64-i386-pair                                         pass    
 test-amd64-amd64-libvirt-pair                                pass    
 test-amd64-i386-libvirt-pair                                 pass    
 test-amd64-amd64-amd64-pvgrub                                pass    
 test-amd64-amd64-i386-pvgrub                                 pass    
 test-amd64-amd64-xl-pvshim                                   pass    
 test-amd64-i386-xl-pvshim                                    fail    
 test-amd64-amd64-pygrub                                      pass    
 test-amd64-amd64-xl-qcow2                                    pass    
 test-armhf-armhf-libvirt-raw                                 blocked 
 test-amd64-i386-xl-raw                                       pass    
 test-amd64-amd64-xl-rtds                                     pass    
 test-armhf-armhf-xl-rtds                                     blocked 
 test-amd64-amd64-xl-qemuu-debianhvm-amd64-shadow             pass    
 test-amd64-i386-xl-qemuu-debianhvm-amd64-shadow              pass    
 test-amd64-amd64-xl-shadow                                   pass    
 test-amd64-i386-xl-shadow                                    pass    
 test-amd64-amd64-libvirt-vhd                                 pass    
 test-armhf-armhf-xl-vhd                                      blocked 


------------------------------------------------------------
sg-report-flight on osstest.test-lab.xenproject.org
logs: /home/logs/logs
images: /home/logs/images

Logs, config files, etc. are available at
    http://logs.test-lab.xenproject.org/osstest/logs

Explanation of these reports, and of osstest in general, is at
    http://xenbits.xen.org/gitweb/?p=osstest.git;a=blob;f=README.email;hb=master
    http://xenbits.xen.org/gitweb/?p=osstest.git;a=blob;f=README;hb=master

Test harness code can be found at
    http://xenbits.xen.org/gitweb?p=osstest.git;a=summary


Not pushing.

(No revision log; it would be 2410 lines long.)

_______________________________________________
Xen-devel mailing list
Xen-devel@lists.xenproject.org
https://lists.xenproject.org/mailman/listinfo/xen-devel

Reply via email to